000
CXUS55 KBOI 011750
CF6MUO
PRELIMINARY LOCAL CLIMATOLOGICAL DATA (WS FORM: F-6)
STATION: MOUNTAIN HOME AFB
MONTH: JANUARY
YEAR: 2024
LATITUDE: 43 2 N
LONGITUDE: 115 52 W
TEMPERATURE IN F: :PCPN: SNOW: WIND :SUNSHINE: SKY :PK WND
================================================================================
1 2 3 4 5 6A 6B 7 8 9 10 11 12 13 14 15 16 17 18
12Z AVG MX 2MIN
DY MAX MIN AVG DEP HDD CDD WTR SNW DPTH SPD SPD DIR MIN PSBL S-S WX SPD DR
================================================================================
1 43 23 33 4 32 0 0.00 M M 3.4 9 110 M M 1 2 M M
2 44 21 33 4 32 0 0.00 M M 5.0 17 100 M M 5 2 M M
3 38 31 35 6 30 0 0.06 M M 7.8 14 90 M M 6 M M
4 42 28 35 6 30 0 T M M 8.2 16 300 M M 6 1 M M
5 40 26 33 4 32 0 0.08 M M 11.5 26 300 M M 4 1 35 290
6 35 26 31 2 34 0 0.03 M M 12.1 27 300 M M 8 1 32 290
7 33 16 25 -3 40 0 0.00 M M 10.3 16 300 M M 1 M M
8 29 13 21 -8 44 0 T M M 7.1 12 80 M M 4 1 M M
9 44 29 37 8 28 0 0.03 M M 19.1 31 270 M M 8 61 260
10 37 21 29 -1 36 0 0.01 M M 11.6 22 280 M M 6 M M
11 36 18 27 -3 38 0 T M M 10.1 22 240 M M 8 37 240
12 38 18 28 -2 37 0 T M M 17.6 28 240 M M 8 37 260
13 18 13 16 -14 49 0 0.13 M M 14.3 25 120 M M 10 9 32 110
14 19 14 17 -13 48 0 0.01 M M 7.7 17 280 M M 10 168 M M
15 17 -6 6 -24 59 0 0.00 M M 8.0 18 250 M M 2 M M
16 13 -8 3 -28 62 0 0.03 M M 5.9 12 90 M M 2 M M
17 38 14 26 -5 39 0 0.11 M M 6.2 17 90 M M 9 1 M M
18 38 16 27 -4 38 0 T M M 5.2 12 100 M M 6 128 M M
19 39 34 37 6 28 0 T M M 8.2 17 100 M M 8 M M
20 40 35 38 7 27 0 T M M 14.0 17 100 M M 6 M M
21 41 35 38 7 27 0 0.04 M M 14.2 17 110 M M 6 M M
22 43 36 40 9 25 0 0.12 M M 11.9 20 90 M M 9 27 100
23 44 32 38 7 27 0 T M M 2.4 7 270 M M 10 1 M M
24 42 31 37 6 28 0 0.09 M M 13.7 23 100 M M 9 12 30 110
25 47 31 39 8 26 0 T M M 10.4 21 290 M M 5 1 22 280
26 46 27 37 5 28 0 0.00 M M 9.6 20 100 M M 1 M M
27 49 39 44 12 21 0 T M M 16.1 22 100 M M 8 M M
28 52 33 43 11 22 0 T M M 15.2 23 100 M M 4 M M
29 57 30 44 12 21 0 0.00 M M 10.1 18 110 M M 0 M M
30 59 35 47 15 18 0 0.00 M M 14.5 24 110 M M 1 33 100
31 62 38 50 18 15 0 0.00 M M 22.7 32 90 M M 2 41 90
================================================================================
SM 1223 749 1021 0 0.74 M 334.0 M 173
================================================================================
AV 39.5 24.2 10.8 FASTST M M 6 MAX(MPH)
MISC ----> 32 90 61 260
================================================================================
NOTES:
# LAST OF SEVERAL OCCURRENCES
COLUMN 17 PEAK WIND IN M.P.H.
PRELIMINARY LOCAL CLIMATOLOGICAL DATA (WS FORM: F-6) , PAGE 2
STATION: MOUNTAIN HOME AFB
MONTH: JANUARY
YEAR: 2024
LATITUDE: 43 2 N
LONGITUDE: 115 52 W
[TEMPERATURE DATA] [PRECIPITATION DATA] SYMBOLS USED IN COLUMN 16
AVERAGE MONTHLY: 31.8 TOTAL FOR MONTH: 0.74 1 = FOG OR MIST
DPTR FM NORMAL: 1.3 DPTR FM NORMAL: -0.40 2 = FOG REDUCING VISIBILITY
HIGHEST: 62 ON 31 GRTST 24HR 0.56 ON 13-14 TO 1/4 MILE OR LESS
LOWEST: -8 ON 16 3 = THUNDER
SNOW, ICE PELLETS, HAIL 4 = ICE PELLETS
TOTAL MONTH: M 5 = HAIL
GRTST 24HR M ON M 6 = FREEZING RAIN OR DRIZZLE
GRTST DEPTH: M ON M 7 = DUSTSTORM OR SANDSTORM:
VSBY 1/2 MILE OR LESS
8 = SMOKE OR HAZE
[NO. OF DAYS WITH] [WEATHER - DAYS WITH] 9 = BLOWING SNOW
X = TORNADO
MAX 32 OR BELOW: 5 0.01 INCH OR MORE: 12
MAX 90 OR ABOVE: 0 0.10 INCH OR MORE: 3
MIN 32 OR BELOW: 23 0.50 INCH OR MORE: 0
MIN 0 OR BELOW: 2 1.00 INCH OR MORE: 0
[HDD (BASE 65) ]
TOTAL THIS MO. 1021 CLEAR (SCALE 0-3) 8
DPTR FM NORMAL -49 PTCLDY (SCALE 4-7) 14
TOTAL FM JUL 1 3137 CLOUDY (SCALE 8-10) 9
DPTR FM NORMAL -357
[CDD (BASE 65) ]
TOTAL THIS MO. 0
DPTR FM NORMAL 0 [PRESSURE DATA]
TOTAL FM JAN 1 0 HIGHEST SLP M ON M
DPTR FM NORMAL 0 LOWEST SLP M ON M
[REMARKS]
#FINAL-01-24#