000
CXUS51 KBTV 010700
CF6MVL
PRELIMINARY LOCAL CLIMATOLOGICAL DATA (WS FORM: F-6)
STATION: MORRISVILLE VT
MONTH: JUNE
YEAR: 2023
LATITUDE: 44 31 N
LONGITUDE: 72 37 W
TEMPERATURE IN F: :PCPN: SNOW: WIND :SUNSHINE: SKY :PK WND
================================================================================
1 2 3 4 5 6A 6B 7 8 9 10 11 12 13 14 15 16 17 18
12Z AVG MX 2MIN
DY MAX MIN AVG DEP HDD CDD WTR SNW DPTH SPD SPD DIR MIN PSBL S-S WX SPD DR
================================================================================
1 93 46 70 12 0 5 0.00 M M 3.0 13 10 M M 0 17 360
2 90 54 72 14 0 7 0.00 M M 6.3 17 10 M M 1 3 23 10
3 65 41 53 -6 12 0 T M M 9.2 22 10 M M 8 29 30
4 60 37 49 -10 16 0 T M M 8.6 20 10 M M 8 1 24 20
5 72 41 57 -2 8 0 T M M 4.5 16 40 M M 6 1 20 40
6 70 41 56 -4 9 0 0.01 M M 7.0 21 360 M M 5 1 30 350
7 56 48 52 -8 13 0 0.08 M M 5.0 14 330 M M 10 1 21 320
8 61 48 55 -5 10 0 0.05 M M 2.8 15 10 M M 9 1 16 10
9 63 49 56 -4 9 0 0.02 M M 1.0 8 30 M M 10 1 M M
10 70 45 58 -3 7 0 0.02 M M 4.0 15 20 M M 6 12 21 40
11 79 44 62 1 3 0 0.00 M M 1.2 8 200 M M 6 12 11 190
12 83 57 70 9 0 5 0.02 M M 5.5 17 170 M M 3 1 26 150
13 69 60 65 3 0 0 0.69 M M 4.9 13 10 M M 10 1 17 360
14 76 56 66 4 0 1 0.35 M M 2.4 21 170 M M 7 123 26 160
15 77 56 67 5 0 2 0.04 M M 2.2 23 340 M M 7 13 32 310
16 76 54 65 3 0 0 0.23 M M 2.1 15 40 M M 6 13 19 20
17 63 57 60 -3 5 0 1.38 M M 2.4 12 10 M M 10 1 15 350
18 61 49 55 -8 10 0 T M M 6.9 17 350 M M 10 12 24 350
19 74 49 62 -1 3 0 0.00 M M 2.3 12 10 M M 6 12 15 360
20 78 48 63 0 2 0 0.00 M M 2.2 13 360 M M 4 12 16 10
21 79 49 64 0 1 0 0.00 M M 3.1 13 160 M M 2 15 170
22 83 49 66 2 0 1 0.00 M M 3.2 12 200 M M 0 1 13 140
23 85 47 66 2 0 1 0.00 M M 2.3 9 190 M M 1 11 200
24 76 64 70 6 0 5 0.38 M M 1.6 14 150 M M 9 1 19 150
25 81 64 73 8 0 8 0.00 M M 2.3 10 10 M M 4 128 12 10
26 82 66 74 9 0 9 1.01 M M 6.2 24 150 M M 8 1238 32 170
27 76 62 69 4 0 4 0.77 M M 4.0 17 130 M M 9 1 23 140
28 76 61 69 4 0 4 0.24 M M 4.4 17 360 M M 8 13 21 10
29 69 59 64 -2 1 0 0.08 M M 1.3 7 220 M M 10 12 9 210
30 84 59 72 6 0 7 0.00 M M 1.4 7 200 M M 5 12 10 160
================================================================================
SM 2227 1560 109 59 5.37 M 113.3 M 188
================================================================================
AV 74.2 52.0 3.8 FASTST M M 6 MAX(MPH)
MISC ----> 24 150 # 32 310
================================================================================
NOTES:
# LAST OF SEVERAL OCCURRENCES
COLUMN 17 PEAK WIND IN M.P.H.
PRELIMINARY LOCAL CLIMATOLOGICAL DATA (WS FORM: F-6) , PAGE 2
STATION: MORRISVILLE VT
MONTH: JUNE
YEAR: 2023
LATITUDE: 44 31 N
LONGITUDE: 72 37 W
[TEMPERATURE DATA] [PRECIPITATION DATA] SYMBOLS USED IN COLUMN 16
AVERAGE MONTHLY: 63.1 TOTAL FOR MONTH: 5.37 1 = FOG OR MIST
DPTR FM NORMAL: 1.0 DPTR FM NORMAL: 1.61 2 = FOG REDUCING VISIBILITY
HIGHEST: 93 ON 1 GRTST 24HR 1.55 ON 16-17 TO 1/4 MILE OR LESS
LOWEST: 37 ON 4 3 = THUNDER
SNOW, ICE PELLETS, HAIL 4 = ICE PELLETS
TOTAL MONTH: M 5 = HAIL
GRTST 24HR M ON M 6 = FREEZING RAIN OR DRIZZLE
GRTST DEPTH: M ON M 7 = DUSTSTORM OR SANDSTORM:
VSBY 1/2 MILE OR LESS
8 = SMOKE OR HAZE
[NO. OF DAYS WITH] [WEATHER - DAYS WITH] 9 = BLOWING SNOW
X = TORNADO
MAX 32 OR BELOW: 0 0.01 INCH OR MORE: 16
MAX 90 OR ABOVE: 2 0.10 INCH OR MORE: 8
MIN 32 OR BELOW: 0 0.50 INCH OR MORE: 4
MIN 0 OR BELOW: 0 1.00 INCH OR MORE: 2
[HDD (BASE 65) ]
TOTAL THIS MO. 109 CLEAR (SCALE 0-3) 5
DPTR FM NORMAL -22 PTCLDY (SCALE 4-7) 14
TOTAL FM JUL 1 7192 CLOUDY (SCALE 8-10) 11
DPTR FM NORMAL -1224
[CDD (BASE 65) ]
TOTAL THIS MO. 59
DPTR FM NORMAL 15 [PRESSURE DATA]
TOTAL FM JAN 1 62 HIGHEST SLP M ON M
DPTR FM NORMAL 9 LOWEST SLP 29.47 ON 15
[REMARKS]
#FINAL-06-23#