270
CXUS51 KBTV 010700
CF6MVL
PRELIMINARY LOCAL CLIMATOLOGICAL DATA (WS FORM: F-6)
STATION: MORRISVILLE VT
MONTH: JULY
YEAR: 2020
LATITUDE: 44 31 N
LONGITUDE: 72 37 W
TEMPERATURE IN F: :PCPN: SNOW: WIND :SUNSHINE: SKY :PK WND
================================================================================
1 2 3 4 5 6A 6B 7 8 9 10 11 12 13 14 15 16 17 18
12Z AVG MX 2MIN
DY MAX MIN AVG DEP HDD CDD WTR SNW DPTH SPD SPD DIR MIN PSBL S-S WX SPD DR
================================================================================
1 77 63 70 4 0 5 0.41 M M 2.7 10 120 M M 8 123 14 10
2 90 63 77 10 0 12 0.00 M M 3.1 15 340 M M 7 12 21 340
3 85 63 74 7 0 9 0.00 M M 3.5 14 10 M M 3 12 19 20
4 84 58 71 4 0 6 0.00 M M 3.1 15 360 M M 2 128 19 360
5 83 56 70 3 0 5 T M M 2.6 13 320 M M 5 8 18 320
6 85 52 69 2 0 4 0.00 M M 2.1 12 30 M M 2 12 14 30
7 86 50 68 0 0 3 0.00 M M 4.6 16 160 M M 2 13 22 170
8 88 62 75 7 0 10 0.26 M M 4.6 24 340 M M 3 123 37 360
9 92 64 78 10 0 13 0.00 M M 1.9 8 220 M M 4 12 10 220
10 90 63 77 9 0 12 0.00 M M 6.8 18 150 M M 3 12 25 160
11 87 71 79 11 0 14 0.20 M M 5.9 22 200 M M 8 13 33 200
12 82 63 73 5 0 8 0.86 M M 3.5 16 320 M M 7 1 24 200
13 80 61 71 3 0 6 0.06 M M 3.9 16 360 M M 6 123 20 360
14 72 61 67 -1 0 2 0.77 M M 1.2 12 140 M M 8 13 14 150
15 81 58 70 2 0 5 0.00 M M 2.9 9 20 M M 5 12 12 10
16 77 60 69 1 0 4 0.00 M M 9.3 23 170 M M 9 27 170
17 80 61 71 3 0 6 0.65 M M 6.7 18 180 M M 8 13 27 200
18 87 62 75 7 0 10 0.00 M M 2.7 13 210 M M 5 12 17 200
19 91 62 77 9 0 12 0.15 M M 4.6 15 200 M M 0 1 23 190
20 87 69 78 10 0 13 0.06 M M 3.8 14 220 M M 6 1 20 250
21 79 57 68 0 0 3 0.00 M M 4.4 14 360 M M 4 18 20
22 77 56 67 -1 0 2 0.00 M M 1.8 9 170 M M 5 11 190
23 81 61 71 3 0 6 0.64 M M 4.1 14 340 M M 5 1 19 350
24 84 58 71 3 0 6 0.00 M M 1.8 9 350 M M 3 12 13 10
25 84 54 69 1 0 4 0.00 M M 1.9 9 180 M M 3 12 13 250
26 86 60 73 5 0 8 T M M 5.3 14 230 M M 3 21 230
27 90 72 81 13 0 16 0.52 M M 4.9 14 210 M M 7 1 20 210
28 86 60 73 5 0 8 T M M 4.2 20 210 M M 3 1 27 200
29 84 57 71 3 0 6 0.01 M M 3.7 15 220 M M 4 1 21 220
30 83 59 71 4 0 6 T M M 2.6 14 340 M M 7 12 19 330
31 82 57 70 3 0 5 0.00 M M 3.2 12 360 M M 3 12 15 40
================================================================================
SM 2600 1873 0 229 4.59 M 117.4 M 148
================================================================================
AV 83.9 60.4 3.8 FASTST M M 5 MAX(MPH)
MISC ----> 24 340 37 360
================================================================================
NOTES:
# LAST OF SEVERAL OCCURRENCES
COLUMN 17 PEAK WIND IN M.P.H.
PRELIMINARY LOCAL CLIMATOLOGICAL DATA (WS FORM: F-6) , PAGE 2
STATION: MORRISVILLE VT
MONTH: JULY
YEAR: 2020
LATITUDE: 44 31 N
LONGITUDE: 72 37 W
[TEMPERATURE DATA] [PRECIPITATION DATA] SYMBOLS USED IN COLUMN 16
AVERAGE MONTHLY: 72.1 TOTAL FOR MONTH: 4.59 1 = FOG OR MIST
DPTR FM NORMAL: 4.4 DPTR FM NORMAL: 0.46 2 = FOG REDUCING VISIBILITY
HIGHEST: 92 ON 9 GRTST 24HR 0.94 ON 11-12 TO 1/4 MILE OR LESS
LOWEST: 50 ON 7 3 = THUNDER
SNOW, ICE PELLETS, HAIL 4 = ICE PELLETS
TOTAL MONTH: M 5 = HAIL
GRTST 24HR M ON M 6 = FREEZING RAIN OR DRIZZLE
GRTST DEPTH: M ON M 7 = DUSTSTORM OR SANDSTORM:
VSBY 1/2 MILE OR LESS
8 = SMOKE OR HAZE
[NO. OF DAYS WITH] [WEATHER - DAYS WITH] 9 = BLOWING SNOW
X = TORNADO
MAX 32 OR BELOW: 0 0.01 INCH OR MORE: 12
MAX 90 OR ABOVE: 5 0.10 INCH OR MORE: 9
MIN 32 OR BELOW: 0 0.50 INCH OR MORE: 5
MIN 0 OR BELOW: 0 1.00 INCH OR MORE: 0
[HDD (BASE 65) ]
TOTAL THIS MO. 0 CLEAR (SCALE 0-3) 9
DPTR FM NORMAL -30 PTCLDY (SCALE 4-7) 21
TOTAL FM JUL 1 0 CLOUDY (SCALE 8-10) 1
DPTR FM NORMAL -32
[CDD (BASE 65) ]
TOTAL THIS MO. 229
DPTR FM NORMAL 117 [PRESSURE DATA]
TOTAL FM JAN 1 350 HIGHEST SLP M ON M
DPTR FM NORMAL 182 LOWEST SLP 29.47 ON 12
[REMARKS]
#FINAL-07-20#