000
CXUS56 KOTX 011010
CF6MWH
PRELIMINARY LOCAL CLIMATOLOGICAL DATA (WS FORM: F-6)
STATION: MOSES LAKE WA AIRPORT
MONTH: DECEMBER
YEAR: 2023
LATITUDE: 47 12 N
LONGITUDE: 119 19 W
TEMPERATURE IN F: :PCPN: SNOW: WIND :SUNSHINE: SKY :PK WND
================================================================================
1 2 3 4 5 6A 6B 7 8 9 10 11 12 13 14 15 16 17 18
12Z AVG MX 2MIN
DY MAX MIN AVG DEP HDD CDD WTR SNW DPTH SPD SPD DIR MIN PSBL S-S WX SPD DR
================================================================================
1 31 18 25 -7 40 0 0.15 M M 5.2 13 140 M M 9 12 16 150
2 42 19 31 -1 34 0 0.05 M M 7.6 20 250 M M 4 126 24 240
3 37 31 34 2 31 0 0.16 M M 4.5 12 340 M M 7 12 13 340
4 38 32 35 3 30 0 0.13 M M 4.9 10 340 M M 8 12 12 330
5 43 35 39 8 26 0 0.26 M M 1.4 9 340 M M 9 12 10 340
6 44 39 42 11 23 0 0.27 M M 3.6 12 250 M M 10 12 13 250
7 48 37 43 12 22 0 0.05 M M 11.1 21 250 M M 4 25 250
8 48 25 37 6 28 0 0.00 M M 4.5 15 260 M M 0 18 250
9 35 24 30 -1 35 0 0.08 M M 4.2 10 140 M M 5 1 12 140
10 36 33 35 5 30 0 0.05 M M 1.9 6 40 M M 9 12 7 320
11 42 35 39 9 26 0 0.00 M M 7.0 14 350 M M 10 1 16 340
12 42 36 39 9 26 0 T M M 6.5 14 10 M M 10 19 50
13 41 33 37 7 28 0 0.01 M M 5.2 10 70 M M 9 14 90
14 42 31 37 7 28 0 T M M 3.2 8 360 M M 5 9 360
15 47 29 38 8 27 0 0.00 M M 6.4 9 10 M M 5 12 11 360
16 36 30 33 4 32 0 0.00 M M 3.4 7 110 M M 10 12 8 140
17 38 31 35 6 30 0 0.00 M M 2.6 9 10 M M 9 1 11 10
18 34 31 33 4 32 0 0.15 M M 3.7 9 20 M M 9 12 11 80
19 44 34 39 10 26 0 0.15 M M 5.2 13 360 M M 10 1 14 360
20 41 37 39 10 26 0 0.00 M M 2.4 8 300 M M 10 1 10 170
21 40 37 39 10 26 0 0.00 M M 2.8 8 180 M M 10 1 9 180
22 38 32 35 6 30 0 0.01 M M 6.1 21 250 M M 7 1 24 250
23 43 24 34 5 31 0 0.00 M M 3.5 12 300 M M 0 14 240
24 34 24 29 0 36 0 0.00 M M 7.5 13 30 M M 4 1 15 30
25 38 28 33 4 32 0 0.01 M M 5.9 13 20 M M 10 1 14 20
26 36 33 35 6 30 0 0.05 M M 4.0 14 350 M M 9 12 17 360
27 45 34 40 11 25 0 0.08 M M 6.2 17 30 M M 5 1 20 20
28 42 28 35 6 30 0 0.00 M M 5.4 14 350 M M 3 12 17 340
29 50 35 43 14 22 0 0.00 M M 8.7 15 50 M M 4 17 50
30 38 29 34 5 31 0 T M M 3.0 8 350 M M 6 1 9 350
31 39 34 37 8 28 0 0.00 M M 2.1 7 340 M M 10 12 9 350
================================================================================
SM 1252 958 901 0 1.66 M 149.7 M 220
================================================================================
AV 40.4 30.9 4.8 FASTST M M 7 MAX(MPH)
MISC ----> # 21 250 25 250
================================================================================
NOTES:
# LAST OF SEVERAL OCCURRENCES
COLUMN 17 PEAK WIND IN M.P.H.
PRELIMINARY LOCAL CLIMATOLOGICAL DATA (WS FORM: F-6) , PAGE 2
STATION: MOSES LAKE WA AIRPORT
MONTH: DECEMBER
YEAR: 2023
LATITUDE: 47 12 N
LONGITUDE: 119 19 W
[TEMPERATURE DATA] [PRECIPITATION DATA] SYMBOLS USED IN COLUMN 16
AVERAGE MONTHLY: 35.6 TOTAL FOR MONTH: 1.66 1 = FOG OR MIST
DPTR FM NORMAL: 5.7 DPTR FM NORMAL: 0.55 2 = FOG REDUCING VISIBILITY
HIGHEST: 50 ON 29 GRTST 24HR 0.35 ON 5- 6 TO 1/4 MILE OR LESS
LOWEST: 18 ON 1 3 = THUNDER
SNOW, ICE PELLETS, HAIL 4 = ICE PELLETS
TOTAL MONTH: M 5 = HAIL
GRTST 24HR M ON M 6 = FREEZING RAIN OR DRIZZLE
GRTST DEPTH: M ON M 7 = DUSTSTORM OR SANDSTORM:
VSBY 1/2 MILE OR LESS
8 = SMOKE OR HAZE
[NO. OF DAYS WITH] [WEATHER - DAYS WITH] 9 = BLOWING SNOW
X = TORNADO
MAX 32 OR BELOW: 1 0.01 INCH OR MORE: 16
MAX 90 OR ABOVE: 0 0.10 INCH OR MORE: 7
MIN 32 OR BELOW: 17 0.50 INCH OR MORE: 0
MIN 0 OR BELOW: 0 1.00 INCH OR MORE: 0
[HDD (BASE 65) ]
TOTAL THIS MO. 901 CLEAR (SCALE 0-3) 2
DPTR FM NORMAL -189 PTCLDY (SCALE 4-7) 13
TOTAL FM JUL 1 2235 CLOUDY (SCALE 8-10) 16
DPTR FM NORMAL -278
[CDD (BASE 65) ]
TOTAL THIS MO. 0
DPTR FM NORMAL 0 [PRESSURE DATA]
TOTAL FM JAN 1 883 HIGHEST SLP M ON M
DPTR FM NORMAL 206 LOWEST SLP 29.54 ON 2
[REMARKS]
#FINAL-12-23#