000
CXUS54 KFWD 070343
CF6MWL
PRELIMINARY LOCAL CLIMATOLOGICAL DATA (WS FORM: F-6)
STATION: MINERAL WELLS
MONTH: NOVEMBER
YEAR: 2020
LATITUDE: 32 46 N
LONGITUDE: 98 4 W
TEMPERATURE IN F: :PCPN: SNOW: WIND :SUNSHINE: SKY :PK WND
================================================================================
1 2 3 4 5 6A 6B 7 8 9 10 11 12 13 14 15 16 17 18
12Z AVG MX 2MIN
DY MAX MIN AVG DEP HDD CDD WTR SNW DPTH SPD SPD DIR MIN PSBL S-S WX SPD DR
================================================================================
1 73 43 58 -3 7 0 0.00 M M 6.3 17 50 M M 0 8 22 60
2 72 36 54 -6 11 0 0.00 M M 4.3 12 150 M M 0 1 16 150
3 79 42 61 1 4 0 0.00 M M 7.2 17 160 M M 0 23 200
4 78 47 63 3 2 0 0.00 M M 12.6 20 170 M M 0 29 190
5 80 54 67 8 0 2 0.00 M M 9.5 16 210 M M 0 22 200
6 78 55 67 8 0 2 0.00 M M 10.3 18 120 M M 1 23 130
7 76 53 65 7 0 0 0.00 M M 8.2 17 120 M M 2 23 130
8 78 51 65 7 0 0 0.00 M M 11.1 21 160 M M 1 28 180
9 76 60 68 10 0 3 0.00 M M 11.5 21 170 M M 4 1 29 160
10 71 44 58 1 7 0 T M M 7.6 17 350 M M 3 8 22 350
11 74 38 56 -1 9 0 0.00 M M 4.0 12 150 M M 0 8 16 150
12 83 50 67 11 0 2 0.00 M M 8.8 17 190 M M 2 23 190
13 72 52 62 6 3 0 0.00 M M 4.7 15 10 M M 3 21 10
14 82 58 70 14 0 5 0.00 M M 12.0 31 310 M M 7 1 46 300
15 66 36 51 -4 14 0 0.00 M M 5.6 30 350 M M 1 8 43 350
16 72 31 52 -3 13 0 0.00 M M 3.4 14 140 M M 0 18 19 140
17 73 35 54 0 11 0 0.00 M M 5.8 16 150 M M 0 22 130
18 76 39 58 4 7 0 0.00 M M 11.0 21 160 M M 0 30 180
19 78 53 66 12 0 1 0.00 M M 11.7 23 180 M M 1 31 180
20 78 56 67 14 0 2 0.00 M M 9.9 16 170 M M 2 20 170
21 77 56 67 14 0 2 0.00 M M 7.7 12 170 M M 5 1 15 170
22 60 44 52 0 13 0 0.00 M M 7.0 17 360 M M 7 1 23 360
23 59 39 49 -3 16 0 0.00 M M 9.3 21 130 M M 7 26 130
24 81 53 67 15 0 2 0.26 M M 13.1 33 280 M M 8 13 64 270
25 64 41 53 2 12 0 0.00 M M 8.7 30 310 M M 0 42 310
26 79 39 59 8 6 0 0.00 M M 9.6 14 180 M M 0 20 150
27 64 49 57 7 8 0 T M M 8.1 17 20 M M 2 27 30
28 52 43 48 -2 17 0 0.94 M M 8.4 15 50 M M 9 13 20 290
29 52 41 47 -3 18 0 T M M 12.4 28 360 M M 8 1 40 360
30 51 26 39 -10 26 0 0.00 M M 9.8 23 340 M M 0 30 340
================================================================================
SM 2154 1364 204 21 1.20 M 259.6 M 73
================================================================================
AV 71.8 45.5 8.7 FASTST M M 2 MAX(MPH)
MISC ----> 33 280 64 270
================================================================================
NOTES:
# LAST OF SEVERAL OCCURRENCES
COLUMN 17 PEAK WIND IN M.P.H.
PRELIMINARY LOCAL CLIMATOLOGICAL DATA (WS FORM: F-6) , PAGE 2
STATION: MINERAL WELLS
MONTH: NOVEMBER
YEAR: 2020
LATITUDE: 32 46 N
LONGITUDE: 98 4 W
[TEMPERATURE DATA] [PRECIPITATION DATA] SYMBOLS USED IN COLUMN 16
AVERAGE MONTHLY: 58.6 TOTAL FOR MONTH: 1.20 1 = FOG OR MIST
DPTR FM NORMAL: 3.6 DPTR FM NORMAL: -0.96 2 = FOG REDUCING VISIBILITY
HIGHEST: 83 ON 12 GRTST 24HR 0.94 ON 28-28 TO 1/4 MILE OR LESS
LOWEST: 26 ON 30 3 = THUNDER
SNOW, ICE PELLETS, HAIL 4 = ICE PELLETS
TOTAL MONTH: M 5 = HAIL
GRTST 24HR M ON M 6 = FREEZING RAIN OR DRIZZLE
GRTST DEPTH: M ON M 7 = DUSTSTORM OR SANDSTORM:
VSBY 1/2 MILE OR LESS
8 = SMOKE OR HAZE
[NO. OF DAYS WITH] [WEATHER - DAYS WITH] 9 = BLOWING SNOW
X = TORNADO
MAX 32 OR BELOW: 0 0.01 INCH OR MORE: 2
MAX 90 OR ABOVE: 0 0.10 INCH OR MORE: 2
MIN 32 OR BELOW: 2 0.50 INCH OR MORE: 1
MIN 0 OR BELOW: 0 1.00 INCH OR MORE: 0
[HDD (BASE 65) ]
TOTAL THIS MO. 204 CLEAR (SCALE 0-3) 21
DPTR FM NORMAL -114 PTCLDY (SCALE 4-7) 8
TOTAL FM JUL 1 369 CLOUDY (SCALE 8-10) 1
DPTR FM NORMAL -50
[CDD (BASE 65) ]
TOTAL THIS MO. 21
DPTR FM NORMAL 3 [PRESSURE DATA]
TOTAL FM JAN 1 2573 HIGHEST SLP 30.53 ON 2
DPTR FM NORMAL 216 LOWEST SLP 29.64 ON 24
[REMARKS]
#FINAL-11-20#