000
CXUS56 KSGX 011045
CF6MYF
PRELIMINARY LOCAL CLIMATOLOGICAL DATA (WS FORM: F-6)
STATION: SAN DIEGO/MONTGOMERY FLD CA
MONTH: MARCH
YEAR: 2024
LATITUDE: 32 49 N
LONGITUDE: 117 9 W
TEMPERATURE IN F: :PCPN: SNOW: WIND :SUNSHINE: SKY :PK WND
================================================================================
1 2 3 4 5 6A 6B 7 8 9 10 11 12 13 14 15 16 17 18
12Z AVG MX 2MIN
DY MAX MIN AVG DEP HDD CDD WTR SNW DPTH SPD SPD DIR MIN PSBL S-S WX SPD DR
================================================================================
1 66 50 58 0 7 0 0.01 M M 4.3 15 260 M M 4 1 20 260
2 63 55 59 1 6 0 0.37 M M 7.2 16 240 M M 9 18 20 250
3 62 51 57 -1 8 0 0.06 M M 6.9 17 260 M M 7 18 22 250
4 63 49 56 -2 9 0 T M M 5.8 16 270 M M 4 21 310
5 64 50 57 -1 8 0 0.00 M M 3.6 14 230 M M 4 18 220
6 65 48 57 -1 8 0 0.35 M M 4.9 14 140 M M 6 1 18 180
7 62 50 56 -2 9 0 0.11 M M 4.7 16 260 M M 7 12 20 270
8 67 49 58 -1 7 0 0.00 M M 4.5 13 320 M M 1 M M
9 73 49 61 2 4 0 0.00 M M 3.4 15 290 M M 0 19 240
10 68 47 58 -1 7 0 0.00 M M 4.1 14 290 M M 0 19 290
11 64 50 57 -2 8 0 0.00 M M 4.1 15 260 M M 4 19 250
12 64 53 59 0 6 0 0.01 M M 4.8 14 220 M M 7 18 18 240
13 66 53 60 1 5 0 0.00 M M 6.0 15 250 M M 6 19 250
14 65 50 58 -1 7 0 T M M 4.7 14 100 M M 5 3 19 110
15 65 47 56 -3 9 0 T M M 7.3 16 230 M M 5 24 220
16 66 47 57 -2 8 0 0.00 M M 4.6 15 240 M M 3 20 220
17 67 48 58 -1 7 0 0.00 M M 5.0 15 300 M M 0 18 310
18 72 49 61 2 4 0 0.00 M M 4.3 23 290 M M 1 3 28 300
19 71 49 60 1 5 0 0.00 M M 3.8 12 300 M M 0 17 230
20 68 52 60 1 5 0 0.00 M M 3.1 13 250 M M 3 128 16 240
21 72 54 63 4 2 0 0.00 M M 4.2 12 270 M M 4 18 15 270
22 71 51 61 2 4 0 0.00 M M 4.3 15 300 M M 4 128 18 300
23 64 53 59 -1 6 0 0.15 M M 9.1 21 270 M M 7 1 26 270
24 61 49 55 -5 10 0 0.09 M M 15.3 26 280 M M 7 35 270
25 63 46 55 -5 10 0 0.00 M M 7.0 15 260 M M 4 19 240
26 63 50 57 -3 8 0 T M M 5.2 14 240 M M 6 1 19 220
27 68 46 57 -3 8 0 0.00 M M 3.3 14 320 M M 0 18 310
28 65 52 59 -1 6 0 0.00 M M 6.4 15 290 M M 5 1 19 270
29 64 51 58 -2 7 0 0.00 M M 5.7 15 260 M M 3 21 290
30 56 50 53 -7 12 0 1.33 M M 9.1 18 280 M M 9 18 27 150
31 62 50 56 -4 9 0 0.30 M M 9.0 20 190 M M 7 1 27 170
================================================================================
SM 2030 1548 219 0 2.78 M 175.7 M 132
================================================================================
AV 65.5 49.9 5.7 FASTST M M 4 MAX(MPH)
MISC ----> 26 280 35 270
================================================================================
NOTES:
# LAST OF SEVERAL OCCURRENCES
COLUMN 17 PEAK WIND IN M.P.H.
PRELIMINARY LOCAL CLIMATOLOGICAL DATA (WS FORM: F-6) , PAGE 2
STATION: SAN DIEGO/MONTGOMERY FLD CA
MONTH: MARCH
YEAR: 2024
LATITUDE: 32 49 N
LONGITUDE: 117 9 W
[TEMPERATURE DATA] [PRECIPITATION DATA] SYMBOLS USED IN COLUMN 16
AVERAGE MONTHLY: 57.7 TOTAL FOR MONTH: 2.78 1 = FOG OR MIST
DPTR FM NORMAL: -1.4 DPTR FM NORMAL: 1.15 2 = FOG REDUCING VISIBILITY
HIGHEST: 73 ON 9 GRTST 24HR 1.63 ON 30-31 TO 1/4 MILE OR LESS
LOWEST: 46 ON 27,25 3 = THUNDER
SNOW, ICE PELLETS, HAIL 4 = ICE PELLETS
TOTAL MONTH: M 5 = HAIL
GRTST 24HR M ON M 6 = FREEZING RAIN OR DRIZZLE
GRTST DEPTH: M ON M 7 = DUSTSTORM OR SANDSTORM:
VSBY 1/2 MILE OR LESS
8 = SMOKE OR HAZE
[NO. OF DAYS WITH] [WEATHER - DAYS WITH] 9 = BLOWING SNOW
X = TORNADO
MAX 32 OR BELOW: 0 0.01 INCH OR MORE: 10
MAX 90 OR ABOVE: 0 0.10 INCH OR MORE: 6
MIN 32 OR BELOW: 0 0.50 INCH OR MORE: 1
MIN 0 OR BELOW: 0 1.00 INCH OR MORE: 1
[HDD (BASE 65) ]
TOTAL THIS MO. 219 CLEAR (SCALE 0-3) 10
DPTR FM NORMAL 25 PTCLDY (SCALE 4-7) 19
TOTAL FM JUL 1 799 CLOUDY (SCALE 8-10) 2
DPTR FM NORMAL -323
[CDD (BASE 65) ]
TOTAL THIS MO. 0
DPTR FM NORMAL -9 [PRESSURE DATA]
TOTAL FM JAN 1 1 HIGHEST SLP 30.20 ON 27
DPTR FM NORMAL -17 LOWEST SLP 29.74 ON 30
[REMARKS]
#FINAL-03-24#