000
CXUS51 KOKX 011559
CF6NYC
PRELIMINARY LOCAL CLIMATOLOGICAL DATA (WS FORM: F-6)
STATION: CENTRAL PARK NY
MONTH: FEBRUARY
YEAR: 2021
LATITUDE: 40 46 N
LONGITUDE: 73 58 W
TEMPERATURE IN F: :PCPN: SNOW: WIND :SUNSHINE: SKY :PK WND
================================================================================
1 2 3 4 5 6A 6B 7 8 9 10 11 12 13 14 15 16 17 18
12Z AVG MX 2MIN
DY MAX MIN AVG DEP HDD CDD WTR SNW DPTH SPD SPD DIR MIN PSBL S-S WX SPD DR
================================================================================
1 34 22 28 -5 37 0 1.85 14.8 5 14.2 20 30 M M 10 12 36 40
2 33 30 32 -1 33 0 0.13 0.4 14 8.4 16 10 M M 10 18 24 20
3 37 29 33 0 32 0 0.01 0.2 13 7.7 15 290 M M 9 18 22 290
4 43 31 37 3 28 0 0.00 0.0 11 6.9 16 300 M M 4 25 280
5 47 37 42 8 23 0 0.07 0.0 9 4.9 17 270 M M 4 M 90
6 44 34 39 5 26 0 0.00 0.0 7 6.9 25 240 M M 0 37 240
7 40 24 32 -2 33 0 0.39 4.5 6 6.2 15 300 M M 7 128 27 300
8 29 17 23 -11 42 0 0.00 0.0 10 6.5 16 300 M M 0 25 300
9 33 27 30 -4 35 0 T 0.0 9 4.8 10 360 M M 7 18 16 100
10 35 26 31 -3 34 0 0.01 T 9 4.0 10 300 M M 4 15 300
11 33 26 30 -4 35 0 0.10 1.3 9 6.0 13 350 M M 6 18 18 20
12 30 20 25 -10 40 0 0.00 0.0 8 5.3 14 50 M M 5 19 40
13 30 25 28 -7 37 0 T T 8 7.0 17 50 M M 9 46 21 50
14 38 27 33 -2 32 0 0.00 T 8 4.2 14 50 M M 8 4 18 40
15 36 31 34 -1 31 0 0.02 T 7 5.9 14 60 M M 10 148 18 40
16 51 34 43 8 22 0 0.82 T 6 7.8 20 280 M M 8 14 31 280
17 34 22 28 -8 37 0 0.00 0.0 3 7.2 22 300 M M 1 31 310
18 30 24 27 -9 38 0 0.45 3.2 2 7.9 16 50 M M 8 1268 23 40
19 33 28 31 -5 34 0 0.14 1.2 5 6.9 17 60 M M 10 168 22 50
20 35 26 31 -5 34 0 0.00 0.0 6 8.1 18 300 M M 6 27 300
21 37 24 31 -5 34 0 0.00 0.0 5 5.9 13 310 M M 0 18 290
22 39 32 36 0 29 0 0.52 0.4 3 3.4 14 210 M M 6 12 28 100
23 45 36 41 4 24 0 0.01 0.0 3 6.1 16 250 M M 7 8 25 300
24 54 39 47 10 18 0 0.00 0.0 2 6.5 16 230 M M 1 24 230
25 50 40 45 8 20 0 0.00 0.0 0 8.7 21 300 M M 0 35 310
26 45 33 39 2 26 0 0.00 0.0 0 4.3 10 150 M M 0 18 190
27 50 38 44 6 21 0 0.39 0.0 0 4.7 13 250 M M 7 1 19 260
28 45 41 43 5 22 0 0.22 0.0 0 5.2 14 60 M M 5 1 18 120
================================================================================
SM 1090 823 857 0 5.13 26.0 181.6 M 152
================================================================================
AV 38.9 29.4 6.5 FASTST M M 5 MAX(MPH)
MISC ----> 25 240 37 240
================================================================================
NOTES:
# LAST OF SEVERAL OCCURRENCES
COLUMN 17 PEAK WIND IN M.P.H.
PRELIMINARY LOCAL CLIMATOLOGICAL DATA (WS FORM: F-6) , PAGE 2
STATION: CENTRAL PARK NY
MONTH: FEBRUARY
YEAR: 2021
LATITUDE: 40 46 N
LONGITUDE: 73 58 W
[TEMPERATURE DATA] [PRECIPITATION DATA] SYMBOLS USED IN COLUMN 16
AVERAGE MONTHLY: 34.2 TOTAL FOR MONTH: 5.13 1 = FOG OR MIST
DPTR FM NORMAL: -1.1 DPTR FM NORMAL: 2.04 2 = FOG REDUCING VISIBILITY
HIGHEST: 54 ON 24 GRTST 24HR 1.86 ON 31- 1 TO 1/4 MILE OR LESS
LOWEST: 17 ON 8 3 = THUNDER
SNOW, ICE PELLETS, HAIL 4 = ICE PELLETS
TOTAL MONTH: 28.0 INCHES 5 = HAIL
GRTST 24HR 14.8 ON 1- 1 6 = FREEZING RAIN OR DRIZZLE
GRTST DEPTH: 14 ON 2 7 = DUSTSTORM OR SANDSTORM:
VSBY 1/2 MILE OR LESS
8 = SMOKE OR HAZE
[NO. OF DAYS WITH] [WEATHER - DAYS WITH] 9 = BLOWING SNOW
X = TORNADO
MAX 32 OR BELOW: 4 0.01 INCH OR MORE: 15
MAX 90 OR ABOVE: 0 0.10 INCH OR MORE: 10
MIN 32 OR BELOW: 19 0.50 INCH OR MORE: 3
MIN 0 OR BELOW: 0 1.00 INCH OR MORE: 1
[HDD (BASE 65) ]
TOTAL THIS MO. 857 CLEAR (SCALE 0-3) 7
DPTR FM NORMAL 24 PTCLDY (SCALE 4-7) 14
TOTAL FM JUL 1 3196 CLOUDY (SCALE 8-10) 7
DPTR FM NORMAL -325
[CDD (BASE 65) ]
TOTAL THIS MO. 0
DPTR FM NORMAL 0 [PRESSURE DATA]
TOTAL FM JAN 1 0 HIGHEST SLP M ON M
DPTR FM NORMAL 0 LOWEST SLP 29.38 ON 2
[REMARKS]
#FINAL-02-21#