000
CXUS51 KOKX 011010
CF6NYC
PRELIMINARY LOCAL CLIMATOLOGICAL DATA (WS FORM: F-6)
STATION: CENTRAL PARK NY
MONTH: JANUARY
YEAR: 2021
LATITUDE: 40 46 N
LONGITUDE: 73 58 W
TEMPERATURE IN F: :PCPN: SNOW: WIND :SUNSHINE: SKY :PK WND
================================================================================
1 2 3 4 5 6A 6B 7 8 9 10 11 12 13 14 15 16 17 18
12Z AVG MX 2MIN
DY MAX MIN AVG DEP HDD CDD WTR SNW DPTH SPD SPD DIR MIN PSBL S-S WX SPD DR
================================================================================
1 40 33 37 4 28 0 0.62 0.0 0 5.6 12 100 M M 4 1 17 120
2 51 36 44 11 21 0 0.05 0.0 0 6.7 22 300 M M 5 1 33 320
3 38 34 36 3 29 0 0.22 T 0 9.2 18 50 M M 7 1 27 50
4 43 35 39 6 26 0 0.02 T 0 4.5 12 30 M M 9 1 18 40
5 42 36 39 6 26 0 0.00 0.0 0 4.8 12 350 M M 10 17 360
6 41 34 38 5 27 0 0.00 0.0 0 8.2 21 300 M M 3 31 300
7 41 30 36 3 29 0 0.00 0.0 0 6.9 15 300 M M 0 22 310
8 37 27 32 -1 33 0 0.00 0.0 0 6.0 13 10 M M 0 19 20
9 37 24 31 -1 34 0 0.00 0.0 0 7.0 17 360 M M 4 28 30
10 41 29 35 3 30 0 0.00 0.0 0 4.3 13 360 M M 0 17 10
11 37 28 33 1 32 0 0.00 0.0 0 2.4 8 290 M M 1 11 300
12 44 33 39 7 26 0 0.00 0.0 0 4.4 9 20 M M 0 12 20
13 43 35 39 7 26 0 0.00 0.0 0 3.1 13 230 M M 8 19 250
14 49 39 44 12 21 0 0.00 0.0 0 2.0 8 300 M M 5 8 12 230
15 46 38 42 10 23 0 0.38 0.0 0 8.0 16 100 M M 7 138 24 90
16 47 37 42 10 23 0 0.78 0.0 0 8.6 22 50 M M 8 1 30 60
17 44 35 40 8 25 0 0.00 0.0 0 8.3 18 270 M M 5 35 260
18 45 37 41 9 24 0 0.00 0.0 0 7.5 16 270 M M 5 23 280
19 43 35 39 7 26 0 0.00 0.0 0 5.8 17 270 M M 5 27 240
20 40 27 34 2 31 0 0.02 T 0 7.5 21 300 M M 5 1 32 300
21 43 25 34 2 31 0 0.00 0.0 0 3.7 16 220 M M 2 23 240
22 45 36 41 9 24 0 0.00 0.0 0 7.6 16 280 M M 7 29 260
23 36 24 30 -2 35 0 0.00 0.0 0 11.3 23 310 M M 3 34 290
24 32 22 27 -5 38 0 0.00 0.0 0 10.0 20 300 0 M 1 32 300
25 37 23 30 -2 35 0 0.00 0.0 0 5.1 14 40 M M 2 22 40
26 34 31 33 0 32 0 0.10 0.1 0 7.2 15 50 M M 10 18 21 50
27 37 31 34 1 31 0 T T 0 5.8 15 300 M M 9 1 23 300
28 34 20 27 -6 38 0 0.00 0.0 0 10.2 23 300 M M 3 36 300
29 25 14 20 -13 45 0 0.00 0.0 0 13.8 26 300 M M 1 43 310
30 32 17 25 -8 40 0 0.00 0.0 0 7.6 15 310 M M 1 22 300
31 26 20 23 -10 42 0 0.12 2.0 0 6.8 17 50 M M 6 18 24 60
================================================================================
SM 1230 925 931 0 2.31 2.1 209.9 0 136
================================================================================
AV 39.7 29.8 6.8 FASTST 0 M 4 MAX(MPH)
MISC ----> 26 300 43 310
================================================================================
NOTES:
# LAST OF SEVERAL OCCURRENCES
COLUMN 17 PEAK WIND IN M.P.H.
PRELIMINARY LOCAL CLIMATOLOGICAL DATA (WS FORM: F-6) , PAGE 2
STATION: CENTRAL PARK NY
MONTH: JANUARY
YEAR: 2021
LATITUDE: 40 46 N
LONGITUDE: 73 58 W
[TEMPERATURE DATA] [PRECIPITATION DATA] SYMBOLS USED IN COLUMN 16
AVERAGE MONTHLY: 34.8 TOTAL FOR MONTH: 2.31 1 = FOG OR MIST
DPTR FM NORMAL: 2.2 DPTR FM NORMAL: -1.34 2 = FOG REDUCING VISIBILITY
HIGHEST: 51 ON 2 GRTST 24HR 1.26 ON 15-16 TO 1/4 MILE OR LESS
LOWEST: 14 ON 29 3 = THUNDER
SNOW, ICE PELLETS, HAIL 4 = ICE PELLETS
TOTAL MONTH: 2.1 INCHES 5 = HAIL
GRTST 24HR 2.0 ON 31-31 6 = FREEZING RAIN OR DRIZZLE
GRTST DEPTH: 0 7 = DUSTSTORM OR SANDSTORM:
VSBY 1/2 MILE OR LESS
8 = SMOKE OR HAZE
[NO. OF DAYS WITH] [WEATHER - DAYS WITH] 9 = BLOWING SNOW
X = TORNADO
MAX 32 OR BELOW: 4 0.01 INCH OR MORE: 9
MAX 90 OR ABOVE: 0 0.10 INCH OR MORE: 6
MIN 32 OR BELOW: 16 0.50 INCH OR MORE: 2
MIN 0 OR BELOW: 0 1.00 INCH OR MORE: 0
[HDD (BASE 65) ]
TOTAL THIS MO. 931 CLEAR (SCALE 0-3) 10
DPTR FM NORMAL -73 PTCLDY (SCALE 4-7) 17
TOTAL FM JUL 1 2339 CLOUDY (SCALE 8-10) 4
DPTR FM NORMAL -353
[CDD (BASE 65) ]
TOTAL THIS MO. 0
DPTR FM NORMAL 0 [PRESSURE DATA]
TOTAL FM JAN 1 0 HIGHEST SLP M ON M
DPTR FM NORMAL 0 LOWEST SLP 29.34 ON 16
[REMARKS]
#FINAL-01-21#