000
CXUS51 KOKX 011423 RRA
CLMNYC
NYCCLMNYC 000
TTAA00 OKX 011421
CLIMATE REPORT
NATIONAL WEATHER SERVICE NEW YORK, NY
919 AM EST THU FEB 01 2024
...................................
...THE CENTRAL PARK NY CLIMATE SUMMARY FOR THE MONTH OF JANUARY 2024...
CLIMATE NORMAL PERIOD 1991 TO 2020
CLIMATE RECORD PERIOD 1869 TO 2024
WEATHER OBSERVED NORMAL DEPART LAST YEAR`S
VALUE DATE(S) VALUE FROM VALUE DATE(S)
NORMAL
................................................................
TEMPERATURE (F)
RECORD
HIGH 72 01/06/2007
01/26/1950
LOW -6 01/24/1882
HIGHEST 60 01/13 MM MM 66 01/04
LOWEST 17 01/17 MM MM 28 01/16
AVG. MAXIMUM 41.9 39.5 2.4 48.7
AVG. MINIMUM 32.0 27.9 4.1 38.2
MEAN 37.0 33.7 3.3 43.5
DAYS MAX >= 90 0 0.0 0.0 0
DAYS MAX <= 32 6 7.4 -1.4 0
DAYS MIN <= 32 13 20.5 -7.5 4
DAYS MIN <= 0 0 0.1 -0.1 0
PRECIPITATION (INCHES)
RECORD
MAXIMUM 10.52 1979
MINIMUM 0.58 1981
TOTALS 5.28 3.64 1.64 4.38
DAILY AVG. 0.17 0.12 0.05 0.14
DAYS >= .01 16 10.8 5.2 15
DAYS >= .10 9 6.3 2.7 8
DAYS >= .50 3 2.5 0.5 3
DAYS >= 1.00 1 0.9 0.1 0
GREATEST
24 HR. TOTAL 1.95 01/09 TO 01/10 1.34 01/25 TO 01/26
STORM TOTAL 1.73 0.90
(MM/DD(HH)) MM
SNOWFALL (INCHES)
TOTALS 2.3 8.8 -6.5 T
LIQUID EQUIV 0.20 0.80 -0.60 T
SINCE 7/1 2.3 14.3 -12.0 MM
LIQUID 7/1 0.23 1.40 -1.17 MM
SNOWDEPTH AVG. 0 0
DAYS >= TRACE 11 3.7 7.3 3
DAYS >= 1.0 1 2.1 -1.1 0
GREATEST
SNOW DEPTH 1 01/21 0 MM
01/22
01/23
24 HR TOTAL MM MM
STORM TOTAL 1.3 0.0
(MM/DD(HH)) MM
DEGREE DAYS
HEATING TOTAL 861 970 -109 659
SINCE 7/1 2245 2562 -317 MM
COOLING TOTAL 0 0 0 0
SINCE 1/1 0 0 0 MM
................................................................
WIND (MPH)
AVERAGE WIND SPEED 6.8
HIGHEST WIND SPEED/DIRECTION 26/060 DATE 01/28
HIGHEST GUST SPEED/DIRECTION 43/130 DATE 01/09
AVERAGE RH (PERCENT) 63
WEATHER CONDITIONS. NUMBER OF DAYS WITH
THUNDERSTORM 0 MIXED PRECIP 0
HEAVY RAIN 3 RAIN 6
LIGHT RAIN 13 FREEZING RAIN 1
LT FREEZING RAIN 1 HAIL 0
HEAVY SNOW 1 SNOW 2
LIGHT SNOW 11 SLEET 0
FOG 16 FOG W/VIS <= 1/4 MILE 0
HAZE 10
- INDICATES NEGATIVE NUMBERS.
R INDICATES RECORD WAS SET OR TIED.
MM INDICATES DATA IS MISSING.
T INDICATES TRACE AMOUNT.
$$