000
CXUS55 KPSR 011005
CF6NYL
PRELIMINARY LOCAL CLIMATOLOGICAL DATA (WS FORM: F-6)
STATION: YUMA AZ
MONTH: JANUARY
YEAR: 2022
LATITUDE: 32 39 N
LONGITUDE: 114 37 W
TEMPERATURE IN F: :PCPN: SNOW: WIND :SUNSHINE: SKY :PK WND
================================================================================
1 2 3 4 5 6A 6B 7 8 9 10 11 12 13 14 15 16 17 18
12Z AVG MX 2MIN
DY MAX MIN AVG DEP HDD CDD WTR SNW DPTH SPD SPD DIR MIN PSBL S-S WX SPD DR
================================================================================
1 60 43 52 -5 13 0 0.00 M M 11.2 24 10 M M 0 1 32 10
2 59 37 48 -9 17 0 0.00 M M 7.3 14 30 M M 0 18 30
3 65 39 52 -5 13 0 0.00 M M 6.1 16 360 M M 0 21 10
4 66 38 52 -6 13 0 0.00 0.0 M 5.3 17 30 M M 1 20 40
5 70 42 56 -2 9 0 0.00 0.0 M 5.9 14 340 M M 0 16 10
6 72 46 59 1 6 0 0.00 M M 4.9 10 40 M M 2 14 20
7 73 42 58 0 7 0 0.00 0.0 M 5.5 12 150 M M 1 15 180
8 70 47 59 1 6 0 0.00 0.0 M 2.8 8 130 M M 0 10 130
9 74 46 60 2 5 0 0.00 M M 6.0 15 30 M M 0 19 20
10 72 54 63 5 2 0 0.00 M M 12.2 21 10 M M 3 27 360
11 71 53 62 4 3 0 0.00 M M 12.8 23 10 M M 4 32 20
12 72 50 61 3 4 0 0.00 M M 6.4 17 30 M M 5 20 30
13 77 45 61 2 4 0 0.00 M M 4.6 13 30 M M 4 8 15 20
14 77 55 66 7 0 1 0.00 M M 6.9 22 350 M M 0 27 340
15 70 51 61 2 4 0 0.00 M M 8.0 18 350 M M 0 23 360
16 74 53 64 5 1 0 0.00 M M 5.8 14 360 M M 0 18 360
17 75 46 61 2 4 0 0.00 M M 2.6 8 30 M M 1 9 30
18 74 51 63 4 2 0 0.00 M M 3.9 13 290 M M 2 16 280
19 76 48 62 3 3 0 0.00 M M 5.2 13 360 M M 0 15 320
20 74 50 62 3 3 0 0.00 M M 8.0 25 20 M M 0 32 10
21 75 43 59 0 6 0 0.00 M M 6.5 17 350 M M 0 22 360
22 71 53 62 2 3 0 0.00 M M 12.5 25 20 M M 4 35 30
23 74 48 61 1 4 0 0.00 M M 7.6 16 360 M M 0 22 350
24 74 44 59 -1 6 0 0.00 M M 2.7 9 20 M M 0 14 350
25 74 44 59 -1 6 0 0.00 M M 5.5 13 20 M M 2 8 16 30
26 70 49 60 0 5 0 0.00 M M 7.3 17 350 M M 1 22 350
27 70 46 58 -2 7 0 0.00 M M 8.5 17 360 M M 0 21 20
28 69 47 58 -2 7 0 0.00 M M 11.9 23 40 M M 3 27 30
29 72 47 60 0 5 0 0.00 M M 6.6 14 340 M M 0 20 360
30 74 43 59 -1 6 0 0.00 M M 3.0 14 10 M M 0 18 10
31 72 41 57 -3 8 0 0.00 M M 2.4 9 40 M M 4 10 40
================================================================================
SM 2216 1441 182 1 0.00 0.0 205.9 M 37
================================================================================
AV 71.5 46.5 6.6 FASTST M M 1 MAX(MPH)
MISC ----> # 25 20 35 30
================================================================================
NOTES:
# LAST OF SEVERAL OCCURRENCES
COLUMN 17 PEAK WIND IN M.P.H.
PRELIMINARY LOCAL CLIMATOLOGICAL DATA (WS FORM: F-6) , PAGE 2
STATION: YUMA AZ
MONTH: JANUARY
YEAR: 2022
LATITUDE: 32 39 N
LONGITUDE: 114 37 W
[TEMPERATURE DATA] [PRECIPITATION DATA] SYMBOLS USED IN COLUMN 16
AVERAGE MONTHLY: 59.0 TOTAL FOR MONTH: 0.00 1 = FOG OR MIST
DPTR FM NORMAL: 0.2 DPTR FM NORMAL: -0.39 2 = FOG REDUCING VISIBILITY
HIGHEST: 77 ON 14,13 GRTST 24HR 0.05 ON 1- 1 TO 1/4 MILE OR LESS
LOWEST: 37 ON 2 3 = THUNDER
SNOW, ICE PELLETS, HAIL 4 = ICE PELLETS
TOTAL MONTH: 0.0 INCH 5 = HAIL
GRTST 24HR 0.0 6 = FREEZING RAIN OR DRIZZLE
GRTST DEPTH: M ON M 7 = DUSTSTORM OR SANDSTORM:
VSBY 1/2 MILE OR LESS
8 = SMOKE OR HAZE
[NO. OF DAYS WITH] [WEATHER - DAYS WITH] 9 = BLOWING SNOW
X = TORNADO
MAX 32 OR BELOW: 0 0.01 INCH OR MORE: 0
MAX 90 OR ABOVE: 0 0.10 INCH OR MORE: 0
MIN 32 OR BELOW: 0 0.50 INCH OR MORE: 0
MIN 0 OR BELOW: 0 1.00 INCH OR MORE: 0
[HDD (BASE 65) ]
TOTAL THIS MO. 182 CLEAR (SCALE 0-3) 26
DPTR FM NORMAL -13 PTCLDY (SCALE 4-7) 5
TOTAL FM JUL 1 363 CLOUDY (SCALE 8-10) 0
DPTR FM NORMAL -140
[CDD (BASE 65) ]
TOTAL THIS MO. 1
DPTR FM NORMAL -4 [PRESSURE DATA]
TOTAL FM JAN 1 1 HIGHEST SLP 30.41 ON 2
DPTR FM NORMAL -4 LOWEST SLP 29.75 ON 1
[REMARKS]
#FINAL-01-22#