000
CXUS56 KMTR 010830
CLMOAK
CLIMATE REPORT
NATIONAL WEATHER SERVICE SAN FRANCISCO BAY AREA
1230 AM PST FRI MAR 01 2024
...................................
...THE OAKLAND AIRPORT CLIMATE SUMMARY FOR THE MONTH OF FEBRUARY 2024...
CLIMATE NORMAL PERIOD: 1991 TO 2020
CLIMATE RECORD PERIOD: 1948 TO 2024
WEATHER OBSERVED NORMAL DEPART LAST YEAR`S
VALUE DATE(S) VALUE FROM VALUE DATE(S)
NORMAL
................................................................
TEMPERATURE (F)
RECORD
HIGH 84 MM
LOW 31 02/20/2018
HIGHEST 68 02/18 66 02/20
02/23
02/24
LOWEST 36 02/08 34 02/16
02/18
AVG. MAXIMUM 60.5 60.3 0.2 57.4
AVG. MINIMUM 45.9 44.6 1.3 39.9
MEAN 53.2 48.7
DAYS MAX >= 90 0 0
DAYS MAX <= 32 0 0
DAYS MIN <= 32 0 0
DAYS MIN <= 0 0 0
PRECIPITATION (INCHES)
RECORD
MAXIMUM 8.85 1969
MINIMUM 0.00 2020
TOTALS 3.71 3.51 0.20 2.87
DAILY AVG. 0.13 NAN NAN 0.10
DAYS >= .01 12 9
DAYS >= .10 12 8
DAYS >= .50 1 1
DAYS >= 1.00 0 0
GREATEST
24 HR. TOTAL 0.97 02/03 TO 02/04 0.86 02/23 TO 02/24
DEGREE DAYS
HEATING TOTAL 334 351 -17 450
SINCE 7/1 1508 1909 -401 MM
COOLING TOTAL 0 0 0 0
SINCE 1/1 0 0 0 MM
................................................................
WIND (MPH)
AVERAGE WIND SPEED 7.9
RESULTANT WIND SPEED/DIRECTION 3/180
HIGHEST WIND SPEED/DIRECTION 41/170 DATE 02/04
HIGHEST GUST SPEED/DIRECTION 61/140 DATE 02/04
SKY COVER
POSSIBLE SUNSHINE (PERCENT) MM
AVERAGE SKY COVER 0.59
NUMBER OF DAYS FAIR 5
NUMBER OF DAYS PC 15
NUMBER OF DAYS CLOUDY 9
AVERAGE RH (PERCENT) 79
WEATHER CONDITIONS. NUMBER OF DAYS WITH
THUNDERSTORM 1 MIXED PRECIP 0
HEAVY RAIN 3 RAIN 10
LIGHT RAIN 12 FREEZING RAIN 0
LT FREEZING RAIN 0 HAIL 0
HEAVY SNOW 0 SNOW 0
LIGHT SNOW 0 SLEET 0
FOG 16 FOG W/VIS <= 1/4 MILE 1
HAZE 0
- INDICATES NEGATIVE NUMBERS.
R INDICATES RECORD WAS SET OR TIED.
MM INDICATES DATA IS MISSING.
T INDICATES TRACE AMOUNT.
$$