000
CXUS53 KOAX 011030
CF6OAX
PRELIMINARY LOCAL CLIMATOLOGICAL DATA (WS FORM: F-6)
STATION: VALLEY NWS NE
MONTH: NOVEMBER
YEAR: 2021
LATITUDE: 41 19 N
LONGITUDE: 96 22 W
TEMPERATURE IN F: :PCPN: SNOW: WIND :SUNSHINE: SKY :PK WND
================================================================================
1 2 3 4 5 6A 6B 7 8 9 10 11 12 13 14 15 16 17 18
12Z AVG MX 2MIN
DY MAX MIN AVG DEP HDD CDD WTR SNW DPTH SPD SPD DIR MIN PSBL S-S WX SPD DR
================================================================================
1 45 33 39 -8 26 0 T 0.0 0 M M M M M M 17 M
2 50 29 40 -6 25 0 0.00 0.0 0 M M M M M M 1 13 M
3 48 39 44 -2 21 0 0.00 0.0 0 M M M M M M 22 M
4 58 38 48 3 17 0 0.00 0.0 0 M M M M M M 22 M
5 64 41 53 8 12 0 0.00 0.0 0 M M M M M M 37 M
6 69 43 56 12 9 0 0.00 0.0 0 M M M M M M 20 M
7 67 44 56 12 9 0 0.00 0.0 0 M M M M M M 23 M
8 64 41 53 9 12 0 0.00 0.0 0 M M M M M M 29 M
9 61 38 50 7 15 0 0.00 0.0 0 M M M M M M 17 M
10 56 46 51 8 14 0 0.35 0.0 0 M M M M M M 37 M
11 54 35 45 3 20 0 0.00 0.0 0 M M M M M M 55 M
12 36 30 33 -9 32 0 T T 0 M M M M M M 46 M
13 48 26 37 -4 28 0 0.03 0.0 0 M M M M M M 26 M
14 49 38 44 3 21 0 0.00 0.0 0 M M M M M M 38 M
15 58 39 49 9 16 0 0.00 0.0 0 M M M M M M 21 M
16 75 42 59 19 6 0 0.00 0.0 0 M M M M M M 26 M
17 49 32 41 1 24 0 0.00 0.0 0 M M M M M M 33 M
18 43 27 35 -4 30 0 0.00 0.0 0 M M M M M M 25 M
19 52 31 42 3 23 0 0.00 0.0 0 M M M M M M 36 M
20 59 35 47 9 18 0 0.00 0.0 0 M M M M M M 15 M
21 49 28 39 1 26 0 0.00 0.0 0 M M M M M M 32 M
22 48 30 39 2 26 0 0.00 0.0 0 M M M M M M 22 M
23 68 33 51 14 14 0 0.00 0.0 0 M M M M M M 30 M
24 52 32 42 6 23 0 0.00 0.0 0 M M M M M M 40 M
25 33 23 28 -8 37 0 0.00 0.0 0 M M M M M M 39 M
26 56 29 43 7 22 0 0.00 0.0 0 M M M M M M 22 M
27 61 35 48 13 17 0 0.00 0.0 0 M M M M M M 36 M
28 49 24 37 2 28 0 0.00 0.0 0 M M M M M M 15 M
29 70 35 53 19 12 0 0.00 0.0 0 M M M M M M 16 M
30 57 37 47 13 18 0 0.00 0.0 0 M M M M M M 17 M
================================================================================
SM 1648 1033 601 0 0.38 T M M M
================================================================================
AV 54.9 34.4 M FASTST M M M MAX(MPH)
MISC ----> M M 55 9999
================================================================================
NOTES:
# LAST OF SEVERAL OCCURRENCES
COLUMN 17 PEAK WIND IN M.P.H.
PRELIMINARY LOCAL CLIMATOLOGICAL DATA (WS FORM: F-6) , PAGE 2
STATION: VALLEY NWS NE
MONTH: NOVEMBER
YEAR: 2021
LATITUDE: 41 19 N
LONGITUDE: 96 22 W
[TEMPERATURE DATA] [PRECIPITATION DATA] SYMBOLS USED IN COLUMN 16
AVERAGE MONTHLY: 44.7 TOTAL FOR MONTH: 0.38 1 = FOG OR MIST
DPTR FM NORMAL: 4.5 DPTR FM NORMAL: -0.99 2 = FOG REDUCING VISIBILITY
HIGHEST: 75 ON 16 GRTST 24HR 0.35 ON 10-10 TO 1/4 MILE OR LESS
LOWEST: 23 ON 25 3 = THUNDER
SNOW, ICE PELLETS, HAIL 4 = ICE PELLETS
TOTAL MONTH: T 5 = HAIL
GRTST 24HR T ON 12-12 6 = FREEZING RAIN OR DRIZZLE
GRTST DEPTH: 0 7 = DUSTSTORM OR SANDSTORM:
VSBY 1/2 MILE OR LESS
8 = SMOKE OR HAZE
[NO. OF DAYS WITH] [WEATHER - DAYS WITH] 9 = BLOWING SNOW
X = TORNADO
MAX 32 OR BELOW: 0 0.01 INCH OR MORE: 2
MAX 90 OR ABOVE: 0 0.10 INCH OR MORE: 1
MIN 32 OR BELOW: 12 0.50 INCH OR MORE: 0
MIN 0 OR BELOW: 0 1.00 INCH OR MORE: 0
[HDD (BASE 65) ]
TOTAL THIS MO. 601 CLEAR (SCALE 0-3) 0
DPTR FM NORMAL -142 PTCLDY (SCALE 4-7) 0
TOTAL FM JUL 1 877 CLOUDY (SCALE 8-10) 30
DPTR FM NORMAL -302
[CDD (BASE 65) ]
TOTAL THIS MO. 0
DPTR FM NORMAL 0 [PRESSURE DATA]
TOTAL FM JAN 1 1424 HIGHEST SLP M ON M
DPTR FM NORMAL 221 LOWEST SLP M ON M
[REMARKS]
#FINAL-11-21#