000
CXUS54 KMAF 011535
CF6ODO
PRELIMINARY LOCAL CLIMATOLOGICAL DATA (WS FORM: F-6)
STATION: ODESSA SCHLEYMEYER
MONTH: JUNE
YEAR: 2022
LATITUDE: 31 55 N
LONGITUDE: 102 23 W
TEMPERATURE IN F: :PCPN: SNOW: WIND :SUNSHINE: SKY :PK WND
================================================================================
1 2 3 4 5 6A 6B 7 8 9 10 11 12 13 14 15 16 17 18
12Z AVG MX 2MIN
DY MAX MIN AVG DEP HDD CDD WTR SNW DPTH SPD SPD DIR MIN PSBL S-S WX SPD DR
================================================================================
1 94 64 79 0 0 14 0.53 M M 17.3 40 80 M M 4 13 47 80
2 74 61 68 -12 0 3 0.00 M M 11.4 18 50 M M 6 138 24 50
3 89 62 76 -4 0 11 0.27 M M 16.1 32 180 M M 3 13 44 210
4 94 63 79 -1 0 14 0.01 M M 12.0 25 60 M M 0 3 32 320
5 102 74 88 8 0 23 0.00 M M 12.2 23 260 M M 0 28 280
6 105 70 88 7 0 23 0.00 M M 7.3 14 330 M M 0 18 280
7 104 75 90 9 0 25 0.00 M M 10.6 20 210 M M 0 24 190
8 93 78 86 5 0 21 0.00 M M 16.8 40 60 M M 2 8 49 60
9 98 71 85 4 0 20 0.00 M M 12.5 21 190 M M 0 26 160
10 101 71 86 5 0 21 0.00 M M 10.9 20 180 M M 0 24 190
11 106 75 91 9 0 26 0.00 M M 11.6 21 180 M M 0 26 170
12 106 81 94 12 0 29 0.00 M M 16.9 24 180 M M 0 29 160
13 102 79 91 9 0 26 0.00 M M 19.7 29 170 M M 0 38 190
14 102 76 89 7 0 24 0.00 M M 17.6 33 180 M M 0 38 50 200
15 99 75 87 5 0 22 0.00 M M 18.0 29 180 M M 0 38 190
16 98 77 88 6 0 23 0.00 M M 17.2 26 160 M M 0 35 140
17 98 74 86 4 0 21 0.00 M M 13.5 25 150 M M 0 30 150
18 97 73 85 3 0 20 0.00 M M 13.8 24 140 M M 0 30 140
19 96 76 86 4 0 21 0.00 M M 15.3 26 150 M M 0 32 150
20 96 75 86 4 0 21 0.00 M M 14.4 26 170 M M 1 32 160
21 96 76 86 4 0 21 0.00 M M 12.7 23 190 M M 0 30 140
22 97 74 86 4 0 21 0.00 M M 11.2 22 150 M M 0 30 150
23 99 77 88 5 0 23 0.00 M M 13.0 22 180 M M 0 35 140
24 100 77 89 6 0 24 0.00 M M 12.2 23 210 M M 0 28 210
25 100 76 88 5 0 23 0.00 M M 12.6 21 130 M M 0 27 190
26 96 73 85 2 0 20 0.00 M M 12.5 35 60 M M 1 8 44 50
27 91 67 79 -4 0 14 0.00 M M 12.4 23 80 M M 1 3 28 80
28 92 70 81 -2 0 16 0.03 M M 9.6 26 60 M M 4 3 33 60
29 93 69 81 -2 0 16 0.00 M M 6.9 18 130 M M 1 22 140
30 97 74 86 3 0 21 0.00 M M 8.3 18 140 M M 0 21 140
================================================================================
SM 2915 2183 0 607 0.84 M 396.5 M 23
================================================================================
AV 97.2 72.8 13.2 FASTST M M 1 MAX(MPH)
MISC ----> # 40 80 50 200
================================================================================
NOTES:
# LAST OF SEVERAL OCCURRENCES
COLUMN 17 PEAK WIND IN M.P.H.
PRELIMINARY LOCAL CLIMATOLOGICAL DATA (WS FORM: F-6) , PAGE 2
STATION: ODESSA SCHLEYMEYER
MONTH: JUNE
YEAR: 2022
LATITUDE: 31 55 N
LONGITUDE: 102 23 W
[TEMPERATURE DATA] [PRECIPITATION DATA] SYMBOLS USED IN COLUMN 16
AVERAGE MONTHLY: 85.0 TOTAL FOR MONTH: 0.84 1 = FOG OR MIST
DPTR FM NORMAL: 3.3 DPTR FM NORMAL: -0.43 2 = FOG REDUCING VISIBILITY
HIGHEST: 106 ON 12,11 GRTST 24HR 0.53 ON 1- 1 TO 1/4 MILE OR LESS
LOWEST: 61 ON 2 3 = THUNDER
SNOW, ICE PELLETS, HAIL 4 = ICE PELLETS
TOTAL MONTH: M 5 = HAIL
GRTST 24HR M ON M 6 = FREEZING RAIN OR DRIZZLE
GRTST DEPTH: M ON M 7 = DUSTSTORM OR SANDSTORM:
VSBY 1/2 MILE OR LESS
8 = SMOKE OR HAZE
[NO. OF DAYS WITH] [WEATHER - DAYS WITH] 9 = BLOWING SNOW
X = TORNADO
MAX 32 OR BELOW: 0 0.01 INCH OR MORE: 4
MAX 90 OR ABOVE: 28 0.10 INCH OR MORE: 2
MIN 32 OR BELOW: 0 0.50 INCH OR MORE: 1
MIN 0 OR BELOW: 0 1.00 INCH OR MORE: 0
[HDD (BASE 65) ]
TOTAL THIS MO. 0 CLEAR (SCALE 0-3) 26
DPTR FM NORMAL 0 PTCLDY (SCALE 4-7) 4
TOTAL FM JUL 1 2036 CLOUDY (SCALE 8-10) 0
DPTR FM NORMAL -476
[CDD (BASE 65) ]
TOTAL THIS MO. 607
DPTR FM NORMAL 106 [PRESSURE DATA]
TOTAL FM JAN 1 1346 HIGHEST SLP 30.22 ON 27
DPTR FM NORMAL 405 LOWEST SLP 29.50 ON 5
[REMARKS]
#FINAL-06-22#