000
CXUS54 KMAF 011542
CF6ODO
PRELIMINARY LOCAL CLIMATOLOGICAL DATA (WS FORM: F-6)
STATION: ODESSA SCHLEYMEYER
MONTH: FEBRUARY
YEAR: 2024
LATITUDE: 31 55 N
LONGITUDE: 102 23 W
TEMPERATURE IN F: :PCPN: SNOW: WIND :SUNSHINE: SKY :PK WND
================================================================================
1 2 3 4 5 6A 6B 7 8 9 10 11 12 13 14 15 16 17 18
12Z AVG MX 2MIN
DY MAX MIN AVG DEP HDD CDD WTR SNW DPTH SPD SPD DIR MIN PSBL S-S WX SPD DR
================================================================================
1 75 47 61 14 4 0 0.00 M M 10.8 18 230 M M 0 27 260
2 75 51 63 16 2 0 0.00 M M 17.3 41 290 M M 2 18 56 300
3 62 43 53 6 12 0 0.00 M M M 36 260 M M 1 47 290
4 65 45 55 8 10 0 0.00 M M 21.1 30 330 M M 0 39 310
5 61 38 50 3 15 0 0.00 M M 4.9 14 30 M M 1 18 40
6 64 40 52 4 13 0 0.00 M M 15.3 22 160 M M 0 30 160
7 67 48 58 10 7 0 0.00 M M 14.5 30 310 M M 1 8 40 310
8 61 39 50 2 15 0 0.00 M M 13.4 22 230 M M 0 30 260
9 64 45 55 7 10 0 0.00 M M 9.3 18 280 M M 0 23 290
10 67 46 57 9 8 0 0.05 M M 7.9 23 330 M M 3 1 31 320
11 50 36 43 -5 22 0 0.01 M M M M M M M 8 1 M M
12 59 28 44 -5 21 0 0.00 M M 9.0 16 300 M M 1 25 290
13 67 34 51 2 14 0 0.00 M M 11.5 17 210 M M 0 22 200
14 74 41 58 9 7 0 0.00 M M 12.7 24 240 M M 0 31 240
15 72 41 57 8 8 0 0.00 M M 10.6 16 200 M M 0 128 21 200
16 66 40 53 3 12 0 0.00 M M 17.4 24 60 M M 0 30 50
17 41 28 35 -15 30 0 0.00 M M 10.1 17 40 M M 7 24 40
18 54 26 40 -10 25 0 0.00 M M 6.4 15 180 M M 1 21 170
19 75 37 56 6 9 0 0.00 M M 7.7 16 280 M M 0 22 290
20 83 46 65 15 0 0 0.00 M M 9.2 23 240 M M 0 31 270
21 88 47 68 17 0 3 0.00 M M 9.6 26 180 M M 1 35 180
22 76 48 62 11 3 0 0.00 M M 10.3 24 320 M M 0 34 300
23 69 41 55 4 10 0 0.00 M M 7.1 14 90 M M 0 18 80
24 77 44 61 10 4 0 0.00 M M 10.6 21 190 M M 0 26 190
25 85 46 66 14 0 1 0.00 M M 7.9 18 280 M M 0 24 290
26 86 57 72 20 0 7 0.00 M M 10.1 23 270 M M 0 30 270
27 80 60 70 18 0 5 0.00 M M 14.7 36 270 M M 0 8 49 250
28 71 37 54 2 11 0 0.09 M M 15.4 29 40 M M 2 18 39 40
29 54 35 45 -7 20 0 0.25 M M 9.6 20 110 M M 5 1 24 120
================================================================================
SM 1988 1214 292 16 0.40 M 304.4 M 33
================================================================================
AV 68.6 41.9 11.3 FASTST M M 1 MAX(MPH)
MISC ----> 41 290 56 300
================================================================================
NOTES:
# LAST OF SEVERAL OCCURRENCES
COLUMN 17 PEAK WIND IN M.P.H.
PRELIMINARY LOCAL CLIMATOLOGICAL DATA (WS FORM: F-6) , PAGE 2
STATION: ODESSA SCHLEYMEYER
MONTH: FEBRUARY
YEAR: 2024
LATITUDE: 31 55 N
LONGITUDE: 102 23 W
[TEMPERATURE DATA] [PRECIPITATION DATA] SYMBOLS USED IN COLUMN 16
AVERAGE MONTHLY: 55.2 TOTAL FOR MONTH: 0.40 1 = FOG OR MIST
DPTR FM NORMAL: 5.9 DPTR FM NORMAL: -0.17 2 = FOG REDUCING VISIBILITY
HIGHEST: 88 ON 21 GRTST 24HR 0.34 ON 28-29 TO 1/4 MILE OR LESS
LOWEST: 26 ON 18 3 = THUNDER
SNOW, ICE PELLETS, HAIL 4 = ICE PELLETS
TOTAL MONTH: M 5 = HAIL
GRTST 24HR M ON M 6 = FREEZING RAIN OR DRIZZLE
GRTST DEPTH: M ON M 7 = DUSTSTORM OR SANDSTORM:
VSBY 1/2 MILE OR LESS
8 = SMOKE OR HAZE
[NO. OF DAYS WITH] [WEATHER - DAYS WITH] 9 = BLOWING SNOW
X = TORNADO
MAX 32 OR BELOW: 0 0.01 INCH OR MORE: 4
MAX 90 OR ABOVE: 0 0.10 INCH OR MORE: 1
MIN 32 OR BELOW: 3 0.50 INCH OR MORE: 0
MIN 0 OR BELOW: 0 1.00 INCH OR MORE: 0
[HDD (BASE 65) ]
TOTAL THIS MO. 292 CLEAR (SCALE 0-3) 26
DPTR FM NORMAL -151 PTCLDY (SCALE 4-7) 3
TOTAL FM JUL 1 1752 CLOUDY (SCALE 8-10) 0
DPTR FM NORMAL -402
[CDD (BASE 65) ]
TOTAL THIS MO. 16
DPTR FM NORMAL 13 [PRESSURE DATA]
TOTAL FM JAN 1 16 HIGHEST SLP 30.37 ON 17
DPTR FM NORMAL 13 LOWEST SLP 29.47 ON 3
[REMARKS]
#FINAL-02-24#