000
CXUS54 KMAF 011448
CF6ODO
PRELIMINARY LOCAL CLIMATOLOGICAL DATA (WS FORM: F-6)
STATION: ODESSA SCHLEYMEYER
MONTH: OCTOBER
YEAR: 2021
LATITUDE: 31 55 N
LONGITUDE: 102 23 W
TEMPERATURE IN F: :PCPN: SNOW: WIND :SUNSHINE: SKY :PK WND
================================================================================
1 2 3 4 5 6A 6B 7 8 9 10 11 12 13 14 15 16 17 18
12Z AVG MX 2MIN
DY MAX MIN AVG DEP HDD CDD WTR SNW DPTH SPD SPD DIR MIN PSBL S-S WX SPD DR
================================================================================
1 73 62 68 -2 0 3 T M M 6.5 14 140 M M 8 138 17 140
2 85 58 72 2 0 7 0.00 M M 5.2 15 60 M M 4 1 18 50
3 85 59 72 2 0 7 0.00 M M 7.4 13 10 M M 0 18 20
4 88 55 72 2 0 7 0.00 M M 5.1 12 180 M M 0 8 16 190
5 90 59 75 6 0 10 0.00 M M 5.4 15 110 M M 4 19 110
6 90 59 75 6 0 10 0.00 M M 7.5 14 120 M M 0 18 120
7 95 65 80 11 0 15 0.00 M M 10.1 18 190 M M 0 26 190
8 96 69 83 15 0 18 0.00 M M 12.8 21 170 M M 0 27 170
9 98 66 82 14 0 17 0.00 M M 12.4 21 170 M M 0 26 180
10 92 53 73 5 0 8 0.00 M M 15.6 41 270 M M 1 8 52 280
11 84 45 65 -2 0 0 0.00 M M 10.0 20 140 M M 0 25 170
12 94 64 79 12 0 14 0.00 M M 19.6 35 210 M M 0 41 220
13 77 58 68 1 0 3 T M M 8.9 29 200 M M 1 36 190
14 86 49 68 2 0 3 0.00 M M 8.1 24 260 M M 0 30 260
15 73 47 60 -6 5 0 0.00 M M 11.1 21 30 M M 0 27 40
16 71 40 56 -10 9 0 T M M 8.9 18 150 M M 0 22 140
17 73 46 60 -5 5 0 0.00 M M 10.2 17 140 M M 0 24 170
18 79 54 67 2 0 2 0.00 M M 12.4 21 170 M M 0 27 160
19 88 59 74 9 0 9 0.00 M M 11.3 20 180 M M 0 27 180
20 87 56 72 8 0 7 0.00 M M 5.0 13 180 M M 0 15 220
21 76 57 67 3 0 2 0.00 M M 8.1 15 160 M M 4 18 19 160
22 83 59 71 7 0 6 0.00 M M 11.8 20 190 M M 2 24 190
23 85 60 73 10 0 8 0.00 M M 13.5 23 180 M M 1 29 170
24 M M M M M M 0.00 M M 8.0 16 190 M M 0 8 21 190
25 M 47 M M M M 0.00 M M 8.6 17 170 M M 0 23 160
26 93 71 82 20 0 17 0.00 M M 15.5 30 250 M M 0 8 38 280
27 72 48 60 -2 5 0 0.00 M M 15.2 29 340 M M 0 8 38 340
28 75 43 59 -2 6 0 0.00 M M 8.5 18 360 M M 0 8 25 350
29 76 43 60 -1 5 0 0.00 M M 6.4 13 320 M M 0 8 19 290
30 86 50 68 8 0 3 0.00 M M 6.5 16 220 M M 0 22 230
31 73 47 60 0 5 0 0.00 M M 9.7 21 50 M M 0 24 50
================================================================================
SM 2423 1648 40 176 T M 305.3 M 25
================================================================================
AV 83.6 54.9 9.8 FASTST M M 1 MAX(MPH)
MISC ----> 41 270 52 280
================================================================================
NOTES:
# LAST OF SEVERAL OCCURRENCES
COLUMN 17 PEAK WIND IN M.P.H.
PRELIMINARY LOCAL CLIMATOLOGICAL DATA (WS FORM: F-6) , PAGE 2
STATION: ODESSA SCHLEYMEYER
MONTH: OCTOBER
YEAR: 2021
LATITUDE: 31 55 N
LONGITUDE: 102 23 W
[TEMPERATURE DATA] [PRECIPITATION DATA] SYMBOLS USED IN COLUMN 16
AVERAGE MONTHLY: 69.2 TOTAL FOR MONTH: T 1 = FOG OR MIST
DPTR FM NORMAL: 3.7 DPTR FM NORMAL: -1.25 2 = FOG REDUCING VISIBILITY
HIGHEST: 98 ON 9 GRTST 24HR 0.06 ON 30- 1 TO 1/4 MILE OR LESS
LOWEST: 40 ON 16 3 = THUNDER
SNOW, ICE PELLETS, HAIL 4 = ICE PELLETS
TOTAL MONTH: M 5 = HAIL
GRTST 24HR M ON M 6 = FREEZING RAIN OR DRIZZLE
GRTST DEPTH: M ON M 7 = DUSTSTORM OR SANDSTORM:
VSBY 1/2 MILE OR LESS
8 = SMOKE OR HAZE
[NO. OF DAYS WITH] [WEATHER - DAYS WITH] 9 = BLOWING SNOW
X = TORNADO
MAX 32 OR BELOW: 0 0.01 INCH OR MORE: 0
MAX 90 OR ABOVE: 8 0.10 INCH OR MORE: 0
MIN 32 OR BELOW: 0 0.50 INCH OR MORE: 0
MIN 0 OR BELOW: 0 1.00 INCH OR MORE: 0
[HDD (BASE 65) ]
TOTAL THIS MO. 40 CLEAR (SCALE 0-3) 27
DPTR FM NORMAL -55 PTCLDY (SCALE 4-7) 4
TOTAL FM JUL 1 40 CLOUDY (SCALE 8-10) 0
DPTR FM NORMAL -63
[CDD (BASE 65) ]
TOTAL THIS MO. 176
DPTR FM NORMAL 65 [PRESSURE DATA]
TOTAL FM JAN 1 2472 HIGHEST SLP 30.41 ON 16
DPTR FM NORMAL 4 LOWEST SLP 29.51 ON 12
[REMARKS]
#FINAL-10-21#