000
CXUS53 KGID 010830
CF6ODX
PRELIMINARY LOCAL CLIMATOLOGICAL DATA (WS FORM: F-6)
STATION: ORD NE
MONTH: JULY
YEAR: 2022
LATITUDE: 41 37 N
LONGITUDE: 98 57 W
TEMPERATURE IN F: :PCPN: SNOW: WIND :SUNSHINE: SKY :PK WND
================================================================================
1 2 3 4 5 6A 6B 7 8 9 10 11 12 13 14 15 16 17 18
12Z AVG MX 2MIN
DY MAX MIN AVG DEP HDD CDD WTR SNW DPTH SPD SPD DIR MIN PSBL S-S WX SPD DR
================================================================================
1 83 63 73 0 0 8 0.61 M M 6.7 18 80 M M 3 13 24 80
2 86 61 74 1 0 9 0.00 M M 7.5 14 190 M M 2 1 19 150
3 87 67 77 4 0 12 0.88 M M 10.8 24 250 M M 6 13 34 260
4 96 68 82 8 0 17 0.29 M M 6.9 17 110 M M 2 13 24 110
5 95 69 82 8 0 17 0.00 M M 7.6 33 30 M M 1 45 20
6 89 67 78 4 0 13 1.52 M M 5.8 22 290 M M 3 1 28 290
7 80 67 74 0 0 9 0.35 M M 5.5 16 30 M M 7 1 23 30
8 84 64 74 0 0 9 0.00 M M 5.8 14 360 M M 3 1 19 360
9 88 63 76 2 0 11 0.00 M M 9.3 20 140 M M 2 1 27 150
10 99 68 84 10 0 19 0.73 M M 10.6 43 250 M M 0 1 58 250
11 83 62 73 -1 0 8 0.02 M M 9.0 20 350 M M 1 31 350
12 85 56 71 -4 0 6 0.00 M M 3.4 9 240 M M 0 14 280
13 92 64 78 3 0 13 T M M 8.1 15 200 M M 1 21 190
14 97 67 82 7 0 17 0.00 M M 9.8 21 180 M M 0 29 170
15 93 68 81 6 0 16 0.00 M M 4.5 15 10 M M 0 21 10
16 91 69 80 5 0 15 0.36 M M 7.6 49 330 M M 4 13 74 320
17 88 70 79 4 0 14 0.00 M M 4.8 12 340 M M 4 1 14 340
18 92 63 78 3 0 13 0.00 M M 9.8 23 160 M M 0 1 30 150
19 92 62 77 2 0 12 0.00 M M 7.1 18 170 M M 0 27 180
20 92 57 75 0 0 10 0.00 M M 5.0 13 160 M M 0 19 170
21 91 62 77 2 0 12 0.16 M M 9.9 32 170 M M 1 3 44 180
22 96 66 81 6 0 16 T M M 6.7 24 10 M M 0 3 35 360
23 99 70 85 10 0 20 0.00 M M 10.6 20 250 M M 0 30 210
24 85 62 74 -1 0 9 0.00 M M 6.5 15 40 M M 0 19 40
25 71 63 67 -8 0 2 0.04 M M 8.6 16 160 M M 9 1 25 160
26 84 64 74 -1 0 9 0.29 M M 5.7 17 230 M M 7 13 25 240
27 85 56 71 -4 0 6 0.02 M M 4.6 17 220 M M 1 1 23 220
28 81 57 69 -6 0 4 0.00 M M 4.6 13 330 M M 1 19 30
29 84 54 69 -6 0 4 0.00 M M 5.9 17 200 M M 0 23 170
30 83 57 70 -5 0 5 0.00 M M 9.2 20 150 M M 0 30 140
31 94 60 77 2 0 12 0.00 M M 5.5 18 220 M M 0 26 220
================================================================================
SM 2745 1966 0 347 5.27 M 223.4 M 58
================================================================================
AV 88.5 63.4 7.2 FASTST M M 2 MAX(MPH)
MISC ----> 49 330 74 320
================================================================================
NOTES:
# LAST OF SEVERAL OCCURRENCES
COLUMN 17 PEAK WIND IN M.P.H.
PRELIMINARY LOCAL CLIMATOLOGICAL DATA (WS FORM: F-6) , PAGE 2
STATION: ORD NE
MONTH: JULY
YEAR: 2022
LATITUDE: 41 37 N
LONGITUDE: 98 57 W
[TEMPERATURE DATA] [PRECIPITATION DATA] SYMBOLS USED IN COLUMN 16
AVERAGE MONTHLY: 76.0 TOTAL FOR MONTH: 5.27 1 = FOG OR MIST
DPTR FM NORMAL: 1.4 DPTR FM NORMAL: 2.62 2 = FOG REDUCING VISIBILITY
HIGHEST: 99 ON 23,10 GRTST 24HR 1.52 ON 6- 6 TO 1/4 MILE OR LESS
LOWEST: 54 ON 29 3 = THUNDER
SNOW, ICE PELLETS, HAIL 4 = ICE PELLETS
TOTAL MONTH: M 5 = HAIL
GRTST 24HR M ON M 6 = FREEZING RAIN OR DRIZZLE
GRTST DEPTH: M ON M 7 = DUSTSTORM OR SANDSTORM:
VSBY 1/2 MILE OR LESS
8 = SMOKE OR HAZE
[NO. OF DAYS WITH] [WEATHER - DAYS WITH] 9 = BLOWING SNOW
X = TORNADO
MAX 32 OR BELOW: 0 0.01 INCH OR MORE: 12
MAX 90 OR ABOVE: 14 0.10 INCH OR MORE: 9
MIN 32 OR BELOW: 0 0.50 INCH OR MORE: 4
MIN 0 OR BELOW: 0 1.00 INCH OR MORE: 1
[HDD (BASE 65) ]
TOTAL THIS MO. 0 CLEAR (SCALE 0-3) 23
DPTR FM NORMAL -5 PTCLDY (SCALE 4-7) 7
TOTAL FM JUL 1 0 CLOUDY (SCALE 8-10) 1
DPTR FM NORMAL 0
[CDD (BASE 65) ]
TOTAL THIS MO. 347
DPTR FM NORMAL 45 [PRESSURE DATA]
TOTAL FM JAN 1 660 HIGHEST SLP 30.20 ON 9
DPTR FM NORMAL 149 LOWEST SLP 29.65 ON 19
[REMARKS]
#FINAL-07-22#