000
CXUS53 KGID 010837
CF6ODX
PRELIMINARY LOCAL CLIMATOLOGICAL DATA (WS FORM: F-6)
STATION: ORD NE
MONTH: NOVEMBER
YEAR: 2021
LATITUDE: 41 37 N
LONGITUDE: 98 57 W
TEMPERATURE IN F: :PCPN: SNOW: WIND :SUNSHINE: SKY :PK WND
================================================================================
1 2 3 4 5 6A 6B 7 8 9 10 11 12 13 14 15 16 17 18
12Z AVG MX 2MIN
DY MAX MIN AVG DEP HDD CDD WTR SNW DPTH SPD SPD DIR MIN PSBL S-S WX SPD DR
================================================================================
1 40 25 33 -9 32 0 0.03 M M 3.9 12 220 M M 9 12 15 220
2 46 19 33 -9 32 0 0.00 M M 3.4 12 210 M M 7 12 18 230
3 49 27 38 -3 27 0 0.00 M M 7.5 15 200 M M 6 12 21 200
4 64 23 44 3 21 0 0.00 M M 5.2 18 180 M M 3 12 25 170
5 74 33 54 14 11 0 0.00 M M 6.6 17 220 M M 0 24 220
6 73 26 50 10 15 0 0.00 M M 3.8 16 180 M M 0 21 180
7 75 37 56 16 9 0 0.00 M M 3.1 9 320 M M 1 12 11 260
8 58 36 47 8 18 0 0.00 M M 11.1 22 20 M M 0 29 10
9 59 28 44 5 21 0 T M M 5.1 13 320 M M 1 19 120
10 50 33 42 4 23 0 0.15 M M 8.3 26 330 M M 7 1 38 310
11 52 33 43 5 22 0 0.00 M M 21.5 45 310 M M 2 61 310
12 39 17 28 -9 37 0 T M M 21.4 38 330 M M 7 55 340
13 50 16 33 -4 32 0 0.07 M M 7.9 28 320 M M 6 37 320
14 56 36 46 9 19 0 T M M 6.7 18 330 M M 6 24 320
15 73 32 53 17 12 0 0.00 M M 3.4 15 310 M M 0 21 300
16 75 34 55 19 10 0 0.00 M M 7.7 24 360 M M 0 35 350
17 47 25 36 1 29 0 0.00 M M 15.6 31 320 M M 1 45 300
18 44 18 31 -4 34 0 0.00 M M 7.2 18 320 M M 0 26 330
19 50 27 39 5 26 0 0.00 M M 8.2 21 200 M M 1 28 180
20 57 22 40 6 25 0 0.00 M M 5.3 15 30 M M 1 21 120
21 47 20 34 0 31 0 0.00 M M 8.1 24 350 M M 1 33 360
22 60 24 42 9 23 0 0.00 M M 3.1 14 290 M M 3 19 340
23 70 23 47 14 18 0 0.00 M M 5.4 24 200 M M 0 33 200
24 44 30 37 5 28 0 0.00 M M 16.9 33 350 M M 3 44 340
25 39 13 26 -6 39 0 0.00 M M 8.5 21 330 M M 2 27 330
26 70 21 46 14 19 0 0.00 M M 3.3 14 300 M M 0 18 300
27 58 24 41 10 24 0 0.00 M M 12.4 29 330 M M 0 41 320
28 58 17 38 7 27 0 0.00 M M 5.4 21 210 M M 0 28 210
29 72 27 50 19 15 0 0.00 M M 6.0 22 340 M M 0 29 330
30 61 31 46 16 19 0 0.00 M M 6.5 14 240 M M 2 19 230
================================================================================
SM 1710 777 698 0 0.25 M 238.5 M 69
================================================================================
AV 57.0 25.9 7.9 FASTST M M 2 MAX(MPH)
MISC ----> 45 310 61 310
================================================================================
NOTES:
# LAST OF SEVERAL OCCURRENCES
COLUMN 17 PEAK WIND IN M.P.H.
PRELIMINARY LOCAL CLIMATOLOGICAL DATA (WS FORM: F-6) , PAGE 2
STATION: ORD NE
MONTH: NOVEMBER
YEAR: 2021
LATITUDE: 41 37 N
LONGITUDE: 98 57 W
[TEMPERATURE DATA] [PRECIPITATION DATA] SYMBOLS USED IN COLUMN 16
AVERAGE MONTHLY: 41.5 TOTAL FOR MONTH: 0.25 1 = FOG OR MIST
DPTR FM NORMAL: 5.4 DPTR FM NORMAL: -0.62 2 = FOG REDUCING VISIBILITY
HIGHEST: 75 ON 16, 7 GRTST 24HR 0.15 ON 10-10 TO 1/4 MILE OR LESS
LOWEST: 13 ON 25 3 = THUNDER
SNOW, ICE PELLETS, HAIL 4 = ICE PELLETS
TOTAL MONTH: M 5 = HAIL
GRTST 24HR M ON M 6 = FREEZING RAIN OR DRIZZLE
GRTST DEPTH: M ON M 7 = DUSTSTORM OR SANDSTORM:
VSBY 1/2 MILE OR LESS
8 = SMOKE OR HAZE
[NO. OF DAYS WITH] [WEATHER - DAYS WITH] 9 = BLOWING SNOW
X = TORNADO
MAX 32 OR BELOW: 0 0.01 INCH OR MORE: 3
MAX 90 OR ABOVE: 0 0.10 INCH OR MORE: 1
MIN 32 OR BELOW: 23 0.50 INCH OR MORE: 0
MIN 0 OR BELOW: 0 1.00 INCH OR MORE: 0
[HDD (BASE 65) ]
TOTAL THIS MO. 698 CLEAR (SCALE 0-3) 22
DPTR FM NORMAL -170 PTCLDY (SCALE 4-7) 7
TOTAL FM JUL 1 1147 CLOUDY (SCALE 8-10) 1
DPTR FM NORMAL -350
[CDD (BASE 65) ]
TOTAL THIS MO. 0
DPTR FM NORMAL 0 [PRESSURE DATA]
TOTAL FM JAN 1 1031 HIGHEST SLP 30.56 ON 25
DPTR FM NORMAL 192 LOWEST SLP 29.53 ON 16
[REMARKS]
#FINAL-11-21#