000
CXHW52 PHFO 011250
CF6OGG
PRELIMINARY LOCAL CLIMATOLOGICAL DATA (WS FORM: F-6)
STATION: KAHULUI HI
MONTH: JUNE
YEAR: 2020
LATITUDE: 20 53 N
LONGITUDE: 156 26 W
TEMPERATURE IN F: :PCPN: SNOW: WIND :SUNSHINE: SKY :PK WND
================================================================================
1 2 3 4 5 6A 6B 7 8 9 10 11 12 13 14 15 16 17 18
12Z AVG MX 2MIN
DY MAX MIN AVG DEP HDD CDD WTR SNW DPTH SPD SPD DIR MIN PSBL S-S WX SPD DR
================================================================================
1 88 76 82 5 0 17 0.00 0.0 M 15.5 25 30 M M M 29 30
2 92 72 82 5 0 17 0.00 0.0 M 13.1 30 40 M M M 35 40
3 92 69 81 4 0 16 0.00 0.0 M 13.0 28 50 M M M 35 50
4 91 71 81 4 0 16 0.00 0.0 M 14.7 28 60 M M M 37 50
5 91 76 84 7 0 19 0.00 0.0 M 15.9 26 60 M M M 36 50
6 91 71 81 3 0 16 0.00 0.0 M 13.5 28 60 M M M 37 80
7 90 70 80 2 0 15 T 0.0 M 12.7 30 40 M M M 36 40
8 91 67 79 1 0 14 0.00 0.0 M 12.3 30 40 M M M 36 40
9 90 72 81 3 0 16 0.00 0.0 M 13.8 30 40 M M M 37 60
10 90 76 83 5 0 18 0.00 0.0 M 18.1 31 50 M M M 40 40
11 90 76 83 5 0 18 0.00 0.0 M 18.6 33 50 M M M 46 50
12 90 75 83 5 0 18 T 0.0 M 19.9 32 40 M M M 42 60
13 88 76 82 4 0 17 0.00 0.0 M 20.1 30 70 M M M 41 80
14 89 74 82 4 0 17 T 0.0 M 17.9 33 60 M M M 42 50
15 90 75 83 5 0 18 T 0.0 M 17.7 31 70 M M M 43 70
16 87 75 81 3 0 16 T 0.0 M 15.3 28 50 M M M 8 37 60
17 93 75 84 6 0 19 0.00 0.0 M 14.6 28 70 M M M 37 80
18 92 69 81 3 0 16 0.00 0.0 M 15.1 31 60 M M M 42 70
19 88 76 82 4 0 17 T 0.0 M 16.6 28 50 M M M 38 40
20 92 70 81 3 0 16 0.00 0.0 M 14.5 30 60 M M M 38 60
21 91 71 81 3 0 16 0.00 0.0 M 11.8 25 70 M M M 33 70
22 93 73 83 5 0 18 0.00 0.0 M 14.0 29 40 M M M 33 30
23 91 70 81 3 0 16 0.00 0.0 M 14.5 30 40 M M M 36 40
24 92 69 81 3 0 16 T 0.0 M 7.1 24 40 M M M 36 50
25 94 75 85 7 0 20 0.00 0.0 M 13.2 28 50 M M M 35 60
26 91 76 84 5 0 19 0.00 0.0 M 16.4 28 40 M M M 35 30
27 88 75 82 3 0 17 0.00 0.0 M 13.9 25 30 M M M 29 40
28 92 69 81 2 0 16 0.00 0.0 M 9.8 25 40 M M M 29 50
29 94 70 82 3 0 17 0.00 0.0 M 10.7 24 30 M M M 29 40
30 93 75 84 5 0 19 T 0.0 M 15.4 26 50 M M M 35 60
================================================================================
SM 2724 2184 0 510 T 0.0 439.7 M M
================================================================================
AV 90.8 72.8 14.7 FASTST M M 0 MAX(MPH)
MISC ----> # 33 50 # 46 50
================================================================================
NOTES:
# LAST OF SEVERAL OCCURRENCES
COLUMN 17 PEAK WIND IN M.P.H.
PRELIMINARY LOCAL CLIMATOLOGICAL DATA (WS FORM: F-6) , PAGE 2
STATION: KAHULUI HI
MONTH: JUNE
YEAR: 2020
LATITUDE: 20 53 N
LONGITUDE: 156 26 W
[TEMPERATURE DATA] [PRECIPITATION DATA] SYMBOLS USED IN COLUMN 16
AVERAGE MONTHLY: 81.8 TOTAL FOR MONTH: T 1 = FOG OR MIST
DPTR FM NORMAL: 3.8 DPTR FM NORMAL: -0.20 2 = FOG REDUCING VISIBILITY
HIGHEST: 94 ON 29,25 GRTST 24HR T ON 30-30 TO 1/4 MILE OR LESS
LOWEST: 67 ON 8 3 = THUNDER
SNOW, ICE PELLETS, HAIL 4 = ICE PELLETS
TOTAL MONTH: 0.0 INCH 5 = HAIL
GRTST 24HR 0.0 6 = FREEZING RAIN OR DRIZZLE
GRTST DEPTH: M ON M 7 = DUSTSTORM OR SANDSTORM:
VSBY 1/2 MILE OR LESS
8 = SMOKE OR HAZE
[NO. OF DAYS WITH] [WEATHER - DAYS WITH] 9 = BLOWING SNOW
X = TORNADO
MAX 32 OR BELOW: 0 0.01 INCH OR MORE: 0
MAX 90 OR ABOVE: 24 0.10 INCH OR MORE: 0
MIN 32 OR BELOW: 0 0.50 INCH OR MORE: 0
MIN 0 OR BELOW: 0 1.00 INCH OR MORE: 0
[HDD (BASE 65) ]
TOTAL THIS MO. 0 CLEAR (SCALE 0-3) 0
DPTR FM NORMAL 0 PTCLDY (SCALE 4-7) 0
TOTAL FM JUL 1 0 CLOUDY (SCALE 8-10) 0
DPTR FM NORMAL 0
[CDD (BASE 65) ]
TOTAL THIS MO. 510
DPTR FM NORMAL 122 [PRESSURE DATA]
TOTAL FM JAN 1 2095 HIGHEST SLP 30.18 ON 12
DPTR FM NORMAL 448 LOWEST SLP 29.94 ON 28
[REMARKS]
#FINAL-06-20#