000
CXUS53 KEAX 010836
CF6OJC
PRELIMINARY LOCAL CLIMATOLOGICAL DATA (WS FORM: F-6)
STATION: JOHNSON COUNTY EXECUTIVE KS
MONTH: NOVEMBER
YEAR: 2022
LATITUDE: 38 50 N
LONGITUDE: 94 44 W
TEMPERATURE IN F: :PCPN: SNOW: WIND :SUNSHINE: SKY :PK WND
================================================================================
1 2 3 4 5 6A 6B 7 8 9 10 11 12 13 14 15 16 17 18
12Z AVG MX 2MIN
DY MAX MIN AVG DEP HDD CDD WTR SNW DPTH SPD SPD DIR MIN PSBL S-S WX SPD DR
================================================================================
1 78 40 59 9 6 0 0.00 M M 6.4 17 180 M M 0 24 180
2 75 52 64 14 1 0 0.00 M M 11.3 23 180 M M 0 31 200
3 76 57 67 18 0 2 0.00 M M 16.5 32 200 M M 5 45 200
4 68 40 54 5 11 0 2.49 M M 12.2 20 20 M M 10 13 39 290
5 55 33 44 -4 21 0 0.18 M M 11.8 18 270 M M 4 1 28 280
6 63 42 53 5 12 0 0.00 M M 7.9 15 30 M M 0 24 200
7 57 44 51 3 14 0 0.00 M M 10.9 20 70 M M 2 28 60
8 62 49 56 9 9 0 0.02 M M 10.0 17 160 M M 9 18 24 170
9 71 56 64 17 1 0 0.00 M M 12.4 21 170 M M 5 1 32 210
10 72 37 55 9 10 0 0.84 M M 13.4 25 360 M M 8 13 35 20
11 37 25 31 -15 34 0 0.01 M M 13.1 22 350 M M 1 1 33 360
12 30 19 25 -20 40 0 0.00 M M 8.1 17 320 M M 5 25 300
13 39 17 28 -17 37 0 0.00 M M 5.6 14 150 M M 0 1 18 140
14 40 29 35 -9 30 0 0.08 M M 6.0 14 170 M M 9 1 19 160
15 39 24 32 -12 33 0 0.03 M M 6.9 18 320 M M 7 1 25 320
16 33 20 27 -17 38 0 T M M 8.0 17 320 M M 4 26 320
17 44 20 32 -11 33 0 0.00 M M 8.7 18 320 M M 4 28 300
18 27 17 22 -21 43 0 0.00 M M 9.1 21 330 M M 0 30 320
19 35 19 27 -15 38 0 0.00 M M 8.7 22 340 M M 1 32 330
20 48 17 33 -9 32 0 0.00 M M 8.9 17 200 M M 0 26 200
21 55 30 43 1 22 0 0.00 M M 6.8 13 210 M M 0 19 230
22 61 30 46 5 19 0 0.00 M M 6.6 16 220 M M 0 23 200
23 58 36 47 6 18 0 0.01 M M 8.2 18 180 M M 4 1 25 200
24 60 39 50 10 15 0 0.00 M M 5.5 16 10 M M 7 1 22 10
25 55 31 43 3 22 0 0.00 M M 3.1 10 10 M M 0 13 30
26 54 29 42 2 23 0 1.35 M M 5.7 14 40 M M 3 1 20 40
27 45 32 39 0 26 0 0.26 M M 8.9 18 340 M M 6 1 26 340
28 54 26 40 1 25 0 0.00 M M 8.5 16 170 M M 0 22 190
29 58 25 42 3 23 0 0.00 M M 15.0 26 230 M M 3 8 43 230
30 37 21 29 -9 36 0 0.00 M M 6.5 17 310 M M 0 26 350
================================================================================
SM 1586 956 672 2 5.27 M 270.7 M 97
================================================================================
AV 52.9 31.9 9.0 FASTST M M 3 MAX(MPH)
MISC ----> 32 200 45 200
================================================================================
NOTES:
# LAST OF SEVERAL OCCURRENCES
COLUMN 17 PEAK WIND IN M.P.H.
PRELIMINARY LOCAL CLIMATOLOGICAL DATA (WS FORM: F-6) , PAGE 2
STATION: JOHNSON COUNTY EXECUTIVE KS
MONTH: NOVEMBER
YEAR: 2022
LATITUDE: 38 50 N
LONGITUDE: 94 44 W
[TEMPERATURE DATA] [PRECIPITATION DATA] SYMBOLS USED IN COLUMN 16
AVERAGE MONTHLY: 42.4 TOTAL FOR MONTH: 5.27 1 = FOG OR MIST
DPTR FM NORMAL: -1.6 DPTR FM NORMAL: 3.24 2 = FOG REDUCING VISIBILITY
HIGHEST: 78 ON 1 GRTST 24HR 2.67 ON 4- 5 TO 1/4 MILE OR LESS
LOWEST: 17 ON 20,18 3 = THUNDER
SNOW, ICE PELLETS, HAIL 4 = ICE PELLETS
TOTAL MONTH: M 5 = HAIL
GRTST 24HR M ON M 6 = FREEZING RAIN OR DRIZZLE
GRTST DEPTH: M ON M 7 = DUSTSTORM OR SANDSTORM:
VSBY 1/2 MILE OR LESS
8 = SMOKE OR HAZE
[NO. OF DAYS WITH] [WEATHER - DAYS WITH] 9 = BLOWING SNOW
X = TORNADO
MAX 32 OR BELOW: 2 0.01 INCH OR MORE: 10
MAX 90 OR ABOVE: 0 0.10 INCH OR MORE: 5
MIN 32 OR BELOW: 18 0.50 INCH OR MORE: 3
MIN 0 OR BELOW: 0 1.00 INCH OR MORE: 2
[HDD (BASE 65) ]
TOTAL THIS MO. 672 CLEAR (SCALE 0-3) 15
DPTR FM NORMAL 40 PTCLDY (SCALE 4-7) 11
TOTAL FM JUL 1 918 CLOUDY (SCALE 8-10) 4
DPTR FM NORMAL -52
[CDD (BASE 65) ]
TOTAL THIS MO. 2
DPTR FM NORMAL 1 [PRESSURE DATA]
TOTAL FM JAN 1 1736 HIGHEST SLP 30.53 ON 18
DPTR FM NORMAL 385 LOWEST SLP 29.42 ON 29
[REMARKS]
#FINAL-11-22#