423
CXUS53 KEAX 011947 RRA
CLSOJC
CLIMATE REPORT
NATIONAL WEATHER SERVICE
131 PM CST MON MAR 01 2021
...................................
...THE JOHNSON COUNTY EXECUTIVE KS CLIMATE SUMMARY FOR THE SEASON, FROM
12/1/2020 TO 2/28/2021...
CLIMATE NORMAL PERIOD: 1981 TO 2010
CLIMATE RECORD PERIOD: 9999 TO 9999
WEATHER OBSERVED NORMAL DEPART LAST YEAR`S
VALUE DATE(S) VALUE FROM VALUE DATE(S)
NORMAL
................................................................
TEMPERATURE (F)
HIGHEST 68 12/09 68 0 66 12/25
02/23
02/02
LOWEST -13R 02/16 2 -15 0 02/14
AVG. MAXIMUM 40.0 41.5 -1.5 43.7
AVG. MINIMUM 22.6 23.3 -0.7 25.9
MEAN 31.3 32.4 -1.1 34.8
DAYS MAX >= 90 0 0.0 0.0 MM
DAYS MAX <= 32 22 20.8 1.2 MM
DAYS MIN <= 32 78 70.2 7.8 MM
DAYS MIN <= 0 4 3.0 1.0 MM
PRECIPITATION (INCHES)
TOTALS 2.14R 4.33 -2.19 3.48
DAILY AVG. 0.02 0.05 -0.03 0.04
DAYS >= .01 14 17.8 -3.8 MM
DAYS >= .10 3 9.9 -6.9 MM
DAYS >= .50 2 2.6 -0.6 MM
DAYS >= 1.00 0 0.9 -0.9 MM
GREATEST
24 HR. TOTAL 0.96 01/30 TO 01/30
DEGREE DAYS
HEATING TOTAL 2983 2939 44 2726
COOLING TOTAL 0 0 0 0
................................................................
WIND (MPH)
AVERAGE WIND SPEED 8.6
HIGHEST WIND SPEED/DIRECTION 31/200 DATE 12/18
HIGHEST GUST SPEED/DIRECTION 48/320 DATE 01/14
SKY COVER
POSSIBLE SUNSHINE (PERCENT) MM
AVERAGE SKY COVER 0.44
NUMBER OF DAYS FAIR 41
NUMBER OF DAYS PC 26
NUMBER OF DAYS CLOUDY 23
AVERAGE RH (PERCENT) 72
WEATHER CONDITIONS. NUMBER OF DAYS WITH
THUNDERSTORM 0 MIXED PRECIP 0
HEAVY RAIN 1 RAIN 5
LIGHT RAIN 10 FREEZING RAIN 1
LT FREEZING RAIN 3 HAIL 0
HEAVY SNOW 0 SNOW 5
LIGHT SNOW 19 SLEET 0
FOG 43 FOG W/VIS <= 1/4 MILE 9
HAZE 11
- INDICATES NEGATIVE NUMBERS.
R INDICATES RECORD WAS SET OR TIED.
MM INDICATES DATA IS MISSING.
T INDICATES TRACE AMOUNT.
$$