000
CXUS56 KSGX 011145
CF6OKB
PRELIMINARY LOCAL CLIMATOLOGICAL DATA (WS FORM: F-6)
STATION: OCEANSIDE AIRPORT CA
MONTH: JANUARY
YEAR: 2021
LATITUDE: 33 13 N
LONGITUDE: 117 21 W
TEMPERATURE IN F: :PCPN: SNOW: WIND :SUNSHINE: SKY :PK WND
================================================================================
1 2 3 4 5 6A 6B 7 8 9 10 11 12 13 14 15 16 17 18
12Z AVG MX 2MIN
DY MAX MIN AVG DEP HDD CDD WTR SNW DPTH SPD SPD DIR MIN PSBL S-S WX SPD DR
================================================================================
1 71 34 53 1 12 0 0.00 M M 3.1 13 240 M M 0 1 15 240
2 64 35 50 -2 15 0 0.00 M M 2.3 9 250 M M 2 1 12 220
3 63 38 51 -1 14 0 0.00 M M 2.5 12 250 M M 1 1 14 250
4 64 39 52 0 13 0 0.00 M M 4.3 17 290 M M 4 1 23 260
5 60 42 51 -1 14 0 0.00 M M 4.3 12 250 M M 7 18 14 240
6 61 37 49 -3 16 0 0.00 M M 2.3 13 240 M M 4 128 14 250
7 68 36 52 -1 13 0 0.00 M M 2.7 17 260 M M 3 12 21 250
8 63 35 49 -4 16 0 0.00 M M 2.7 12 280 M M 3 128 15 290
9 72 32 52 -1 13 0 0.00 M M 2.4 14 250 M M 0 128 17 260
10 71 36 54 1 11 0 0.00 M M 3.9 12 260 M M 0 15 270
11 70 36 53 0 12 0 0.00 M M 3.1 14 280 M M 0 18 270
12 71 35 53 0 12 0 0.00 M M 3.2 13 260 M M 0 16 270
13 71 36 54 1 11 0 0.00 M M 2.6 10 240 M M 0 13 250
14 79 39 59 6 6 0 0.00 M M 2.6 13 260 M M 0 15 250
15 92 38 65 12 0 0 0.00 M M 4.3 15 250 M M 0 21 30
16 79 39 59 6 6 0 0.00 M M 2.5 12 210 M M 0 15 220
17 83 44 64 11 1 0 0.00 M M 3.4 13 250 M M 0 16 250
18 75 38 57 4 8 0 0.00 M M 3.3 14 250 M M 2 18 17 260
19 72 50 61 8 4 0 T M M 6.8 24 120 M M 6 18 35 120
20 78 46 62 9 3 0 0.00 M M 4.2 21 90 M M 3 26 90
21 68 44 56 3 9 0 0.00 M 0 2.5 13 250 M M 3 12 16 250
22 64 46 55 2 10 0 0.33 M 0 5.7 15 200 M M 9 1 19 190
23 57 39 48 -5 17 0 0.26 M 0 3.8 20 280 M M 7 1 27 280
24 59 37 48 -6 17 0 0.02 M M 5.0 17 210 M M 6 1 25 210
25 55 43 49 -5 16 0 0.12 M M 16.5 29 300 M M 7 13 43 270
26 57 34 46 -8 19 0 T M M 3.5 21 290 M M 2 33 300
27 60 36 48 -6 17 0 0.00 M M 2.7 10 240 M M 1 14 240
28 63 36 50 -4 15 0 T M M 4.4 13 200 M M 1 1 19 210
29 60 40 50 -4 15 0 1.11 M M 3.3 20 240 M M 7 1 27 240
30 61 38 50 -4 15 0 0.00 M M 2.7 14 290 M M 0 1 17 300
31 69 40 55 1 10 0 0.00 M M 3.2 10 270 M M 0 12 270
================================================================================
SM 2100 1198 360 0 1.84 M 119.8 M 78
================================================================================
AV 67.7 38.6 3.9 FASTST M M 3 MAX(MPH)
MISC ----> 29 300 43 270
================================================================================
NOTES:
# LAST OF SEVERAL OCCURRENCES
COLUMN 17 PEAK WIND IN M.P.H.
PRELIMINARY LOCAL CLIMATOLOGICAL DATA (WS FORM: F-6) , PAGE 2
STATION: OCEANSIDE AIRPORT CA
MONTH: JANUARY
YEAR: 2021
LATITUDE: 33 13 N
LONGITUDE: 117 21 W
[TEMPERATURE DATA] [PRECIPITATION DATA] SYMBOLS USED IN COLUMN 16
AVERAGE MONTHLY: 53.2 TOTAL FOR MONTH: 1.84 1 = FOG OR MIST
DPTR FM NORMAL: 0.2 DPTR FM NORMAL: -0.81 2 = FOG REDUCING VISIBILITY
HIGHEST: 92 ON 15 GRTST 24HR 1.11 ON 29-29 TO 1/4 MILE OR LESS
LOWEST: 32 ON 9 3 = THUNDER
SNOW, ICE PELLETS, HAIL 4 = ICE PELLETS
TOTAL MONTH: M 5 = HAIL
GRTST 24HR M ON M 6 = FREEZING RAIN OR DRIZZLE
GRTST DEPTH: 0 7 = DUSTSTORM OR SANDSTORM:
VSBY 1/2 MILE OR LESS
8 = SMOKE OR HAZE
[NO. OF DAYS WITH] [WEATHER - DAYS WITH] 9 = BLOWING SNOW
X = TORNADO
MAX 32 OR BELOW: 0 0.01 INCH OR MORE: 5
MAX 90 OR ABOVE: 1 0.10 INCH OR MORE: 4
MIN 32 OR BELOW: 1 0.50 INCH OR MORE: 1
MIN 0 OR BELOW: 0 1.00 INCH OR MORE: 1
[HDD (BASE 65) ]
TOTAL THIS MO. 360 CLEAR (SCALE 0-3) 22
DPTR FM NORMAL -11 PTCLDY (SCALE 4-7) 8
TOTAL FM JUL 1 1030 CLOUDY (SCALE 8-10) 1
DPTR FM NORMAL -75
[CDD (BASE 65) ]
TOTAL THIS MO. 0
DPTR FM NORMAL 0 [PRESSURE DATA]
TOTAL FM JAN 1 0 HIGHEST SLP 30.29 ON 2
DPTR FM NORMAL 0 LOWEST SLP 29.71 ON 19
[REMARKS]
#FINAL-01-21#