000
CXUS56 KSGX 011245
CF6OKB
PRELIMINARY LOCAL CLIMATOLOGICAL DATA (WS FORM: F-6)
STATION: OCEANSIDE AIRPORT CA
MONTH: AUGUST
YEAR: 2020
LATITUDE: 33 13 N
LONGITUDE: 117 21 W
TEMPERATURE IN F: :PCPN: SNOW: WIND :SUNSHINE: SKY :PK WND
================================================================================
1 2 3 4 5 6A 6B 7 8 9 10 11 12 13 14 15 16 17 18
12Z AVG MX 2MIN
DY MAX MIN AVG DEP HDD CDD WTR SNW DPTH SPD SPD DIR MIN PSBL S-S WX SPD DR
================================================================================
1 80 57 69 0 0 4 0.00 0.0 0 4.2 13 230 M M 0 18 16 240
2 78 M M M M M 0.00 0.0 0 4.7 12 250 M M 7 18 M M
3 77 66 72 3 0 7 0.00 0.0 0 5.5 13 250 M M 7 18 16 250
4 77 66 72 3 0 7 0.00 0.0 0 5.9 13 240 M M 8 18 19 240
5 76 67 72 3 0 7 0.00 0.0 0 5.5 13 250 M M 7 17 240
6 76 57 67 -2 0 2 0.00 0.0 0 5.9 14 250 M M 5 1 18 240
7 78 55 67 -2 0 2 0.00 0.0 0 4.8 15 250 M M 4 1 20 250
8 79 59 69 0 0 4 0.00 0.0 0 4.9 16 270 M M 4 18 22 240
9 78 63 71 2 0 6 0.00 0.0 0 4.9 15 240 M M 6 18 21 250
10 77 59 68 -1 0 3 0.00 0.0 0 5.4 16 250 M M 5 18 20 250
11 77 58 68 -2 0 3 0.00 0.0 0 5.3 15 250 M M 5 18 19 260
12 79 54 67 -3 0 2 0.00 0.0 0 4.4 14 240 M M 0 18 16 240
13 86 65 76 6 0 11 0.00 0.0 0 4.2 13 250 M M 0 18 17 240
14 88 61 75 5 0 10 0.00 0.0 0 4.6 14 250 M M 0 1 18 240
15 87 66 77 7 0 12 0.00 0.0 0 4.3 14 240 M M 0 18 17 220
16 87 66 77 7 0 12 0.00 0.0 0 3.9 15 210 M M 1 18 20 220
17 85 67 76 6 0 11 0.00 0.0 0 4.8 14 230 M M 3 18 16 230
18 89 68 79 9 0 14 0.00 0.0 0 4.9 16 210 M M 1 18 20 200
19 84 66 75 5 0 10 0.00 0.0 0 4.6 12 210 M M 1 1 16 220
20 86 69 78 8 0 13 0.00 0.0 0 5.1 16 210 M M 5 18 21 210
21 90 65 78 9 0 13 0.00 0.0 0 4.8 13 230 M M 0 1 18 240
22 92 70 81 12 0 16 0.00 0.0 0 5.2 14 210 M M 0 20 240
23 87 69 78 9 0 13 0.00 0.0 0 5.5 15 250 M M 2 1 19 240
24 84 72 78 9 0 13 0.00 0.0 0 5.8 16 270 M M 8 18 22 250
25 82 66 74 5 0 9 0.00 0.0 0 5.6 16 260 M M 4 18 21 260
26 80 65 73 4 0 8 0.00 0.0 0 5.3 14 240 M M 5 1 18 240
27 83 63 73 4 0 8 0.00 0.0 0 5.7 15 250 M M 3 128 19 260
28 79 60 70 1 0 5 0.00 0.0 0 4.3 16 240 M M 4 18 20 260
29 77 61 69 0 0 4 0.00 0.0 0 5.1 15 240 M M 6 20 240
30 79 66 73 4 0 8 0.00 0.0 0 6.4 15 250 M M 6 20 250
31 77 66 72 3 0 7 0.00 0.0 0 5.0 15 260 M M 6 20 240
================================================================================
SM 2534 1912 0 244 0.00 0.0 156.5 M 113
================================================================================
AV 81.7 63.7 5.0 FASTST M M 4 MAX(MPH)
MISC ----> # 16 270 # 22 240
================================================================================
NOTES:
# LAST OF SEVERAL OCCURRENCES
COLUMN 17 PEAK WIND IN M.P.H.
PRELIMINARY LOCAL CLIMATOLOGICAL DATA (WS FORM: F-6) , PAGE 2
STATION: OCEANSIDE AIRPORT CA
MONTH: AUGUST
YEAR: 2020
LATITUDE: 33 13 N
LONGITUDE: 117 21 W
[TEMPERATURE DATA] [PRECIPITATION DATA] SYMBOLS USED IN COLUMN 16
AVERAGE MONTHLY: 72.7 TOTAL FOR MONTH: 0.00 1 = FOG OR MIST
DPTR FM NORMAL: 3.3 DPTR FM NORMAL: -0.15 2 = FOG REDUCING VISIBILITY
HIGHEST: 92 ON 22 GRTST 24HR 0.00 ON 31-31 TO 1/4 MILE OR LESS
LOWEST: 54 ON 12 3 = THUNDER
SNOW, ICE PELLETS, HAIL 4 = ICE PELLETS
TOTAL MONTH: 0.0 INCH 5 = HAIL
GRTST 24HR 0.0 6 = FREEZING RAIN OR DRIZZLE
GRTST DEPTH: 0 7 = DUSTSTORM OR SANDSTORM:
VSBY 1/2 MILE OR LESS
8 = SMOKE OR HAZE
[NO. OF DAYS WITH] [WEATHER - DAYS WITH] 9 = BLOWING SNOW
X = TORNADO
MAX 32 OR BELOW: 0 0.01 INCH OR MORE: 0
MAX 90 OR ABOVE: 2 0.10 INCH OR MORE: 0
MIN 32 OR BELOW: 0 0.50 INCH OR MORE: 0
MIN 0 OR BELOW: 0 1.00 INCH OR MORE: 0
[HDD (BASE 65) ]
TOTAL THIS MO. 0 CLEAR (SCALE 0-3) 12
DPTR FM NORMAL -2 PTCLDY (SCALE 4-7) 19
TOTAL FM JUL 1 1 CLOUDY (SCALE 8-10) 0
DPTR FM NORMAL -4
[CDD (BASE 65) ]
TOTAL THIS MO. 244
DPTR FM NORMAL 106 [PRESSURE DATA]
TOTAL FM JAN 1 524 HIGHEST SLP M ON M
DPTR FM NORMAL 224 LOWEST SLP 29.65 ON M
[REMARKS]
#FINAL-08-20#