000
CXUS56 KSGX 011245
CF6OKB
PRELIMINARY LOCAL CLIMATOLOGICAL DATA (WS FORM: F-6)
STATION: OCEANSIDE AIRPORT CA
MONTH: APRIL
YEAR: 2020
LATITUDE: 33 13 N
LONGITUDE: 117 21 W
TEMPERATURE IN F: :PCPN: SNOW: WIND :SUNSHINE: SKY :PK WND
================================================================================
1 2 3 4 5 6A 6B 7 8 9 10 11 12 13 14 15 16 17 18
12Z AVG MX 2MIN
DY MAX MIN AVG DEP HDD CDD WTR SNW DPTH SPD SPD DIR MIN PSBL S-S WX SPD DR
================================================================================
1 67 48 58 1 7 0 0.00 0.0 0 5.1 13 210 M M 7 128 19 220
2 67 50 59 2 6 0 0.00 0.0 0 7.1 20 200 M M 7 18 26 210
3 66 47 57 0 8 0 0.00 0.0 0 4.3 14 240 M M 3 18 18 240
4 66 52 59 2 6 0 0.00 0.0 0 7.3 15 200 M M 9 18 20 230
5 65 51 58 1 7 0 0.07 0.0 0 6.9 16 220 M M 9 18 20 230
6 61 55 58 0 7 0 1.00 0.0 0 8.7 23 190 M M 9 18 29 200
7 63 53 58 0 7 0 0.22 0.0 0 4.3 21 150 M M 8 18 31 160
8 63 51 57 -1 8 0 0.23 0.0 0 5.3 15 240 M M 6 18 22 220
9 62 51 57 -1 8 0 1.08 0.0 0 6.1 14 140 M M 8 18 17 150
10 56 52 54 -4 11 0 2.16 0.0 0 5.1 13 70 M M 10 18 15 70
11 66 47 57 -1 8 0 T M 0 4.8 13 260 M M 4 18 18 250
12 63 57 60 2 5 0 T 0.0 0 5.5 16 250 M M 10 18 18 250
13 67 53 60 2 5 0 0.01 0.0 0 4.7 13 280 M M 7 18 17 270
14 68 51 60 2 5 0 0.00 0.0 0 4.9 16 260 M M 3 18 22 260
15 75 47 61 3 4 0 0.00 0.0 0 4.7 15 260 M M 0 18 18 260
16 71 48 60 1 5 0 0.00 0.0 0 4.1 13 250 M M 1 18 17 250
17 67 49 58 -1 7 0 T M 0 6.1 14 250 M M 7 18 19 200
18 68 56 62 3 3 0 T 0.0 0 5.5 14 260 M M 8 18 250
19 67 56 62 3 3 0 0.00 0.0 0 6.5 17 300 M M 8 24 300
20 68 57 63 4 2 0 0.00 0.0 0 5.7 17 260 M M 7 24 290
21 69 55 62 3 3 0 0.00 0.0 0 5.1 15 250 M M 4 19 240
22 75 52 64 5 1 0 0.00 0.0 0 5.4 15 250 M M 0 1 18 260
23 81 52 67 8 0 2 0.00 0.0 0 3.3 12 260 M M 0 1 13 250
24 82 55 69 9 0 4 0.00 0.0 0 3.9 15 270 M M 0 1 18 250
25 80 62 71 11 0 6 0.00 0.0 0 3.9 13 240 M M 6 12 15 240
26 86 56 71 11 0 6 0.00 0.0 0 4.0 14 250 M M 3 12 16 250
27 73 58 66 6 0 1 0.00 0.0 0 4.2 15 250 M M 4 12 19 240
28 73 57 65 5 0 0 0.00 0.0 0 4.3 14 240 M M 6 18 23 240
29 69 63 66 6 0 1 0.00 0.0 0 3.7 13 250 M M 10 1 15 240
30 73 63 68 8 0 3 0.00 0.0 0 3.7 12 250 M M 10 1 15 260
================================================================================
SM 2077 1604 126 23 4.77 0.0 154.2 M 174
================================================================================
AV 69.2 53.5 5.1 FASTST M M 6 MAX(MPH)
MISC ----> # 23 190 # 31 160
================================================================================
NOTES:
# LAST OF SEVERAL OCCURRENCES
COLUMN 17 PEAK WIND IN M.P.H.
PRELIMINARY LOCAL CLIMATOLOGICAL DATA (WS FORM: F-6) , PAGE 2
STATION: OCEANSIDE AIRPORT CA
MONTH: APRIL
YEAR: 2020
LATITUDE: 33 13 N
LONGITUDE: 117 21 W
[TEMPERATURE DATA] [PRECIPITATION DATA] SYMBOLS USED IN COLUMN 16
AVERAGE MONTHLY: 61.4 TOTAL FOR MONTH: 4.77 1 = FOG OR MIST
DPTR FM NORMAL: 2.8 DPTR FM NORMAL: 3.80 2 = FOG REDUCING VISIBILITY
HIGHEST: 86 ON 26 GRTST 24HR 2.16 ON 10-10 TO 1/4 MILE OR LESS
LOWEST: 47 ON 15,11 3 = THUNDER
SNOW, ICE PELLETS, HAIL 4 = ICE PELLETS
TOTAL MONTH: 0.0 INCH 5 = HAIL
GRTST 24HR 0.0 6 = FREEZING RAIN OR DRIZZLE
GRTST DEPTH: 0 7 = DUSTSTORM OR SANDSTORM:
VSBY 1/2 MILE OR LESS
8 = SMOKE OR HAZE
[NO. OF DAYS WITH] [WEATHER - DAYS WITH] 9 = BLOWING SNOW
X = TORNADO
MAX 32 OR BELOW: 0 0.01 INCH OR MORE: 7
MAX 90 OR ABOVE: 0 0.10 INCH OR MORE: 5
MIN 32 OR BELOW: 0 0.50 INCH OR MORE: 3
MIN 0 OR BELOW: 0 1.00 INCH OR MORE: 3
[HDD (BASE 65) ]
TOTAL THIS MO. 126 CLEAR (SCALE 0-3) 7
DPTR FM NORMAL -70 PTCLDY (SCALE 4-7) 14
TOTAL FM JUL 1 1528 CLOUDY (SCALE 8-10) 9
DPTR FM NORMAL -366
[CDD (BASE 65) ]
TOTAL THIS MO. 23
DPTR FM NORMAL 21 [PRESSURE DATA]
TOTAL FM JAN 1 26 HIGHEST SLP 30.15 ON 14
DPTR FM NORMAL 23 LOWEST SLP 29.83 ON 1
[REMARKS]
#FINAL-04-20#