000
CXUS55 KSEW 011030
CF6OLM
PRELIMINARY LOCAL CLIMATOLOGICAL DATA (WS FORM: F-6)
STATION: OLYMPIA WA AIRPORT
MONTH: NOVEMBER
YEAR: 2021
LATITUDE: 46 58 N
LONGITUDE: 122 54 W
TEMPERATURE IN F: :PCPN: SNOW: WIND :SUNSHINE: SKY :PK WND
================================================================================
1 2 3 4 5 6A 6B 7 8 9 10 11 12 13 14 15 16 17 18
12Z AVG MX 2MIN
DY MAX MIN AVG DEP HDD CDD WTR SNW DPTH SPD SPD DIR MIN PSBL S-S WX SPD DR
================================================================================
1 50 28 39 -7 26 0 0.11 M M 1.7 13 210 M M 6 12 17 200
2 49 39 44 -2 21 0 0.34 M M 1.7 7 10 M M 9 12 8 110
3 54 40 47 1 18 0 0.59 M M 3.0 9 240 M M 10 12 13 250
4 57 46 52 6 13 0 0.56 M M 8.1 23 190 M M 9 1 35 180
5 51 37 44 -1 21 0 0.19 M M 5.5 16 190 M M 7 12 26 200
6 49 38 44 -1 21 0 0.71 M M 9.3 20 180 M M 8 1 27 170
7 46 40 43 -2 22 0 0.46 M M 10.5 23 190 M M 8 1 36 180
8 54 34 44 -1 21 0 0.11 M M 3.3 14 170 M M 3 12 20 170
9 53 42 48 4 17 0 0.59 M M 11.0 28 190 M M 8 1 38 210
10 52 40 46 2 19 0 0.33 M M 3.1 9 240 M M 7 1 12 240
11 59 45 52 8 13 0 1.78 M M 6.0 15 190 M M 10 1 21 190
12 60 42 51 7 14 0 0.88 M M 6.8 15 170 M M 8 12 22 210
13 56 38 47 3 18 0 0.69 M M 5.8 24 190 M M 9 12 35 210
14 60 56 58 14 7 0 0.32 M M 14.3 23 190 M M 10 1 32 180
15 58 39 49 6 16 0 0.56 M M 16.8 35 180 M M 9 18 55 170
16 51 30 41 -2 24 0 T M M 6.2 15 210 M M 3 12 20 220
17 48 29 39 -4 26 0 0.00 M M 3.8 14 20 M M 4 12 18 30
18 46 37 42 -1 23 0 1.01 M M 4.6 12 360 M M 10 1 16 360
19 45 34 40 -2 25 0 0.33 M M 3.4 15 20 M M 10 12 23 40
20 46 32 39 -3 26 0 0.00 M M 1.4 6 140 M M 7 128 8 350
21 45 32 39 -3 26 0 0.00 M M 1.4 8 140 M M 8 12 11 20
22 44 32 38 -4 27 0 0.06 M M 6.5 12 210 M M 7 128 17 210
23 51 37 44 2 21 0 0.13 M M 10.4 20 260 M M 4 1 30 270
24 45 32 39 -3 26 0 0.01 M M 3.2 9 210 M M 6 12 12 210
25 50 42 46 5 19 0 0.67 M M 7.5 18 210 M M 9 1 29 230
26 52 46 49 8 16 0 0.08 M M 6.5 17 210 M M 10 1 25 190
27 58 47 53 12 12 0 0.75 M M 7.8 21 200 M M 10 1 32 220
28 58 49 54 13 11 0 0.36 M M 10.2 22 180 M M 8 1 33 180
29 58 50 54 13 11 0 0.02 M M 5.0 18 170 M M 9 1 22 170
30 54 51 53 13 12 0 0.24 M M 8.9 20 180 M M 10 1 29 180
================================================================================
SM 1559 1184 572 0 11.88 M 193.7 M 236
================================================================================
AV 52.0 39.5 6.5 FASTST M M 8 MAX(MPH)
MISC ----> 35 180 55 170
================================================================================
NOTES:
# LAST OF SEVERAL OCCURRENCES
COLUMN 17 PEAK WIND IN M.P.H.
PRELIMINARY LOCAL CLIMATOLOGICAL DATA (WS FORM: F-6) , PAGE 2
STATION: OLYMPIA WA AIRPORT
MONTH: NOVEMBER
YEAR: 2021
LATITUDE: 46 58 N
LONGITUDE: 122 54 W
[TEMPERATURE DATA] [PRECIPITATION DATA] SYMBOLS USED IN COLUMN 16
AVERAGE MONTHLY: 45.7 TOTAL FOR MONTH: 11.88 1 = FOG OR MIST
DPTR FM NORMAL: 2.5 DPTR FM NORMAL: 3.67 2 = FOG REDUCING VISIBILITY
HIGHEST: 60 ON 14,12 GRTST 24HR 2.23 ON 11-12 TO 1/4 MILE OR LESS
LOWEST: 28 ON 1 3 = THUNDER
SNOW, ICE PELLETS, HAIL 4 = ICE PELLETS
TOTAL MONTH: M 5 = HAIL
GRTST 24HR M ON M 6 = FREEZING RAIN OR DRIZZLE
GRTST DEPTH: M ON M 7 = DUSTSTORM OR SANDSTORM:
VSBY 1/2 MILE OR LESS
8 = SMOKE OR HAZE
[NO. OF DAYS WITH] [WEATHER - DAYS WITH] 9 = BLOWING SNOW
X = TORNADO
MAX 32 OR BELOW: 0 0.01 INCH OR MORE: 26
MAX 90 OR ABOVE: 0 0.10 INCH OR MORE: 22
MIN 32 OR BELOW: 7 0.50 INCH OR MORE: 11
MIN 0 OR BELOW: 0 1.00 INCH OR MORE: 2
[HDD (BASE 65) ]
TOTAL THIS MO. 572 CLEAR (SCALE 0-3) 2
DPTR FM NORMAL -82 PTCLDY (SCALE 4-7) 12
TOTAL FM JUL 1 1282 CLOUDY (SCALE 8-10) 16
DPTR FM NORMAL -149
[CDD (BASE 65) ]
TOTAL THIS MO. 0
DPTR FM NORMAL 0 [PRESSURE DATA]
TOTAL FM JAN 1 248 HIGHEST SLP 30.55 ON 20
DPTR FM NORMAL 135 LOWEST SLP 29.43 ON 9
[REMARKS]
#FINAL-11-21#