000
CXUS55 KSEW 011030
CF6OLM
PRELIMINARY LOCAL CLIMATOLOGICAL DATA (WS FORM: F-6)
STATION: OLYMPIA WA AIRPORT
MONTH: JANUARY
YEAR: 2021
LATITUDE: 46 58 N
LONGITUDE: 122 54 W
TEMPERATURE IN F: :PCPN: SNOW: WIND :SUNSHINE: SKY :PK WND
================================================================================
1 2 3 4 5 6A 6B 7 8 9 10 11 12 13 14 15 16 17 18
12Z AVG MX 2MIN
DY MAX MIN AVG DEP HDD CDD WTR SNW DPTH SPD SPD DIR MIN PSBL S-S WX SPD DR
================================================================================
1 52 46 49 10 16 0 0.52 M M 12.6 21 180 M M 10 18 29 180
2 50 40 45 6 20 0 2.26 M M 15.1 29 180 M M 10 1 36 170
3 48 37 43 4 22 0 0.39 M M 6.8 17 190 M M 9 12 21 210
4 50 40 45 6 20 0 0.82 M M 5.8 20 250 M M 9 1 29 250
5 49 41 45 6 20 0 0.78 M M 10.4 21 190 M M 9 1 29 200
6 49 39 44 5 21 0 0.40 M M 3.7 18 180 M M 9 12 23 200
7 47 36 42 3 23 0 0.00 M M 1.7 12 40 M M 8 12 14 30
8 51 32 42 3 23 0 0.25 M M 2.6 12 180 M M 8 1 15 180
9 42 31 37 -2 28 0 T M M 1.2 7 70 M M 8 12 9 40
10 50 37 44 4 21 0 0.18 M M 6.6 14 180 M M 7 1 21 170
11 50 43 47 7 18 0 1.46 M M 5.2 17 180 M M 9 1 24 180
12 57 49 53 13 12 0 3.04 M M 13.6 29 250 M M 10 1 47 240
13 51 33 42 2 23 0 0.02 M M 4.9 15 200 M M 2 1 22 190
14 51 33 42 2 23 0 T M M 2.7 10 230 M M 6 1 14 220
15 54 32 43 3 22 0 0.05 M M 4.4 10 190 M M 7 12 13 210
16 45 34 40 0 25 0 0.01 M M 1.2 8 220 M M 9 12 10 210
17 52 36 44 4 21 0 0.08 M M 5.3 15 220 M M 9 12 20 220
18 48 31 40 0 25 0 0.00 M M 4.5 13 30 M M 7 12 16 20
19 50 28 39 -1 26 0 0.00 M M 2.7 8 160 M M 5 12 12 210
20 45 33 39 -1 26 0 0.01 M M 0.5 6 30 M M 9 1 7 40
21 45 36 41 1 24 0 0.07 M M 3.5 10 20 M M 9 1 12 30
22 48 25 37 -3 28 0 0.00 M M 4.7 14 40 M M 5 18 40
23 42 20 31 -9 34 0 T M M 3.5 12 200 M M 4 12 14 190
24 38 35 37 -3 28 0 0.23 M M 8.5 16 210 M M 9 1 22 220
25 42 32 37 -3 28 0 T M M 6.0 13 200 M M 7 1 15 190
26 40 30 35 -5 30 0 0.02 M M 3.5 14 110 M M 9 20 90
27 45 34 40 0 25 0 0.28 M M 1.4 9 110 M M 9 1 11 120
28 47 33 40 0 25 0 0.02 M M 2.1 9 110 M M 10 12 12 120
29 46 37 42 2 23 0 0.06 M M 4.6 14 190 M M 9 12 19 190
30 49 40 45 5 20 0 0.30 M M 7.6 18 190 M M 10 1 26 180
31 49 42 46 6 19 0 0.97 M M 5.8 18 180 M M 10 1 24 180
================================================================================
SM 1482 1095 719 0 12.22 M 162.7 M 251
================================================================================
AV 47.8 35.3 5.2 FASTST M M 8 MAX(MPH)
MISC ----> # 29 250 47 240
================================================================================
NOTES:
# LAST OF SEVERAL OCCURRENCES
COLUMN 17 PEAK WIND IN M.P.H.
PRELIMINARY LOCAL CLIMATOLOGICAL DATA (WS FORM: F-6) , PAGE 2
STATION: OLYMPIA WA AIRPORT
MONTH: JANUARY
YEAR: 2021
LATITUDE: 46 58 N
LONGITUDE: 122 54 W
[TEMPERATURE DATA] [PRECIPITATION DATA] SYMBOLS USED IN COLUMN 16
AVERAGE MONTHLY: 41.6 TOTAL FOR MONTH: 12.22 1 = FOG OR MIST
DPTR FM NORMAL: 1.8 DPTR FM NORMAL: 4.38 2 = FOG REDUCING VISIBILITY
HIGHEST: 57 ON 12 GRTST 24HR 3.04 ON 12-12 TO 1/4 MILE OR LESS
LOWEST: 20 ON 23 3 = THUNDER
SNOW, ICE PELLETS, HAIL 4 = ICE PELLETS
TOTAL MONTH: M 5 = HAIL
GRTST 24HR M ON M 6 = FREEZING RAIN OR DRIZZLE
GRTST DEPTH: M ON M 7 = DUSTSTORM OR SANDSTORM:
VSBY 1/2 MILE OR LESS
8 = SMOKE OR HAZE
[NO. OF DAYS WITH] [WEATHER - DAYS WITH] 9 = BLOWING SNOW
X = TORNADO
MAX 32 OR BELOW: 0 0.01 INCH OR MORE: 23
MAX 90 OR ABOVE: 0 0.10 INCH OR MORE: 14
MIN 32 OR BELOW: 9 0.50 INCH OR MORE: 7
MIN 0 OR BELOW: 0 1.00 INCH OR MORE: 3
[HDD (BASE 65) ]
TOTAL THIS MO. 719 CLEAR (SCALE 0-3) 1
DPTR FM NORMAL -62 PTCLDY (SCALE 4-7) 9
TOTAL FM JUL 1 2703 CLOUDY (SCALE 8-10) 21
DPTR FM NORMAL -352
[CDD (BASE 65) ]
TOTAL THIS MO. 0
DPTR FM NORMAL 0 [PRESSURE DATA]
TOTAL FM JAN 1 0 HIGHEST SLP 30.59 ON 18
DPTR FM NORMAL 0 LOWEST SLP 29.40 ON 26
[REMARKS]
#FINAL-01-21#