000
CXUS53 KARX 011809
CF6OLZ
PRELIMINARY LOCAL CLIMATOLOGICAL DATA (WS FORM: F-6)
STATION: OELWEIN IA
MONTH: MARCH
YEAR: 2020
LATITUDE: 42 40 N
LONGITUDE: 91 58 W
TEMPERATURE IN F: :PCPN: SNOW: WIND :SUNSHINE: SKY :PK WND
================================================================================
1 2 3 4 5 6A 6B 7 8 9 10 11 12 13 14 15 16 17 18
12Z AVG MX 2MIN
DY MAX MIN AVG DEP HDD CDD WTR SNW DPTH SPD SPD DIR MIN PSBL S-S WX SPD DR
================================================================================
1 46 32 39 M 26 0 0.00 0.0 M 11.3 17 160 M M 0 M M
2 32 30 31 M 34 0 0.00 0.0 M 11.0 23 340 M M 9 30 340
3 45 30 38 M 27 0 M M M 14.3 25 290 M M 6 1 31 290
4 43 28 36 M 29 0 0.00 0.0 M 9.2 14 320 M M 2 1 M M
5 43 34 39 M 26 0 M M M 21.5 32 300 M M 8 44 300
6 39 25 32 M 33 0 0.00 0.0 M 10.8 22 340 M M 2 35 350
7 57 28 43 M 22 0 0.00 0.0 M 17.8 28 180 M M 0 35 180
8 66 39 53 M 12 0 0.00 0.0 0 18.1 27 200 M M 0 36 200
9 52 34 43 M 22 0 0.55 0.0 0 11.8 18 210 M M 10 1 25 340
10 48 28 38 M 27 0 0.18 0.0 0 9.4 16 340 M M 5 22 330
11 45 36 41 M 24 0 0.00 0.0 0 7.7 13 190 M M 6 1 18 190
12 54 34 44 M 21 0 M 0.0 0 17.5 31 320 M M 7 1 38 320
13 43 27 35 M 30 0 0.00 0.0 0 14.8 24 290 M M 2 27 290
14 32 21 27 M 38 0 M M 0 8.2 14 20 M M 5 1 M M
15 36 18 27 M 38 0 0.00 0.0 M 7.0 12 160 M M 6 14 110
16 39 30 35 M 30 0 0.00 0.0 0 6.8 13 300 M M 10 1 M M
17 45 25 35 M 30 0 0.00 0.0 0 7.3 16 320 M M 4 8 22 320
18 43 36 40 M 25 0 0.56 0.0 0 9.2 15 120 M M 10 12 20 110
19 46 37 42 M 23 0 0.82 0.0 0 13.4 22 350 M M 10 12 27 360
20 37 27 32 M 33 0 0.08 0.0 M 17.1 29 340 M M 10 1 37 340
21 36 25 31 M 34 0 0.00 0.0 0 11.0 17 140 M M 9 15 130
22 37 28 33 M 32 0 0.00 0.0 0 16.4 23 150 M M 10 1 29 150
23 45 30 38 M 27 0 0.00 0.0 0 7.6 13 150 M M 10 1 M M
24 46 34 40 M 25 0 0.00 0.0 0 11.5 17 150 M M 9 1 24 140
25 46 32 39 M 26 0 0.00 0.0 0 9.9 16 180 M M 10 12 20 190
26 48 39 44 M 21 0 0.00 0.0 0 7.9 13 60 M M 8 12 14 80
27 55 37 46 M 19 0 0.03 0.0 0 12.1 17 120 M M 8 1 23 90
28 57 43 50 M 15 0 0.11 0.0 0 16.0 27 110 M M 9 1 35 110
29 48 34 41 M 24 0 0.06 0.0 0 22.2 36 280 M M 9 1 40 290
30 59 30 45 M 20 0 0.00 0.0 0 7.6 13 20 M M 0 18 10
31 52 30 41 M 24 0 0.00 0.0 0 9.0 16 80 M M 0 15 350
================================================================================
SM 1420 961 817 0 2.39 0.0 375.4 M 194
================================================================================
AV 45.8 31.0 12.1 FASTST M M 6 MAX(MPH)
MISC ----> # 36 280 # 44 300
================================================================================
NOTES:
# LAST OF SEVERAL OCCURRENCES
COLUMN 17 PEAK WIND IN M.P.H.
PRELIMINARY LOCAL CLIMATOLOGICAL DATA (WS FORM: F-6) , PAGE 2
STATION: OELWEIN IA
MONTH: MARCH
YEAR: 2020
LATITUDE: 42 40 N
LONGITUDE: 91 58 W
[TEMPERATURE DATA] [PRECIPITATION DATA] SYMBOLS USED IN COLUMN 16
AVERAGE MONTHLY: 38.4 TOTAL FOR MONTH: 2.39 1 = FOG OR MIST
DPTR FM NORMAL: M DPTR FM NORMAL: M 2 = FOG REDUCING VISIBILITY
HIGHEST: 66 ON 8 GRTST 24HR 0.82 ON 19-19 TO 1/4 MILE OR LESS
LOWEST: 18 ON 15 3 = THUNDER
SNOW, ICE PELLETS, HAIL 4 = ICE PELLETS
TOTAL MONTH: 0.0 INCH 5 = HAIL
GRTST 24HR 0.0 6 = FREEZING RAIN OR DRIZZLE
GRTST DEPTH: 0 7 = DUSTSTORM OR SANDSTORM:
VSBY 1/2 MILE OR LESS
8 = SMOKE OR HAZE
[NO. OF DAYS WITH] [WEATHER - DAYS WITH] 9 = BLOWING SNOW
X = TORNADO
MAX 32 OR BELOW: 2 0.01 INCH OR MORE: 8
MAX 90 OR ABOVE: 0 0.10 INCH OR MORE: 5
MIN 32 OR BELOW: 19 0.50 INCH OR MORE: 3
MIN 0 OR BELOW: 0 1.00 INCH OR MORE: 0
[HDD (BASE 65) ]
TOTAL THIS MO. 817 CLEAR (SCALE 0-3) 8
DPTR FM NORMAL M PTCLDY (SCALE 4-7) 9
TOTAL FM JUL 1 6273 CLOUDY (SCALE 8-10) 14
DPTR FM NORMAL M
[CDD (BASE 65) ]
TOTAL THIS MO. 0
DPTR FM NORMAL M [PRESSURE DATA]
TOTAL FM JAN 1 0 HIGHEST SLP M ON M
DPTR FM NORMAL M LOWEST SLP M ON M
[REMARKS]
#FINAL-03-20#