000
CXUS53 KOAX 010930
CF6OMA
PRELIMINARY LOCAL CLIMATOLOGICAL DATA (WS FORM: F-6)
STATION: OMAHA NE
MONTH: JULY
YEAR: 2022
LATITUDE: 41 17 N
LONGITUDE: 95 54 W
TEMPERATURE IN F: :PCPN: SNOW: WIND :SUNSHINE: SKY :PK WND
================================================================================
1 2 3 4 5 6A 6B 7 8 9 10 11 12 13 14 15 16 17 18
12Z AVG MX 2MIN
DY MAX MIN AVG DEP HDD CDD WTR SNW DPTH SPD SPD DIR MIN PSBL S-S WX SPD DR
================================================================================
1 80 64 72 -5 0 7 0.29 0.0 0 6.9 21 350 M M 7 13 26 350
2 84 59 72 -5 0 7 T 0.0 0 6.9 20 170 M M 5 1 23 150
3 89 66 78 1 0 13 0.00 0.0 0 10.7 18 150 M M 6 24 160
4 97 72 85 7 0 20 0.91 0.0 0 12.7 25 200 M M 6 13 33 170
5 98 71 85 7 0 20 0.59 0.0 0 12.2 37 10 M M 6 13 51 350
6 79 71 75 -3 0 10 0.03 0.0 0 5.1 13 10 M M 9 3 17 40
7 86 72 79 1 0 14 0.35 0.0 0 7.5 16 160 M M 9 13 27 180
8 86 70 78 0 0 13 0.04 0.0 0 9.1 22 40 M M 7 18 27 40
9 86 66 76 -2 0 11 0.00 0.0 0 7.0 14 110 M M 3 19 120
10 92 72 82 4 0 17 0.00 0.0 0 14.7 26 180 M M 3 35 170
11 86 68 77 -1 0 12 T 0.0 0 8.1 37 310 M M 5 3 48 300
12 86 62 74 -4 0 9 0.00 0.0 0 5.4 14 320 M M 1 23 320
13 92 66 79 1 0 14 0.00 0.0 0 8.2 17 170 M M 2 23 180
14 93 72 83 5 0 18 0.00 0.0 0 14.9 25 180 M M 4 32 170
15 94 76 85 7 0 20 0.00 0.0 0 12.0 22 180 M M 5 34 190
16 85 73 79 1 0 14 0.01 0.0 0 6.1 14 100 M M 10 18 110
17 88 70 79 1 0 14 0.00 0.0 0 4.7 12 30 M M 6 1 17 30
18 92 69 81 3 0 16 0.00 0.0 0 9.1 17 160 M M 0 23 160
19 95 72 84 6 0 19 0.00 0.0 0 11.7 23 210 M M 3 32 200
20 92 67 80 2 0 15 0.00 0.0 0 9.3 21 320 M M 0 26 330
21 92 65 79 1 0 14 0.38 0.0 0 9.3 28 200 M M 2 3 42 200
22 98 69 84 6 0 19 0.03 0.0 0 10.7 29 200 M M 5 3 38 200
23 100 74 87 9 0 22 T 0.0 0 13.5 30 290 M M 5 3 40 300
24 88 66 77 -1 0 12 0.00 0.0 0 9.6 20 330 M M 6 26 340
25 77 64 71 -7 0 6 T 0.0 0 7.3 14 150 M M 9 17 140
26 85 66 76 -2 0 11 0.10 0.0 0 5.4 14 140 M M 9 3 19 150
27 90 68 79 1 0 14 0.00 0.0 0 5.4 14 220 M M 4 1 18 220
28 82 62 72 -6 0 7 0.00 0.0 0 7.4 16 330 M M 7 23 10
29 85 55 70 -8 0 5 0.00 0.0 0 4.2 13 170 M M 5 16 160
30 84 62 73 -5 0 8 0.00 0.0 0 8.4 15 190 M M 4 21 190
31 93 68 81 3 0 16 0.00 0.0 0 11.3 17 220 M M 4 1 28 220
================================================================================
SM 2754 2097 0 417 2.73 0.0 274.8 M 157
================================================================================
AV 88.8 67.6 8.9 FASTST M M 5 MAX(MPH)
MISC ----> # 37 10 51 350
================================================================================
NOTES:
# LAST OF SEVERAL OCCURRENCES
COLUMN 17 PEAK WIND IN M.P.H.
PRELIMINARY LOCAL CLIMATOLOGICAL DATA (WS FORM: F-6) , PAGE 2
STATION: OMAHA NE
MONTH: JULY
YEAR: 2022
LATITUDE: 41 17 N
LONGITUDE: 95 54 W
[TEMPERATURE DATA] [PRECIPITATION DATA] SYMBOLS USED IN COLUMN 16
AVERAGE MONTHLY: 78.2 TOTAL FOR MONTH: 2.73 1 = FOG OR MIST
DPTR FM NORMAL: 0.1 DPTR FM NORMAL: -0.82 2 = FOG REDUCING VISIBILITY
HIGHEST: 100 ON 23 GRTST 24HR 0.91 ON 4- 4 TO 1/4 MILE OR LESS
LOWEST: 55 ON 29 3 = THUNDER
SNOW, ICE PELLETS, HAIL 4 = ICE PELLETS
TOTAL MONTH: 0.0 INCH 5 = HAIL
GRTST 24HR 0.0 6 = FREEZING RAIN OR DRIZZLE
GRTST DEPTH: 0 7 = DUSTSTORM OR SANDSTORM:
VSBY 1/2 MILE OR LESS
8 = SMOKE OR HAZE
[NO. OF DAYS WITH] [WEATHER - DAYS WITH] 9 = BLOWING SNOW
X = TORNADO
MAX 32 OR BELOW: 0 0.01 INCH OR MORE: 10
MAX 90 OR ABOVE: 14 0.10 INCH OR MORE: 6
MIN 32 OR BELOW: 0 0.50 INCH OR MORE: 2
MIN 0 OR BELOW: 0 1.00 INCH OR MORE: 0
[HDD (BASE 65) ]
TOTAL THIS MO. 0 CLEAR (SCALE 0-3) 7
DPTR FM NORMAL 0 PTCLDY (SCALE 4-7) 19
TOTAL FM JUL 1 0 CLOUDY (SCALE 8-10) 5
DPTR FM NORMAL 0
[CDD (BASE 65) ]
TOTAL THIS MO. 417
DPTR FM NORMAL 12 [PRESSURE DATA]
TOTAL FM JAN 1 899 HIGHEST SLP 30.20 ON 9
DPTR FM NORMAL 110 LOWEST SLP 29.67 ON 23
[REMARKS]
#FINAL-07-22#