000
CXAK56 PAFG 010947
CF6OME
PRELIMINARY LOCAL CLIMATOLOGICAL DATA (WS FORM: F-6)
STATION: NOME AK
MONTH: APRIL
YEAR: 2022
LATITUDE: 64 30 N
LONGITUDE: 165 26 W
TEMPERATURE IN F: :PCPN: SNOW: WIND :SUNSHINE: SKY :PK WND
================================================================================
1 2 3 4 5 6A 6B 7 8 9 10 11 12 13 14 15 16 17 18
12Z AVG MX 2MIN
DY MAX MIN AVG DEP HDD CDD WTR SNW DPTH SPD SPD DIR MIN PSBL S-S WX SPD DR
================================================================================
1 32 16 24 10 41 0 0.00 M M 8.3 18 60 M M 3 24 60
2 22 12 17 3 48 0 0.00 M M 9.9 20 50 M M 0 25 50
3 21 6 14 -1 51 0 0.00 M M 8.9 20 40 M M 0 24 40
4 20 7 14 -1 51 0 0.00 M M 13.1 23 40 M M 0 30 40
5 15 1 8 -8 57 0 0.00 M M 8.2 29 360 M M 2 35 360
6 8 -8 0 -16 65 0 T M M 7.6 17 280 M M 7 18 19 290
7 -1 -13 -7 -24 72 0 0.01 M M 10.8 20 290 M M 2 18 24 300
8 21 -3 9 -9 56 0 0.18 M M 8.2 16 220 M M 10 18 19 190
9 32 20 26 8 39 0 0.26 M M 10.1 20 220 M M 10 1 23 220
10 34 26 30 11 35 0 0.00 M M 7.4 17 220 M M 6 21 210
11 35 25 30 10 35 0 0.00 M M 12.8 22 70 M M 2 27 70
12 39 31 35 15 30 0 T M M 7.5 14 40 M M 10 16 70
13 39 33 36 15 29 0 0.01 M M 11.3 18 90 M M 6 1 21 90
14 40 34 37 15 28 0 0.06 M M 14.0 24 70 M M 10 1 30 70
15 40 33 37 15 28 0 T M M 23.1 32 70 M M 9 39 70
16 34 31 33 10 32 0 T M M 19.0 26 90 M M 9 31 90
17 33 29 31 7 34 0 0.03 M M 17.4 24 90 M M 10 18 29 100
18 38 32 35 11 30 0 0.00 M M 14.2 22 70 M M 6 26 70
19 41 25 33 8 32 0 0.00 M M 7.1 14 350 M M 0 17 40
20 39 22 31 5 34 0 0.00 M M 3.2 10 80 M M 0 8 12 120
21 42 26 34 8 31 0 0.00 M M 9.0 14 30 M M 0 16 350
22 44 30 37 10 28 0 0.00 M M 8.1 16 350 M M 1 18 350
23 44 32 38 10 27 0 0.00 M M 4.6 14 340 M M 9 16 330
24 40 31 36 8 29 0 0.06 M M 5.1 10 100 M M 10 1 12 110
25 34 30 32 3 33 0 0.00 M M 5.4 12 260 M M 9 1 13 270
26 36 25 31 2 34 0 0.00 M M 3.8 12 320 M M 0 13 320
27 41 24 33 3 32 0 0.01 M M 4.8 14 40 M M 2 1 17 40
28 42 34 38 8 27 0 0.03 M M 11.4 21 100 M M 9 1 25 70
29 45 35 40 9 25 0 0.00 M M 12.4 21 80 M M 5 27 100
30 53 38 46 15 19 0 0.00 M M 10.0 20 20 M M 4 24 10
================================================================================
SM 1003 664 1112 0 0.65 M 296.7 M 151
================================================================================
AV 33.4 22.1 9.9 FASTST M M 5 MAX(MPH)
MISC ----> 32 70 39 70
================================================================================
NOTES:
# LAST OF SEVERAL OCCURRENCES
COLUMN 17 PEAK WIND IN M.P.H.
PRELIMINARY LOCAL CLIMATOLOGICAL DATA (WS FORM: F-6) , PAGE 2
STATION: NOME AK
MONTH: APRIL
YEAR: 2022
LATITUDE: 64 30 N
LONGITUDE: 165 26 W
[TEMPERATURE DATA] [PRECIPITATION DATA] SYMBOLS USED IN COLUMN 16
AVERAGE MONTHLY: 27.8 TOTAL FOR MONTH: 0.65 1 = FOG OR MIST
DPTR FM NORMAL: 5.1 DPTR FM NORMAL: -0.09 2 = FOG REDUCING VISIBILITY
HIGHEST: 53 ON 30 GRTST 24HR 0.32 ON 8- 9 TO 1/4 MILE OR LESS
LOWEST: -13 ON 7 3 = THUNDER
SNOW, ICE PELLETS, HAIL 4 = ICE PELLETS
TOTAL MONTH: M 5 = HAIL
GRTST 24HR M ON M 6 = FREEZING RAIN OR DRIZZLE
GRTST DEPTH: M ON M 7 = DUSTSTORM OR SANDSTORM:
VSBY 1/2 MILE OR LESS
8 = SMOKE OR HAZE
[NO. OF DAYS WITH] [WEATHER - DAYS WITH] 9 = BLOWING SNOW
X = TORNADO
MAX 32 OR BELOW: 9 0.01 INCH OR MORE: 9
MAX 90 OR ABOVE: 0 0.10 INCH OR MORE: 2
MIN 32 OR BELOW: 24 0.50 INCH OR MORE: 0
MIN 0 OR BELOW: 3 1.00 INCH OR MORE: 0
[HDD (BASE 65) ]
TOTAL THIS MO. 1112 CLEAR (SCALE 0-3) 13
DPTR FM NORMAL -158 PTCLDY (SCALE 4-7) 6
TOTAL FM JUL 1 12403 CLOUDY (SCALE 8-10) 11
DPTR FM NORMAL 279
[CDD (BASE 65) ]
TOTAL THIS MO. 0
DPTR FM NORMAL 0 [PRESSURE DATA]
TOTAL FM JAN 1 0 HIGHEST SLP M ON M
DPTR FM NORMAL 0 LOWEST SLP 29.22 ON 3
[REMARKS]
#FINAL-04-22#