000
CXAK56 PAFG 010956
CF6OME
PRELIMINARY LOCAL CLIMATOLOGICAL DATA (WS FORM: F-6)
STATION: NOME AK
MONTH: DECEMBER
YEAR: 2020
LATITUDE: 64 30 N
LONGITUDE: 165 26 W
TEMPERATURE IN F: :PCPN: SNOW: WIND :SUNSHINE: SKY :PK WND
================================================================================
1 2 3 4 5 6A 6B 7 8 9 10 11 12 13 14 15 16 17 18
12Z AVG MX 2MIN
DY MAX MIN AVG DEP HDD CDD WTR SNW DPTH SPD SPD DIR MIN PSBL S-S WX SPD DR
================================================================================
1 12 -5 4 -9 61 0 0.00 M M 7.9 23 10 M M 0 27 350
2 M M M M M M T M M 7.6 17 330 M M 2 1 21 330
3 20 1 11 -1 54 0 0.04 M M 6.1 16 290 M M 9 1 19 300
4 25 11 18 6 47 0 0.01 M M 11.9 21 190 M M 10 18 24 170
5 19 -6 7 -5 58 0 T M M 8.5 18 50 M M 6 22 50
6 18 -6 6 -6 59 0 0.00 M M 8.3 26 20 M M 0 8 31 20
7 16 -4 6 -5 59 0 0.00 M M 7.8 21 360 M M 2 26 360
8 7 -3 2 -9 63 0 0.00 M M 13.9 22 350 M M 0 9 27 350
9 9 -2 4 -7 61 0 T M M 11.3 24 330 M M 3 189 28 330
10 7 -10 -1 -12 66 0 0.00 M M 2.8 14 30 M M 0 18 16 40
11 14 0 7 -3 58 0 0.00 M M 12.4 22 40 M M 1 25 40
12 29 11 20 10 45 0 0.00 M M 16.3 28 40 M M 5 33 30
13 23 14 19 9 46 0 0.00 M M 16.7 26 40 M M 6 8 32 30
14 16 13 15 5 50 0 0.02 M M 11.8 20 50 M M 8 8 26 40
15 21 15 18 8 47 0 0.15 M M 15.5 23 70 M M 10 18 30 70
16 20 8 14 4 51 0 T M M 14.0 18 90 M M 7 18 24 70
17 9 -6 2 -7 63 0 0.00 M M 12.6 21 40 M M 2 25 40
18 3 -8 -2 -11 67 0 0.00 M M 6.6 14 20 M M 5 16 40
19 -2 -16 -9 -18 74 0 0.00 M M 3.1 8 350 M M 1 M M
20 -5 -21 -13 -22 78 0 0.00 M M 1.8 9 40 M M 2 10 40
21 21 -11 5 -4 60 0 0.07 M M 15.5 29 80 M M 5 18 39 70
22 32 21 27 19 38 0 0.37 M M 26.1 40 90 M M 10 126 50 90
23 30 22 26 18 39 0 T M M 13.9 25 120 M M 9 1 30 110
24 28 9 19 11 46 0 0.03 M M 12.3 23 280 M M 9 18 27 290
25 27 12 20 12 45 0 0.02 M M 12.3 29 30 M M 8 1 35 30
26 27 22 25 17 40 0 0.15 M M 13.4 25 40 M M 10 18 30 40
27 29 22 26 19 39 0 0.10 M M 19.9 29 80 M M 9 128 38 80
28 32 28 30 23 35 0 0.34 M M 17.1 22 70 M M 10 1 29 70
29 34 26 30 23 35 0 T M M 15.5 21 80 M M 8 1 27 80
30 35 16 26 19 39 0 0.00 M M 9.0 16 80 M M 1 21 80
31 25 18 22 15 43 0 0.02 M M 16.2 22 90 M M 6 1 26 80
================================================================================
SM 581 171 1566 0 1.32 M 368.1 M 164
================================================================================
AV 19.4 5.7 11.9 FASTST M M 5 MAX(MPH)
MISC ----> 40 90 50 90
================================================================================
NOTES:
# LAST OF SEVERAL OCCURRENCES
COLUMN 17 PEAK WIND IN M.P.H.
PRELIMINARY LOCAL CLIMATOLOGICAL DATA (WS FORM: F-6) , PAGE 2
STATION: NOME AK
MONTH: DECEMBER
YEAR: 2020
LATITUDE: 64 30 N
LONGITUDE: 165 26 W
[TEMPERATURE DATA] [PRECIPITATION DATA] SYMBOLS USED IN COLUMN 16
AVERAGE MONTHLY: 12.5 TOTAL FOR MONTH: 1.32 1 = FOG OR MIST
DPTR FM NORMAL: 3.0 DPTR FM NORMAL: 0.24 2 = FOG REDUCING VISIBILITY
HIGHEST: 35 ON 30 GRTST 24HR 0.43 ON 21-22 TO 1/4 MILE OR LESS
LOWEST: -21 ON 20 3 = THUNDER
SNOW, ICE PELLETS, HAIL 4 = ICE PELLETS
TOTAL MONTH: M 5 = HAIL
GRTST 24HR M ON M 6 = FREEZING RAIN OR DRIZZLE
GRTST DEPTH: M ON M 7 = DUSTSTORM OR SANDSTORM:
VSBY 1/2 MILE OR LESS
8 = SMOKE OR HAZE
[NO. OF DAYS WITH] [WEATHER - DAYS WITH] 9 = BLOWING SNOW
X = TORNADO
MAX 32 OR BELOW: 28 0.01 INCH OR MORE: 12
MAX 90 OR ABOVE: 0 0.10 INCH OR MORE: 5
MIN 32 OR BELOW: 30 0.50 INCH OR MORE: 0
MIN 0 OR BELOW: 13 1.00 INCH OR MORE: 0
[HDD (BASE 65) ]
TOTAL THIS MO. 1566 CLEAR (SCALE 0-3) 12
DPTR FM NORMAL -154 PTCLDY (SCALE 4-7) 9
TOTAL FM JUL 1 5150 CLOUDY (SCALE 8-10) 10
DPTR FM NORMAL -663
[CDD (BASE 65) ]
TOTAL THIS MO. 0
DPTR FM NORMAL 0 [PRESSURE DATA]
TOTAL FM JAN 1 0 HIGHEST SLP M ON M
DPTR FM NORMAL -3 LOWEST SLP 28.60 ON 22
[REMARKS]
#FINAL-12-20#