000
CXUS53 KARX 011000
CF6ONA
PRELIMINARY LOCAL CLIMATOLOGICAL DATA (WS FORM: F-6)
STATION: WINONA_MUNI_(AWOS) MN
MONTH: FEBRUARY
YEAR: 2023
LATITUDE: 44 4 N
LONGITUDE: 91 42 W
TEMPERATURE IN F: :PCPN: SNOW: WIND :SUNSHINE: SKY :PK WND
================================================================================
1 2 3 4 5 6A 6B 7 8 9 10 11 12 13 14 15 16 17 18
12Z AVG MX 2MIN
DY MAX MIN AVG DEP HDD CDD WTR SNW DPTH SPD SPD DIR MIN PSBL S-S WX SPD DR
================================================================================
1 23 -2 11 M 54 0 0.00 0.0 M 1.2 5 230 M M 3 M M
2 19 1 10 M 55 0 0.00 0.0 M 8.8 20 320 M M 1 29 330
3 9 -9 0 M 65 0 0.00 0.0 M 5.3 17 330 M M 6 20 330
4 32 7 20 M 45 0 0.00 0.0 M 3.5 7 150 M M 0 M M
5 32 12 22 M 43 0 0.00 0.0 M 4.1 15 330 M M 1 1 20 330
6 41 10 26 M 39 0 T 0.0 M 5.9 16 130 M M 4 22 130
7 37 30 34 M 31 0 0.00 0.0 M 7.7 14 310 M M 5 24 300
8 46 21 34 M 31 0 0.00 0.0 M 1.9 10 240 M M 0 17 0
9 37 27 32 M 33 0 0.00 0.0 M 8.3 20 310 M M 6 29 330
10 30 16 23 M 42 0 0.00 0.0 M 6.8 16 320 M M 0 24 320
11 41 25 33 M 32 0 0.00 0.0 M 5.0 13 230 M M 0 22 250
12 43 23 33 M 32 0 0.00 0.0 M 1.0 5 320 M M 0 M M
13 45 28 37 M 28 0 0.00 0.0 M 4.6 7 150 M M 0 M M
14 45 36 41 M 24 0 0.38 0.0 M 5.9 12 150 M M 7 21 180
15 43 23 33 M 32 0 0.09 0.0 0 10.0 21 280 M M 8 27 280
16 27 18 23 M 42 0 0.00 0.0 0 6.9 15 330 M M 6 17 330
17 30 9 20 M 45 0 0.00 0.0 0 5.1 9 240 M M 0 17 230
18 41 21 31 M 34 0 0.00 0.0 0 4.0 9 130 M M 0 M M
19 41 27 34 M 31 0 0.00 0.0 0 7.0 13 320 M M 2 17 210
20 37 18 28 M 37 0 M M 0 5.2 16 290 M M 5 30 290
21 21 10 16 M 49 0 M M 0 5.9 14 310 M M 9 24 290
22 23 21 22 M 43 0 0.26 M M 6.9 10 60 M M 10 20 80
23 25 10 18 M 47 0 0.08 M M 7.8 16 310 M M 10 20 310
24 18 -4 7 M 58 0 M M M 1.3 8 330 M M 6 M M
25 32 14 23 M 42 0 M M M 2.5 8 220 M M 3 18 260
26 36 5 21 M 44 0 0.00 0.0 M 3.8 10 130 M M 0 M M
27 37 32 35 M 30 0 0.54 0.0 M 8.1 16 130 M M 10 1 22 130
28 41 23 32 M 33 0 M M M 2.8 13 310 M M 3 1 20 310
================================================================================
SM 932 452 1121 0 1.35 0.0 147.3 M 105
================================================================================
AV 33.3 16.1 5.3 FASTST M M 4 MAX(MPH)
MISC ----> 21 280 30 290
================================================================================
NOTES:
# LAST OF SEVERAL OCCURRENCES
COLUMN 17 PEAK WIND IN M.P.H.
PRELIMINARY LOCAL CLIMATOLOGICAL DATA (WS FORM: F-6) , PAGE 2
STATION: WINONA_MUNI_(AWOS) MN
MONTH: FEBRUARY
YEAR: 2023
LATITUDE: 44 4 N
LONGITUDE: 91 42 W
[TEMPERATURE DATA] [PRECIPITATION DATA] SYMBOLS USED IN COLUMN 16
AVERAGE MONTHLY: 24.7 TOTAL FOR MONTH: 1.35 1 = FOG OR MIST
DPTR FM NORMAL: 0.0 DPTR FM NORMAL: 1.35 2 = FOG REDUCING VISIBILITY
HIGHEST: 46 ON 8 GRTST 24HR 0.54 ON 27-27 TO 1/4 MILE OR LESS
LOWEST: -9 ON 3 3 = THUNDER
SNOW, ICE PELLETS, HAIL 4 = ICE PELLETS
TOTAL MONTH: 0.0 INCH 5 = HAIL
GRTST 24HR 0.0 6 = FREEZING RAIN OR DRIZZLE
GRTST DEPTH: 0 7 = DUSTSTORM OR SANDSTORM:
VSBY 1/2 MILE OR LESS
8 = SMOKE OR HAZE
[NO. OF DAYS WITH] [WEATHER - DAYS WITH] 9 = BLOWING SNOW
X = TORNADO
MAX 32 OR BELOW: 13 0.01 INCH OR MORE: 5
MAX 90 OR ABOVE: 0 0.10 INCH OR MORE: 3
MIN 32 OR BELOW: 27 0.50 INCH OR MORE: 1
MIN 0 OR BELOW: 3 1.00 INCH OR MORE: 0
[HDD (BASE 65) ]
TOTAL THIS MO. 1121 CLEAR (SCALE 0-3) 12
DPTR FM NORMAL M PTCLDY (SCALE 4-7) 12
TOTAL FM JUL 1 5179 CLOUDY (SCALE 8-10) 4
DPTR FM NORMAL M
[CDD (BASE 65) ]
TOTAL THIS MO. 0
DPTR FM NORMAL M [PRESSURE DATA]
TOTAL FM JAN 1 0 HIGHEST SLP M ON M
DPTR FM NORMAL M LOWEST SLP M ON M
[REMARKS]
#FINAL-02-23#