000
CXUS53 KARX 011000
CF6ONA
PRELIMINARY LOCAL CLIMATOLOGICAL DATA (WS FORM: F-6)
STATION: WINONA_MUNI_(AWOS) MN
MONTH: FEBRUARY
YEAR: 2022
LATITUDE: 44 4 N
LONGITUDE: 91 42 W
TEMPERATURE IN F: :PCPN: SNOW: WIND :SUNSHINE: SKY :PK WND
================================================================================
1 2 3 4 5 6A 6B 7 8 9 10 11 12 13 14 15 16 17 18
12Z AVG MX 2MIN
DY MAX MIN AVG DEP HDD CDD WTR SNW DPTH SPD SPD DIR MIN PSBL S-S WX SPD DR
================================================================================
1 37 9 23 M 42 0 M M M 10.4 17 310 M M 2 26 300
2 12 1 7 M 58 0 M M M 10.4 16 330 M M 0 21 330
3 10 -8 1 M 64 0 M M M 2.8 8 320 M M 0 M M
4 12 -8 2 M 63 0 M M M 4.0 15 330 M M 5 8 20 330
5 27 -4 12 M 53 0 0.00 0.0 M 4.2 14 150 M M 5 20 160
6 32 14 23 M 42 0 M M M 6.0 18 330 M M 9 18 310
7 23 0 12 M 53 0 M M M 2.2 12 320 M M 4 M M
8 37 12 25 M 40 0 0.00 M M 4.6 12 260 M M 2 20 260
9 37 28 33 M 32 0 M M M 11.7 20 320 M M 10 24 330
10 41 19 30 M 35 0 M M M 9.6 17 330 M M 9 24 330
11 41 9 25 M 40 0 M M M 13.2 23 330 M M 8 35 330
12 9 0 5 M 60 0 M M M 5.1 10 310 M M 5 8 20 320
13 12 -2 5 M 60 0 M M M 3.5 6 270 M M 4 M M
14 21 9 15 M 50 0 M M M 2.9 8 330 M M 4 M M
15 37 10 24 M 41 0 M M M 8.7 16 150 M M 1 24 130
16 43 23 33 M 32 0 M M M 10.4 16 330 M M 3 25 340
17 23 1 12 M 53 0 M M M 10.6 17 320 M M 0 22 340
18 39 0 20 M 45 0 M M M 10.7 25 320 M M 6 8 45 310
19 25 1 13 M 52 0 M M M 7.0 16 320 M M 1 23 300
20 48 25 37 M 28 0 0.00 0.0 M 6.9 14 240 M M 0 24 220
21 34 19 27 M 38 0 M M M 10.7 17 110 M M 8 1 23 100
22 21 5 13 M 52 0 0.06 M M 9.9 17 320 M M 9 25 320
23 14 1 8 M 57 0 0.00 0.0 M 6.9 13 330 M M 1 20 320
24 21 1 11 M 54 0 M M M 2.5 6 310 M M 6 M M
25 23 3 13 M 52 0 M M M 4.2 12 320 M M 2 M M
26 34 0 17 M 48 0 M M M 5.3 14 240 M M 0 21 240
27 34 14 24 M 41 0 M M M 2.5 7 300 M M 1 16 300
28 45 23 34 M 31 0 0.00 0.0 M 3.1 9 320 M M 1 M M
================================================================================
SM 792 205 1316 0 0.06 0.0 190.0 M 106
================================================================================
AV 28.3 7.3 6.8 FASTST M M 4 MAX(MPH)
MISC ----> 25 320 45 310
================================================================================
NOTES:
# LAST OF SEVERAL OCCURRENCES
COLUMN 17 PEAK WIND IN M.P.H.
PRELIMINARY LOCAL CLIMATOLOGICAL DATA (WS FORM: F-6) , PAGE 2
STATION: WINONA_MUNI_(AWOS) MN
MONTH: FEBRUARY
YEAR: 2022
LATITUDE: 44 4 N
LONGITUDE: 91 42 W
[TEMPERATURE DATA] [PRECIPITATION DATA] SYMBOLS USED IN COLUMN 16
AVERAGE MONTHLY: 17.8 TOTAL FOR MONTH: 0.06 1 = FOG OR MIST
DPTR FM NORMAL: 0.0 DPTR FM NORMAL: 0.06 2 = FOG REDUCING VISIBILITY
HIGHEST: 48 ON 20 GRTST 24HR 0.06 ON 22-22 TO 1/4 MILE OR LESS
LOWEST: -8 ON 4, 3 3 = THUNDER
SNOW, ICE PELLETS, HAIL 4 = ICE PELLETS
TOTAL MONTH: 0.0 INCH 5 = HAIL
GRTST 24HR 0.0 6 = FREEZING RAIN OR DRIZZLE
GRTST DEPTH: M ON M 7 = DUSTSTORM OR SANDSTORM:
VSBY 1/2 MILE OR LESS
8 = SMOKE OR HAZE
[NO. OF DAYS WITH] [WEATHER - DAYS WITH] 9 = BLOWING SNOW
X = TORNADO
MAX 32 OR BELOW: 15 0.01 INCH OR MORE: 1
MAX 90 OR ABOVE: 0 0.10 INCH OR MORE: 0
MIN 32 OR BELOW: 28 0.50 INCH OR MORE: 0
MIN 0 OR BELOW: 8 1.00 INCH OR MORE: 0
[HDD (BASE 65) ]
TOTAL THIS MO. 1316 CLEAR (SCALE 0-3) 14
DPTR FM NORMAL M PTCLDY (SCALE 4-7) 8
TOTAL FM JUL 1 5122 CLOUDY (SCALE 8-10) 6
DPTR FM NORMAL M
[CDD (BASE 65) ]
TOTAL THIS MO. 0
DPTR FM NORMAL M [PRESSURE DATA]
TOTAL FM JAN 1 0 HIGHEST SLP M ON M
DPTR FM NORMAL M LOWEST SLP M ON M
[REMARKS]
#FINAL-02-22#