000
CXUS56 KSGX 011045
CF6ONT
PRELIMINARY LOCAL CLIMATOLOGICAL DATA (WS FORM: F-6)
STATION: ONTARIO INTL AIRPORT CA
MONTH: APRIL
YEAR: 2023
LATITUDE: 34 2 N
LONGITUDE: 117 37 W
TEMPERATURE IN F: :PCPN: SNOW: WIND :SUNSHINE: SKY :PK WND
================================================================================
1 2 3 4 5 6A 6B 7 8 9 10 11 12 13 14 15 16 17 18
12Z AVG MX 2MIN
DY MAX MIN AVG DEP HDD CDD WTR SNW DPTH SPD SPD DIR MIN PSBL S-S WX SPD DR
================================================================================
1 72 45 59 -3 6 0 0.00 M M 4.8 17 220 M M 2 23 250
2 69 45 57 -5 8 0 0.00 M M 6.0 17 250 M M 1 23 250
3 63 44 54 -8 11 0 T M M 14.2 29 270 M M 5 39 270
4 63 38 51 -11 14 0 0.00 M M 5.9 18 220 M M 3 24 250
5 69 40 55 -7 10 0 0.00 M M 3.5 18 220 M M 4 23 220
6 74 40 57 -5 8 0 0.00 M M 4.6 17 260 M M 4 22 260
7 72 50 61 -1 4 0 0.00 M M 4.7 15 220 M M 6 20 220
8 72 47 60 -2 5 0 0.00 M M 4.4 14 220 M M 6 19 220
9 83 50 67 5 0 2 T M M 3.8 13 250 M M 0 18 280
10 86 55 71 9 0 6 0.00 M M 4.6 16 270 M M 0 21 240
11 79 50 65 2 0 0 0.00 M M 5.5 15 240 M M 4 128 19 260
12 67 53 60 -3 5 0 T M M 7.7 17 240 M M 9 18 22 250
13 58 51 55 -8 10 0 0.01 M M 10.2 16 270 M M 10 1 20 230
14 65 49 57 -6 8 0 T M M 6.9 14 270 M M 6 1 18 240
15 79 47 63 0 2 0 0.00 M M 4.7 16 250 M M 0 18 20 260
16 73 49 61 -2 4 0 0.00 M M 5.5 15 270 M M 3 20 260
17 66 51 59 -5 6 0 0.00 M M 6.1 14 250 M M 8 18 19 220
18 64 49 57 -7 8 0 0.00 M M 8.0 16 220 M M 9 1 21 230
19 71 47 59 -5 6 0 0.00 M M 5.0 18 220 M M 3 22 250
20 84 48 66 2 0 1 T M M 4.2 18 230 M M 3 23 230
21 90 53 72 8 0 7 0.00 M M 4.7 16 250 M M 0 21 230
22 89 58 74 10 0 9 0.00 M M 4.8 14 240 M M 3 20 260
23 81 56 69 5 0 4 T M M 6.0 16 240 M M 2 23 240
24 74 54 64 -1 1 0 T M M 6.5 14 220 M M 6 18 17 230
25 74 55 65 0 0 0 T M M 6.5 15 240 M M 7 18 18 240
26 86 52 69 4 0 4 0.00 M M 5.4 18 270 M M 2 18 27 260
27 86 54 70 5 0 5 0.00 M M 6.1 18 250 M M 3 18 22 250
28 84 53 69 4 0 4 0.00 M M 5.0 18 240 M M 1 18 22 240
29 89 52 71 6 0 6 0.00 M M 6.4 17 270 M M 3 18 22 240
30 78 54 66 0 0 1 0.00 M M 7.2 17 260 M M 5 18 22 250
================================================================================
SM 2260 1489 116 49 0.01 M 178.9 M 118
================================================================================
AV 75.3 49.6 6.0 FASTST M M 4 MAX(MPH)
MISC ----> 29 270 39 270
================================================================================
NOTES:
# LAST OF SEVERAL OCCURRENCES
COLUMN 17 PEAK WIND IN M.P.H.
PRELIMINARY LOCAL CLIMATOLOGICAL DATA (WS FORM: F-6) , PAGE 2
STATION: ONTARIO INTL AIRPORT CA
MONTH: APRIL
YEAR: 2023
LATITUDE: 34 2 N
LONGITUDE: 117 37 W
[TEMPERATURE DATA] [PRECIPITATION DATA] SYMBOLS USED IN COLUMN 16
AVERAGE MONTHLY: 62.5 TOTAL FOR MONTH: 0.01 1 = FOG OR MIST
DPTR FM NORMAL: -0.9 DPTR FM NORMAL: -0.75 2 = FOG REDUCING VISIBILITY
HIGHEST: 90 ON 21 GRTST 24HR 0.01 ON 12-13 TO 1/4 MILE OR LESS
LOWEST: 38 ON 4 3 = THUNDER
SNOW, ICE PELLETS, HAIL 4 = ICE PELLETS
TOTAL MONTH: M 5 = HAIL
GRTST 24HR M ON M 6 = FREEZING RAIN OR DRIZZLE
GRTST DEPTH: M ON M 7 = DUSTSTORM OR SANDSTORM:
VSBY 1/2 MILE OR LESS
8 = SMOKE OR HAZE
[NO. OF DAYS WITH] [WEATHER - DAYS WITH] 9 = BLOWING SNOW
X = TORNADO
MAX 32 OR BELOW: 0 0.01 INCH OR MORE: 1
MAX 90 OR ABOVE: 1 0.10 INCH OR MORE: 0
MIN 32 OR BELOW: 0 0.50 INCH OR MORE: 0
MIN 0 OR BELOW: 0 1.00 INCH OR MORE: 0
[HDD (BASE 65) ]
TOTAL THIS MO. 116 CLEAR (SCALE 0-3) 11
DPTR FM NORMAL 11 PTCLDY (SCALE 4-7) 16
TOTAL FM JUL 1 1835 CLOUDY (SCALE 8-10) 3
DPTR FM NORMAL 585
[CDD (BASE 65) ]
TOTAL THIS MO. 49
DPTR FM NORMAL -8 [PRESSURE DATA]
TOTAL FM JAN 1 49 HIGHEST SLP 30.14 ON 5
DPTR FM NORMAL -44 LOWEST SLP 29.73 ON 23
[REMARKS]
#FINAL-04-23#