000
CXUS56 KSGX 011145
CF6ONT
PRELIMINARY LOCAL CLIMATOLOGICAL DATA (WS FORM: F-6)
STATION: ONTARIO INTL AIRPORT CA
MONTH: NOVEMBER
YEAR: 2022
LATITUDE: 34 2 N
LONGITUDE: 117 37 W
TEMPERATURE IN F: :PCPN: SNOW: WIND :SUNSHINE: SKY :PK WND
================================================================================
1 2 3 4 5 6A 6B 7 8 9 10 11 12 13 14 15 16 17 18
12Z AVG MX 2MIN
DY MAX MIN AVG DEP HDD CDD WTR SNW DPTH SPD SPD DIR MIN PSBL S-S WX SPD DR
================================================================================
1 74 56 65 -1 0 0 0.00 M M 7.9 21 270 M M 5 27 270
2 65 51 58 -8 7 0 0.23 M M 7.0 18 220 M M 7 1 23 220
3 64 46 55 -11 10 0 0.00 M M 5.0 14 220 M M 2 23 230
4 68 42 55 -10 10 0 0.00 M M 4.7 10 240 M M 6 8 14 210
5 72 45 59 -6 6 0 0.00 M M 3.3 12 220 M M 4 14 220
6 72 47 60 -5 5 0 0.00 M M 2.8 13 270 M M 1 16 250
7 65 54 60 -5 5 0 0.18 M M 6.2 17 220 M M 9 1 22 210
8 66 49 58 -6 7 0 1.61 M M 8.4 29 280 M M 9 1 38 280
9 60 48 54 -10 11 0 0.07 M M 6.7 20 280 M M 4 1 23 280
10 67 41 54 -10 11 0 0.00 M M 2.7 9 290 M M 0 12 270
11 70 41 56 -7 9 0 0.00 M M 2.7 12 260 M M 4 14 260
12 68 41 55 -8 10 0 0.00 M M 4.0 13 240 M M 1 17 260
13 65 42 54 -9 11 0 0.00 M M 3.2 12 290 M M 1 14 260
14 69 41 55 -7 10 0 0.00 M M 3.2 9 260 M M 1 12 280
15 74 43 59 -3 6 0 0.00 M M 9.5 30 30 M M 1 39 50
16 74 47 61 -1 4 0 0.00 M M 18.0 36 70 M M 0 47 70
17 76 41 59 -2 6 0 0.00 M M 4.1 10 280 M M 5 14 270
18 71 42 57 -4 8 0 0.00 M M 4.9 29 30 M M 2 36 30
19 73 46 60 -1 5 0 0.00 M M 10.0 23 60 M M 0 35 70
20 76 39 58 -2 7 0 0.00 M M 2.6 8 20 M M 1 11 350
21 74 40 57 -3 8 0 0.00 M M 1.5 7 30 M M 6 8 290
22 73 44 59 -1 6 0 0.00 M M 3.3 8 210 M M 4 11 220
23 75 42 59 0 6 0 0.00 M M 3.1 12 270 M M 4 14 280
24 74 50 62 3 3 0 0.00 M M 20.5 36 70 M M 1 8 48 40
25 74 41 58 -1 7 0 0.00 M M 4.0 20 50 M M 2 26 50
26 71 42 57 -1 8 0 0.00 M M 2.6 10 240 M M 1 14 230
27 73 41 57 -1 8 0 0.00 M M 3.1 12 240 M M 3 15 220
28 61 50 56 -2 9 0 0.00 M M 5.4 13 270 M M 8 18 18 230
29 64 49 57 -1 8 0 0.00 M M 3.5 10 270 M M 5 13 250
30 70 43 57 0 8 0 0.00 M M 4.3 12 270 M M 4 8 15 300
================================================================================
SM 2098 1344 219 0 2.09 M 168.2 M 101
================================================================================
AV 69.9 44.8 5.6 FASTST M M 3 MAX(MPH)
MISC ----> # 36 70 48 40
================================================================================
NOTES:
# LAST OF SEVERAL OCCURRENCES
COLUMN 17 PEAK WIND IN M.P.H.
PRELIMINARY LOCAL CLIMATOLOGICAL DATA (WS FORM: F-6) , PAGE 2
STATION: ONTARIO INTL AIRPORT CA
MONTH: NOVEMBER
YEAR: 2022
LATITUDE: 34 2 N
LONGITUDE: 117 37 W
[TEMPERATURE DATA] [PRECIPITATION DATA] SYMBOLS USED IN COLUMN 16
AVERAGE MONTHLY: 57.4 TOTAL FOR MONTH: 2.09 1 = FOG OR MIST
DPTR FM NORMAL: -4.5 DPTR FM NORMAL: 1.29 2 = FOG REDUCING VISIBILITY
HIGHEST: 76 ON 20,17 GRTST 24HR 1.68 ON 8- 9 TO 1/4 MILE OR LESS
LOWEST: 39 ON 20 3 = THUNDER
SNOW, ICE PELLETS, HAIL 4 = ICE PELLETS
TOTAL MONTH: M 5 = HAIL
GRTST 24HR M ON M 6 = FREEZING RAIN OR DRIZZLE
GRTST DEPTH: M ON M 7 = DUSTSTORM OR SANDSTORM:
VSBY 1/2 MILE OR LESS
8 = SMOKE OR HAZE
[NO. OF DAYS WITH] [WEATHER - DAYS WITH] 9 = BLOWING SNOW
X = TORNADO
MAX 32 OR BELOW: 0 0.01 INCH OR MORE: 4
MAX 90 OR ABOVE: 0 0.10 INCH OR MORE: 3
MIN 32 OR BELOW: 0 0.50 INCH OR MORE: 1
MIN 0 OR BELOW: 0 1.00 INCH OR MORE: 1
[HDD (BASE 65) ]
TOTAL THIS MO. 219 CLEAR (SCALE 0-3) 14
DPTR FM NORMAL 84 PTCLDY (SCALE 4-7) 13
TOTAL FM JUL 1 226 CLOUDY (SCALE 8-10) 3
DPTR FM NORMAL 64
[CDD (BASE 65) ]
TOTAL THIS MO. 0
DPTR FM NORMAL -40 [PRESSURE DATA]
TOTAL FM JAN 1 2301 HIGHEST SLP 30.29 ON 25
DPTR FM NORMAL 334 LOWEST SLP 29.74 ON 8
[REMARKS]
#FINAL-11-22#