000
CXUS56 KSGX 011045
CF6ONT
PRELIMINARY LOCAL CLIMATOLOGICAL DATA (WS FORM: F-6)
STATION: ONTARIO INTL AIRPORT CA
MONTH: AUGUST
YEAR: 2022
LATITUDE: 34 2 N
LONGITUDE: 117 37 W
TEMPERATURE IN F: :PCPN: SNOW: WIND :SUNSHINE: SKY :PK WND
================================================================================
1 2 3 4 5 6A 6B 7 8 9 10 11 12 13 14 15 16 17 18
12Z AVG MX 2MIN
DY MAX MIN AVG DEP HDD CDD WTR SNW DPTH SPD SPD DIR MIN PSBL S-S WX SPD DR
================================================================================
1 96 70 83 3 0 18 T M M 8.1 20 260 M M 7 26 270
2 93 69 81 1 0 16 0.00 M M 7.2 18 250 M M 2 27 270
3 93 71 82 2 0 17 0.00 M M 8.0 16 260 M M 6 8 22 260
4 93 68 81 1 0 16 0.00 M M 6.8 16 270 M M 8 8 20 270
5 95 72 84 4 0 19 0.00 M M 6.9 18 260 M M 4 24 260
6 97 68 83 3 0 18 0.00 M M 5.8 20 270 M M 1 24 260
7 102 70 86 6 0 21 0.00 M M 5.5 17 230 M M 3 24 260
8 97 72 85 5 0 20 0.00 M M 7.5 17 270 M M 4 23 280
9 99 74 87 7 0 22 0.00 M M 7.0 18 250 M M 5 24 270
10 99 72 86 6 0 21 0.00 M M 6.4 18 260 M M 2 22 250
11 100 72 86 6 0 21 0.00 M M 5.8 17 260 M M 2 23 260
12 101 70 86 6 0 21 0.00 M M 6.0 17 260 M M 3 23 260
13 101 71 86 6 0 21 0.00 M M 6.3 18 240 M M 4 30 260
14 101 71 86 6 0 21 0.00 M M 6.1 17 270 M M 3 26 260
15 98 69 84 4 0 19 0.00 M M 6.7 17 270 M M 2 23 270
16 101 69 85 5 0 20 0.00 M M 6.6 16 240 M M 2 21 250
17 98 70 84 4 0 19 0.00 M M 7.1 20 270 M M 2 26 260
18 96 68 82 2 0 17 0.00 M M 7.1 16 240 M M 2 21 240
19 97 67 82 2 0 17 0.00 M M 7.5 16 240 M M 2 22 270
20 91 66 79 -1 0 14 0.00 M M 7.1 16 240 M M 1 22 240
21 87 65 76 -4 0 11 0.00 M M 7.2 15 240 M M 1 1 19 240
22 91 65 78 -2 0 13 0.00 M M 6.9 14 280 M M 1 18 18 280
23 96 66 81 1 0 16 0.00 M M 7.2 17 270 M M 2 8 23 240
24 95 67 81 1 0 16 0.00 M M 8.1 21 280 M M 3 8 24 270
25 95 70 83 3 0 18 0.00 M M 7.6 17 240 M M 2 23 260
26 96 67 82 2 0 17 0.00 M M 7.1 17 250 M M 1 18 22 250
27 91 66 79 -1 0 14 0.00 M M 6.9 16 220 M M 0 8 22 220
28 88 66 77 -3 0 12 0.00 M M 7.4 16 270 M M 3 22 270
29 92 65 79 -1 0 14 0.00 M M 7.2 16 260 M M 1 22 260
30 101 69 85 5 0 20 0.00 M M 6.6 20 270 M M 1 25 250
31 108 72 90 10 0 25 0.00 M M 5.6 21 260 M M 2 26 280
================================================================================
SM 2988 2137 0 554 T M 213.3 M 82
================================================================================
AV 96.4 68.9 6.9 FASTST M M 3 MAX(MPH)
MISC ----> # 21 260 30 260
================================================================================
NOTES:
# LAST OF SEVERAL OCCURRENCES
COLUMN 17 PEAK WIND IN M.P.H.
PRELIMINARY LOCAL CLIMATOLOGICAL DATA (WS FORM: F-6) , PAGE 2
STATION: ONTARIO INTL AIRPORT CA
MONTH: AUGUST
YEAR: 2022
LATITUDE: 34 2 N
LONGITUDE: 117 37 W
[TEMPERATURE DATA] [PRECIPITATION DATA] SYMBOLS USED IN COLUMN 16
AVERAGE MONTHLY: 82.7 TOTAL FOR MONTH: T 1 = FOG OR MIST
DPTR FM NORMAL: 2.6 DPTR FM NORMAL: -0.03 2 = FOG REDUCING VISIBILITY
HIGHEST: 108 ON 31 GRTST 24HR 0.03 ON 31- 1 TO 1/4 MILE OR LESS
LOWEST: 65 ON 29,21 3 = THUNDER
SNOW, ICE PELLETS, HAIL 4 = ICE PELLETS
TOTAL MONTH: M 5 = HAIL
GRTST 24HR M ON M 6 = FREEZING RAIN OR DRIZZLE
GRTST DEPTH: M ON M 7 = DUSTSTORM OR SANDSTORM:
VSBY 1/2 MILE OR LESS
8 = SMOKE OR HAZE
[NO. OF DAYS WITH] [WEATHER - DAYS WITH] 9 = BLOWING SNOW
X = TORNADO
MAX 32 OR BELOW: 0 0.01 INCH OR MORE: 0
MAX 90 OR ABOVE: 29 0.10 INCH OR MORE: 0
MIN 32 OR BELOW: 0 0.50 INCH OR MORE: 0
MIN 0 OR BELOW: 0 1.00 INCH OR MORE: 0
[HDD (BASE 65) ]
TOTAL THIS MO. 0 CLEAR (SCALE 0-3) 21
DPTR FM NORMAL 0 PTCLDY (SCALE 4-7) 10
TOTAL FM JUL 1 0 CLOUDY (SCALE 8-10) 0
DPTR FM NORMAL 0
[CDD (BASE 65) ]
TOTAL THIS MO. 554
DPTR FM NORMAL 87 [PRESSURE DATA]
TOTAL FM JAN 1 1622 HIGHEST SLP 30.03 ON 21
DPTR FM NORMAL 249 LOWEST SLP 29.66 ON 19
[REMARKS]
#FINAL-08-22#