000
CXUS56 KSGX 011145
CF6ONT
PRELIMINARY LOCAL CLIMATOLOGICAL DATA (WS FORM: F-6)
STATION: ONTARIO INTL AIRPORT CA
MONTH: DECEMBER
YEAR: 2023
LATITUDE: 34 2 N
LONGITUDE: 117 37 W
TEMPERATURE IN F: :PCPN: SNOW: WIND :SUNSHINE: SKY :PK WND
================================================================================
1 2 3 4 5 6A 6B 7 8 9 10 11 12 13 14 15 16 17 18
12Z AVG MX 2MIN
DY MAX MIN AVG DEP HDD CDD WTR SNW DPTH SPD SPD DIR MIN PSBL S-S WX SPD DR
================================================================================
1 65 47 56 -1 9 0 T M M 3.1 10 220 M M 4 14 170
2 67 42 55 -2 10 0 0.00 M M 2.2 10 270 M M 2 13 260
3 68 41 55 -1 10 0 0.00 M M 0.8 6 240 M M 5 8 220
4 78 45 62 6 3 0 0.00 M M 1.9 7 10 M M 7 8 350
5 84 50 67 11 0 2 0.00 M M 2.1 7 320 M M 1 11 320
6 78 51 65 9 0 0 0.00 M M 4.8 14 220 M M 2 1 18 210
7 65 49 57 1 8 0 0.00 M M 3.4 13 220 M M 5 18 17 220
8 66 44 55 -1 10 0 0.00 M M 2.3 8 280 M M 3 128 11 260
9 72 43 58 3 7 0 0.00 M M 5.0 18 70 M M 1 26 60
10 75 40 58 3 7 0 0.00 M M 2.7 9 320 M M 5 12 40
11 75 44 60 5 5 0 0.00 M M 3.1 8 260 M M 7 11 230
12 70 43 57 2 8 0 0.00 M M 3.4 9 260 M M 1 8 12 250
13 71 45 58 3 7 0 0.00 M M 4.1 18 30 M M 3 128 23 40
14 74 42 58 3 7 0 0.00 M M 2.6 8 20 M M 5 2 10 40
15 79 44 62 7 3 0 0.00 M M 4.0 12 70 M M 6 8 16 80
16 80 45 63 8 2 0 0.00 M M 2.5 8 300 M M 6 8 12 230
17 78 46 62 7 3 0 0.00 M M 3.5 9 260 M M 7 12 260
18 71 54 63 8 2 0 0.05 M M 3.3 20 290 M M 8 24 290
19 65 54 60 5 5 0 0.06 M M 3.6 13 290 M M 9 18 16 290
20 68 55 62 7 3 0 0.36 M M 4.2 13 220 M M 8 18 14 220
21 68 55 62 7 3 0 T M M 5.0 12 300 M M 7 14 70
22 64 52 58 3 7 0 0.36 M M 4.9 17 30 M M 7 13 23 40
23 63 49 56 1 9 0 0.00 M M 2.6 8 290 M M 6 10 290
24 65 48 57 2 8 0 0.00 M M 2.1 8 240 M M 3 18 11 240
25 68 45 57 2 8 0 0.00 M M 3.4 9 240 M M 4 18 12 250
26 67 48 58 3 7 0 0.00 M M 1.5 7 40 M M 8 8 8 40
27 67 47 57 2 8 0 0.00 M M 2.4 10 260 M M 8 128 12 260
28 68 50 59 4 6 0 0.00 M M 2.3 8 240 M M 7 128 12 30
29 69 48 59 4 6 0 0.00 M M 3.1 9 280 M M 7 18 12 260
30 60 51 56 1 9 0 0.15 0.0 0 4.0 14 220 M M 7 18 19 40
31 59 49 54 -1 11 0 0.00 0.0 0 1.9 9 180 M M 8 11 180
================================================================================
SM 2167 1466 191 2 0.98 0.0 95.8 M 167
================================================================================
AV 69.9 47.3 3.1 FASTST M M 5 MAX(MPH)
MISC ----> 20 290 26 60
================================================================================
NOTES:
# LAST OF SEVERAL OCCURRENCES
COLUMN 17 PEAK WIND IN M.P.H.
PRELIMINARY LOCAL CLIMATOLOGICAL DATA (WS FORM: F-6) , PAGE 2
STATION: ONTARIO INTL AIRPORT CA
MONTH: DECEMBER
YEAR: 2023
LATITUDE: 34 2 N
LONGITUDE: 117 37 W
[TEMPERATURE DATA] [PRECIPITATION DATA] SYMBOLS USED IN COLUMN 16
AVERAGE MONTHLY: 58.6 TOTAL FOR MONTH: 0.98 1 = FOG OR MIST
DPTR FM NORMAL: 3.4 DPTR FM NORMAL: -0.91 2 = FOG REDUCING VISIBILITY
HIGHEST: 84 ON 5 GRTST 24HR 0.36 ON 21-22 TO 1/4 MILE OR LESS
LOWEST: 40 ON 10 3 = THUNDER
SNOW, ICE PELLETS, HAIL 4 = ICE PELLETS
TOTAL MONTH: 0.0 INCH 5 = HAIL
GRTST 24HR 0.0 6 = FREEZING RAIN OR DRIZZLE
GRTST DEPTH: 0 7 = DUSTSTORM OR SANDSTORM:
VSBY 1/2 MILE OR LESS
8 = SMOKE OR HAZE
[NO. OF DAYS WITH] [WEATHER - DAYS WITH] 9 = BLOWING SNOW
X = TORNADO
MAX 32 OR BELOW: 0 0.01 INCH OR MORE: 5
MAX 90 OR ABOVE: 0 0.10 INCH OR MORE: 3
MIN 32 OR BELOW: 0 0.50 INCH OR MORE: 0
MIN 0 OR BELOW: 0 1.00 INCH OR MORE: 0
[HDD (BASE 65) ]
TOTAL THIS MO. 191 CLEAR (SCALE 0-3) 6
DPTR FM NORMAL -113 PTCLDY (SCALE 4-7) 22
TOTAL FM JUL 1 284 CLOUDY (SCALE 8-10) 3
DPTR FM NORMAL -179
[CDD (BASE 65) ]
TOTAL THIS MO. 2
DPTR FM NORMAL 0 [PRESSURE DATA]
TOTAL FM JAN 1 1695 HIGHEST SLP 30.25 ON 9
DPTR FM NORMAL -274 LOWEST SLP 29.81 ON 20
[REMARKS]
#FINAL-12-23#