000
CXUS52 KMFL 011130
CF6OPF
PRELIMINARY LOCAL CLIMATOLOGICAL DATA (WS FORM: F-6)
STATION: OPA-LOCKA ARPT
MONTH: DECEMBER
YEAR: 2023
LATITUDE: 25 53 N
LONGITUDE: 80 17 W
TEMPERATURE IN F: :PCPN: SNOW: WIND :SUNSHINE: SKY :PK WND
================================================================================
1 2 3 4 5 6A 6B 7 8 9 10 11 12 13 14 15 16 17 18
12Z AVG MX 2MIN
DY MAX MIN AVG DEP HDD CDD WTR SNW DPTH SPD SPD DIR MIN PSBL S-S WX SPD DR
================================================================================
1 85 67 76 4 0 11 0.00 0.0 0 6.5 16 130 M M 3 20 130
2 86 73 80 8 0 15 0.00 0.0 0 6.4 17 160 M M 2 8 25 170
3 88 72 80 8 0 15 0.00 0.0 0 4.4 14 240 M M 2 18 19 220
4 84 68 76 4 0 11 0.00 M M 4.3 12 300 M M 0 128 16 310
5 82 68 75 3 0 10 0.00 M M 6.7 12 340 M M 0 8 16 340
6 72 58 65 -7 0 0 0.00 M M 11.1 22 350 M M 0 31 360
7 76 55 66 -6 0 1 0.00 M M 7.2 17 80 M M 5 21 80
8 79 62 71 0 0 6 T 0.0 0 9.2 18 120 M M 6 25 90
9 83 71 77 6 0 12 0.00 0.0 0 10.8 22 120 M M 4 28 130
10 84 68 76 5 0 11 0.04 0.0 0 9.7 23 140 M M 3 1 30 260
11 73 59 66 -5 0 1 0.00 0.0 0 10.0 21 310 M M 1 26 300
12 77 58 68 -3 0 3 T 0.0 0 11.5 22 70 M M 5 34 70
13 75 71 73 2 0 8 0.35 0.0 0 17.3 25 70 M M 10 1 35 60
14 73 69 71 0 0 6 0.17 0.0 0 21.1 31 70 M M 10 1 43 60
15 74 69 72 1 0 7 0.06 0.0 0 21.6 31 80 M M 10 1 43 70
16 74 71 73 3 0 8 1.73 0.0 0 18.0 35 150 M M 10 13 45 140
17 79 65 72 2 0 7 0.30 0.0 0 16.4 28 150 M M 5 3 38 170
18 73 57 65 -5 0 0 0.00 0.0 0 9.9 21 280 M M 1 27 300
19 73 53 63 -7 2 0 0.00 0.0 0 10.2 17 350 M M 1 24 20
20 72 56 64 -6 1 0 0.00 0.0 0 11.9 22 80 M M 9 31 80
21 78 69 74 4 0 9 T 0.0 0 13.1 23 60 M M 9 30 60
22 75 63 69 -1 0 4 0.01 0.0 0 6.5 17 70 M M 5 23 50
23 78 64 71 1 0 6 0.02 0.0 0 9.2 21 60 M M 5 27 60
24 78 68 73 4 0 8 0.03 0.0 0 13.0 22 90 M M 5 29 100
25 76 59 68 -1 0 3 0.07 0.0 0 12.5 20 140 M M 5 27 140
26 83 71 77 8 0 12 0.39 0.0 0 7.6 15 290 M M 6 21 180
27 77 63 70 1 0 5 0.00 0.0 0 4.9 13 320 M M 1 16 310
28 67 61 64 -5 1 0 0.76 0.0 0 7.3 18 310 M M 6 18 24 310
29 71 61 66 -3 0 1 0.00 0.0 0 6.9 17 300 M M 1 23 310
30 66 54 60 -9 5 0 0.00 0.0 0 3.6 14 300 M M 1 19 300
31 71 49 60 -8 5 0 0.00 0.0 0 2.4 12 290 M M 0 18 17 320
================================================================================
SM 2382 1972 14 180 3.93 0.0 311.2 M 131
================================================================================
AV 76.8 63.6 10.0 FASTST M M 4 MAX(MPH)
MISC ----> 35 150 45 140
================================================================================
NOTES:
# LAST OF SEVERAL OCCURRENCES
COLUMN 17 PEAK WIND IN M.P.H.
PRELIMINARY LOCAL CLIMATOLOGICAL DATA (WS FORM: F-6) , PAGE 2
STATION: OPA-LOCKA ARPT
MONTH: DECEMBER
YEAR: 2023
LATITUDE: 25 53 N
LONGITUDE: 80 17 W
[TEMPERATURE DATA] [PRECIPITATION DATA] SYMBOLS USED IN COLUMN 16
AVERAGE MONTHLY: 70.2 TOTAL FOR MONTH: 3.93 1 = FOG OR MIST
DPTR FM NORMAL: -0.2 DPTR FM NORMAL: 1.76 2 = FOG REDUCING VISIBILITY
HIGHEST: 88 ON 3 GRTST 24HR 1.95 ON 16-17 TO 1/4 MILE OR LESS
LOWEST: 49 ON 31 3 = THUNDER
SNOW, ICE PELLETS, HAIL 4 = ICE PELLETS
TOTAL MONTH: 0.0 INCH 5 = HAIL
GRTST 24HR 0.0 6 = FREEZING RAIN OR DRIZZLE
GRTST DEPTH: 0 7 = DUSTSTORM OR SANDSTORM:
VSBY 1/2 MILE OR LESS
8 = SMOKE OR HAZE
[NO. OF DAYS WITH] [WEATHER - DAYS WITH] 9 = BLOWING SNOW
X = TORNADO
MAX 32 OR BELOW: 0 0.01 INCH OR MORE: 12
MAX 90 OR ABOVE: 0 0.10 INCH OR MORE: 6
MIN 32 OR BELOW: 0 0.50 INCH OR MORE: 2
MIN 0 OR BELOW: 0 1.00 INCH OR MORE: 1
[HDD (BASE 65) ]
TOTAL THIS MO. 14 CLEAR (SCALE 0-3) 14
DPTR FM NORMAL -16 PTCLDY (SCALE 4-7) 11
TOTAL FM JUL 1 14 CLOUDY (SCALE 8-10) 6
DPTR FM NORMAL -20
[CDD (BASE 65) ]
TOTAL THIS MO. 180
DPTR FM NORMAL -18 [PRESSURE DATA]
TOTAL FM JAN 1 5014 HIGHEST SLP 30.28 ON 31
DPTR FM NORMAL 521 LOWEST SLP 29.63 ON 17
[REMARKS]
#FINAL-12-23#