000
CXUS52 KMFL 011030
CF6OPF
PRELIMINARY LOCAL CLIMATOLOGICAL DATA (WS FORM: F-6)
STATION: OPA-LOCKA ARPT
MONTH: AUGUST
YEAR: 2023
LATITUDE: 25 53 N
LONGITUDE: 80 17 W
TEMPERATURE IN F: :PCPN: SNOW: WIND :SUNSHINE: SKY :PK WND
================================================================================
1 2 3 4 5 6A 6B 7 8 9 10 11 12 13 14 15 16 17 18
12Z AVG MX 2MIN
DY MAX MIN AVG DEP HDD CDD WTR SNW DPTH SPD SPD DIR MIN PSBL S-S WX SPD DR
================================================================================
1 92 79 86 2 0 21 T 0.0 0 3.6 18 330 M M 1 3 25 330
2 93 78 86 2 0 21 0.10 0.0 0 4.6 21 80 M M 4 3 26 70
3 92 77 85 1 0 20 0.50 0.0 0 5.3 23 220 M M 5 138 27 210
4 90 79 85 1 0 20 0.50 0.0 0 4.9 15 190 M M 2 13 21 180
5 91 80 86 2 0 21 0.01 M M 4.4 15 190 M M 2 3 17 200
6 94 80 87 3 0 22 0.05 0.0 0 4.3 21 170 M M 2 3 27 190
7 95 81 88 4 0 23 0.00 M M 5.8 16 130 M M 1 3 23 130
8 95 79 87 3 0 22 0.20 0.0 0 6.5 23 10 M M 3 13 27 10
9 94 77 86 2 0 21 0.25 0.0 0 4.9 25 330 M M 2 13 29 330
10 94 78 86 2 0 21 0.30 0.0 0 3.8 23 270 M M 2 3 29 270
11 94 79 87 3 0 22 0.20 0.0 0 4.2 17 160 M M 1 3 20 160
12 92 79 86 2 0 21 0.01 0.0 0 8.0 21 90 M M 2 26 90
13 93 82 88 4 0 23 0.17 0.0 0 10.1 23 160 M M 3 27 160
14 94 79 87 3 0 22 0.00 0.0 0 7.0 16 130 M M 1 24 130
15 95 80 88 4 0 23 0.00 0.0 0 7.3 21 110 M M 2 3 26 100
16 92 78 85 1 0 20 0.03 0.0 0 7.5 21 190 M M 3 3 25 200
17 94 73 84 0 0 19 2.42 0.0 0 7.3 43 160 M M 4 138 60 210
18 89 78 84 0 0 19 T 0.0 0 2.5 16 290 M M 1 3 20 190
19 90 77 84 0 0 19 0.13 0.0 0 8.2 22 120 M M 3 3 30 100
20 87 75 81 -3 0 16 0.07 0.0 0 7.2 30 160 M M 3 3 37 110
21 90 78 84 0 0 19 0.19 0.0 0 12.2 23 90 M M 3 3 28 70
22 91 79 85 1 0 20 0.06 0.0 0 11.6 22 90 M M 2 3 27 80
23 91 78 85 1 0 20 0.09 0.0 0 8.8 18 90 M M 2 24 60
24 92 77 85 1 0 20 0.48 0.0 0 7.3 23 30 M M 2 13 27 30
25 92 78 85 1 0 20 0.06 0.0 0 7.9 21 70 M M 2 8 23 70
26 91 76 84 0 0 19 0.84 0.0 0 7.2 18 70 M M 2 22 80
27 91 78 85 1 0 20 T 0.0 0 6.5 15 140 M M 3 20 80
28 90 77 84 0 0 19 2.13 0.0 0 5.5 25 200 M M 3 13 33 200
29 92 75 84 0 0 19 0.38 0.0 0 12.8 38 220 M M 3 13 46 220
30 93 82 88 4 0 23 0.00 M M 16.6 29 200 M M 2 3 39 210
31 94 78 86 2 0 21 0.10 M M 8.0 33 320 M M 2 3 42 320
================================================================================
SM 2857 2424 0 636 9.27 0.0 221.8 M 73
================================================================================
AV 92.2 78.2 7.2 FASTST M M 2 MAX(MPH)
MISC ----> 43 160 60 210
================================================================================
NOTES:
# LAST OF SEVERAL OCCURRENCES
COLUMN 17 PEAK WIND IN M.P.H.
PRELIMINARY LOCAL CLIMATOLOGICAL DATA (WS FORM: F-6) , PAGE 2
STATION: OPA-LOCKA ARPT
MONTH: AUGUST
YEAR: 2023
LATITUDE: 25 53 N
LONGITUDE: 80 17 W
[TEMPERATURE DATA] [PRECIPITATION DATA] SYMBOLS USED IN COLUMN 16
AVERAGE MONTHLY: 85.2 TOTAL FOR MONTH: 9.27 1 = FOG OR MIST
DPTR FM NORMAL: 1.2 DPTR FM NORMAL: 1.19 2 = FOG REDUCING VISIBILITY
HIGHEST: 95 ON 15, 8 GRTST 24HR 2.42 ON 17-17 TO 1/4 MILE OR LESS
LOWEST: 73 ON 17 3 = THUNDER
SNOW, ICE PELLETS, HAIL 4 = ICE PELLETS
TOTAL MONTH: 0.0 INCH 5 = HAIL
GRTST 24HR 0.0 6 = FREEZING RAIN OR DRIZZLE
GRTST DEPTH: 0 7 = DUSTSTORM OR SANDSTORM:
VSBY 1/2 MILE OR LESS
8 = SMOKE OR HAZE
[NO. OF DAYS WITH] [WEATHER - DAYS WITH] 9 = BLOWING SNOW
X = TORNADO
MAX 32 OR BELOW: 0 0.01 INCH OR MORE: 24
MAX 90 OR ABOVE: 29 0.10 INCH OR MORE: 16
MIN 32 OR BELOW: 0 0.50 INCH OR MORE: 5
MIN 0 OR BELOW: 0 1.00 INCH OR MORE: 2
[HDD (BASE 65) ]
TOTAL THIS MO. 0 CLEAR (SCALE 0-3) 28
DPTR FM NORMAL 0 PTCLDY (SCALE 4-7) 3
TOTAL FM JUL 1 0 CLOUDY (SCALE 8-10) 0
DPTR FM NORMAL 0
[CDD (BASE 65) ]
TOTAL THIS MO. 636
DPTR FM NORMAL 49 [PRESSURE DATA]
TOTAL FM JAN 1 3496 HIGHEST SLP 30.10 ON 7
DPTR FM NORMAL 466 LOWEST SLP 29.72 ON 27
[REMARKS]
#FINAL-08-23#