000
CXUS53 KLOT 011402
CF6ORD
PRELIMINARY LOCAL CLIMATOLOGICAL DATA (WS FORM: F-6)
STATION: CHICAGO-OHARE
MONTH: MARCH
YEAR: 2022
LATITUDE: 41 58 N
LONGITUDE: 87 54 W
TEMPERATURE IN F: :PCPN: SNOW: WIND :SUNSHINE: SKY :PK WND
================================================================================
1 2 3 4 5 6A 6B 7 8 9 10 11 12 13 14 15 16 17 18
12Z AVG MX 2MIN
DY MAX MIN AVG DEP HDD CDD WTR SNW DPTH SPD SPD DIR MIN PSBL S-S WX SPD DR
================================================================================
1 54 36 45 11 20 0 0.00 0.0 0 7.3 14 70 M M 8 19 240
2 58 33 46 12 19 0 T 0.0 0 9.6 23 20 M M 8 29 30
3 36 28 32 -2 33 0 0.00 0.0 0 11.8 24 30 M M 9 30 50
4 41 28 35 0 30 0 0.00 0.0 0 8.7 15 120 M M 9 19 90
5 69 39 54 19 11 0 0.12 0.0 0 14.2 38 260 M M 7 13 66 280
6 59 35 47 11 18 0 0.02 T 0 15.6 33 250 M M 9 8 51 280
7 36 30 33 -3 32 0 0.35 2.9 1 12.1 20 310 M M 10 146 28 280
8 39 27 33 -3 32 0 0.00 0.0 1 7.1 16 210 M M 5 22 240
9 41 27 34 -3 31 0 0.00 0.0 0 9.5 20 260 M M 5 27 260
10 31 22 27 -10 38 0 0.02 0.6 0 6.2 18 10 M M 9 1 21 360
11 31 16 24 -13 41 0 0.01 0.3 1 12.1 26 260 M M 7 1 41 260
12 23 11 17 -21 48 0 0.00 0.0 0 13.2 21 310 M M 3 29 310
13 51 21 36 -2 29 0 T T 0 11.6 21 260 M M 5 31 230
14 63 37 50 12 15 0 0.00 0.0 0 9.8 22 220 M M 8 30 220
15 54 36 45 6 20 0 0.00 0.0 0 6.3 13 10 M M 4 17 360
16 70 36 53 14 12 0 0.00 0.0 0 7.9 23 220 M M 5 8 36 190
17 73 47 60 21 5 0 0.00 0.0 0 7.6 15 20 M M 7 19 80
18 47 40 44 4 21 0 0.64 0.0 0 17.3 29 30 M M 10 1 36 40
19 43 37 40 0 25 0 0.06 0.0 0 9.5 21 10 M M 9 1 26 10
20 63 34 49 9 16 0 0.00 0.0 0 6.4 15 220 M M 2 21 210
21 74 42 58 17 7 0 0.00 0.0 0 8.4 21 220 M M 8 30 220
22 56 45 51 10 14 0 0.22 0.0 0 11.8 25 110 M M 10 1 34 110
23 58 46 52 11 13 0 0.37 0.0 0 8.4 22 200 M M 10 18 30 220
24 46 39 43 1 22 0 0.25 0.0 0 7.8 18 210 M M 10 1 27 220
25 47 35 41 -1 24 0 0.01 T 0 14.9 32 290 M M 9 148 45 290
26 35 26 31 -11 34 0 T T 0 14.6 23 320 M M 9 33 300
27 36 22 29 -14 36 0 0.00 0.0 0 9.0 21 340 M M 1 27 330
28 35 22 29 -14 36 0 0.00 0.0 0 9.1 15 20 M M 5 20 20
29 44 29 37 -6 28 0 T 0.0 0 15.0 24 110 M M 10 32 150
30 60 44 52 8 13 0 1.13 0.0 0 11.7 23 260 M M 10 1 34 250
31 48 33 41 -3 24 0 0.49 T 0 10.0 20 270 M M 10 1 26 300
================================================================================
SM 1521 1003 747 0 3.69 3.8 324.5 M 231
================================================================================
AV 49.1 32.4 10.5 FASTST M M 7 MAX(MPH)
MISC ----> 38 260 66 280
================================================================================
NOTES:
# LAST OF SEVERAL OCCURRENCES
COLUMN 17 PEAK WIND IN M.P.H.
PRELIMINARY LOCAL CLIMATOLOGICAL DATA (WS FORM: F-6) , PAGE 2
STATION: CHICAGO-OHARE
MONTH: MARCH
YEAR: 2022
LATITUDE: 41 58 N
LONGITUDE: 87 54 W
[TEMPERATURE DATA] [PRECIPITATION DATA] SYMBOLS USED IN COLUMN 16
AVERAGE MONTHLY: 40.7 TOTAL FOR MONTH: 3.69 1 = FOG OR MIST
DPTR FM NORMAL: 1.7 DPTR FM NORMAL: 1.24 2 = FOG REDUCING VISIBILITY
HIGHEST: 74 ON 21 GRTST 24HR 1.60 ON 30-31 TO 1/4 MILE OR LESS
LOWEST: 11 ON 12 3 = THUNDER
SNOW, ICE PELLETS, HAIL 4 = ICE PELLETS
TOTAL MONTH: 3.8 INCHES 5 = HAIL
GRTST 24HR 2.9 ON 7- 7 6 = FREEZING RAIN OR DRIZZLE
GRTST DEPTH: 1 ON 11, 8 7 = DUSTSTORM OR SANDSTORM:
VSBY 1/2 MILE OR LESS
8 = SMOKE OR HAZE
[NO. OF DAYS WITH] [WEATHER - DAYS WITH] 9 = BLOWING SNOW
X = TORNADO
MAX 32 OR BELOW: 3 0.01 INCH OR MORE: 13
MAX 90 OR ABOVE: 0 0.10 INCH OR MORE: 8
MIN 32 OR BELOW: 13 0.50 INCH OR MORE: 2
MIN 0 OR BELOW: 0 1.00 INCH OR MORE: 1
[HDD (BASE 65) ]
TOTAL THIS MO. 747 CLEAR (SCALE 0-3) 2
DPTR FM NORMAL -61 PTCLDY (SCALE 4-7) 14
TOTAL FM JUL 1 4964 CLOUDY (SCALE 8-10) 15
DPTR FM NORMAL -313
[CDD (BASE 65) ]
TOTAL THIS MO. 0
DPTR FM NORMAL -2 [PRESSURE DATA]
TOTAL FM JAN 1 0 HIGHEST SLP 30.47 ON 3
DPTR FM NORMAL -2 LOWEST SLP 29.09 ON 31
[REMARKS]
#FINAL-03-22#