000
CXUS51 KAKQ 020309
CF6ORF
PRELIMINARY LOCAL CLIMATOLOGICAL DATA (WS FORM: F-6)
STATION: NORFOLK VA
MONTH: JULY
YEAR: 2022
LATITUDE: 36 54 N
LONGITUDE: 76 12 W
TEMPERATURE IN F: :PCPN: SNOW: WIND :SUNSHINE: SKY :PK WND
================================================================================
1 2 3 4 5 6A 6B 7 8 9 10 11 12 13 14 15 16 17 18
12Z AVG MX 2MIN
DY MAX MIN AVG DEP HDD CDD WTR SNW DPTH SPD SPD DIR MIN PSBL S-S WX SPD DR
================================================================================
1 93 71 82 2 0 17 0.00 0.0 0 9.8 20 190 M M 1 24 190
2 92 73 83 3 0 18 0.00 0.0 0 14.4 24 200 M M 1 33 210
3 86 74 80 -1 0 15 0.07 0.0 0 7.6 16 10 M M 2 1 20 20
4 87 72 80 -1 0 15 0.00 0.0 0 5.9 13 80 M M 1 21 110
5 94 70 82 1 0 17 0.00 0.0 0 9.8 21 200 M M 1 8 26 220
6 94 77 86 5 0 21 0.00 0.0 0 6.7 18 240 M M 0 24 240
7 89 74 82 1 0 17 0.00 0.0 0 8.4 20 20 M M 2 8 23 20
8 85 72 79 -2 0 14 0.00 0.0 0 7.8 14 40 M M 6 20 110
9 84 70 77 -4 0 12 1.44 0.0 0 8.0 29 350 M M 10 12 36 360
10 71 66 69 -12 0 4 0.50 0.0 0 12.9 22 30 M M 10 1 29 40
11 79 69 74 -7 0 9 T 0.0 0 8.4 16 20 M M 9 1 20 30
12 92 67 80 -1 0 15 0.00 0.0 0 11.4 22 220 M M 1 30 190
13 89 72 81 0 0 16 0.64 0.0 0 8.9 29 200 M M 2 1 37 200
14 90 74 82 1 0 17 0.00 0.0 0 4.9 12 230 M M 2 15 230
15 86 71 79 -2 0 14 0.50 0.0 0 4.3 21 350 M M 3 13 29 330
16 87 71 79 -2 0 14 0.14 0.0 0 4.6 15 250 M M 2 1 19 250
17 91 71 81 0 0 16 0.00 0.0 0 9.8 20 200 M M 1 24 200
18 92 75 84 3 0 19 0.00 0.0 0 13.3 21 220 M M 1 25 210
19 92 77 85 4 0 20 0.11 0.0 0 7.8 16 230 M M 3 1 22 210
20 93 75 84 3 0 19 0.00 0.0 0 8.8 20 200 M M 1 23 210
21 91 75 83 2 0 18 0.02 0.0 0 15.0 24 230 M M 2 18 30 310
22 93 75 84 3 0 19 0.00 0.0 0 5.8 14 220 M M 0 18 220
23 93 77 85 4 0 20 0.00 0.0 0 8.0 18 210 M M 1 25 140
24 97 77 87 6 0 22 0.00 0.0 0 12.4 21 200 M M 1 8 26 210
25 95 76 86 5 0 21 T 0.0 0 16.4 26 210 M M 2 33 220
26 89 74 82 1 0 17 0.71 0.0 0 12.1 30 220 M M 3 1238 36 230
27 91 75 83 2 0 18 0.11 0.0 0 8.9 15 210 M M 2 18 19 260
28 95 76 86 5 0 21 0.00 0.0 0 10.2 28 240 M M 1 41 230
29 95 76 86 5 0 21 0.73 0.0 0 10.5 26 220 M M 4 12 31 220
30 85 75 80 -1 0 15 0.00 0.0 0 7.5 17 30 M M 2 22 10
31 86 73 80 -1 0 15 0.21 0.0 0 5.0 18 200 M M 4 18 23 200
================================================================================
SM 2776 2270 0 516 5.18 0.0 285.3 M 81
================================================================================
AV 89.5 73.2 9.2 FASTST M M 3 MAX(MPH)
MISC ----> 30 220 41 230
================================================================================
NOTES:
# LAST OF SEVERAL OCCURRENCES
COLUMN 17 PEAK WIND IN M.P.H.
PRELIMINARY LOCAL CLIMATOLOGICAL DATA (WS FORM: F-6) , PAGE 2
STATION: NORFOLK VA
MONTH: JULY
YEAR: 2022
LATITUDE: 36 54 N
LONGITUDE: 76 12 W
[TEMPERATURE DATA] [PRECIPITATION DATA] SYMBOLS USED IN COLUMN 16
AVERAGE MONTHLY: 81.4 TOTAL FOR MONTH: 5.18 1 = FOG OR MIST
DPTR FM NORMAL: 0.3 DPTR FM NORMAL: -0.90 2 = FOG REDUCING VISIBILITY
HIGHEST: 97 ON 24 GRTST 24HR 1.56 ON 9-10 TO 1/4 MILE OR LESS
LOWEST: 66 ON 10 3 = THUNDER
SNOW, ICE PELLETS, HAIL 4 = ICE PELLETS
TOTAL MONTH: 0.0 INCH 5 = HAIL
GRTST 24HR 0.0 6 = FREEZING RAIN OR DRIZZLE
GRTST DEPTH: 0 7 = DUSTSTORM OR SANDSTORM:
VSBY 1/2 MILE OR LESS
8 = SMOKE OR HAZE
[NO. OF DAYS WITH] [WEATHER - DAYS WITH] 9 = BLOWING SNOW
X = TORNADO
MAX 32 OR BELOW: 0 0.01 INCH OR MORE: 12
MAX 90 OR ABOVE: 18 0.10 INCH OR MORE: 10
MIN 32 OR BELOW: 0 0.50 INCH OR MORE: 6
MIN 0 OR BELOW: 0 1.00 INCH OR MORE: 1
[HDD (BASE 65) ]
TOTAL THIS MO. 0 CLEAR (SCALE 0-3) 24
DPTR FM NORMAL 0 PTCLDY (SCALE 4-7) 4
TOTAL FM JUL 1 0 CLOUDY (SCALE 8-10) 3
DPTR FM NORMAL 0
[CDD (BASE 65) ]
TOTAL THIS MO. 516
DPTR FM NORMAL 17 [PRESSURE DATA]
TOTAL FM JAN 1 1069 HIGHEST SLP 30.19 ON 31
DPTR FM NORMAL 1 LOWEST SLP 29.74 ON 21
[REMARKS]
#FINAL-07-22#