000
CXUS53 KGRB 011614
CF6OSH
PRELIMINARY LOCAL CLIMATOLOGICAL DATA (WS FORM: F-6)
STATION: OSHKOSH WI
MONTH: NOVEMBER
YEAR: 2021
LATITUDE: 44 0 N
LONGITUDE: 88 34 W
TEMPERATURE IN F: :PCPN: SNOW: WIND :SUNSHINE: SKY :PK WND
================================================================================
1 2 3 4 5 6A 6B 7 8 9 10 11 12 13 14 15 16 17 18
12Z AVG MX 2MIN
DY MAX MIN AVG DEP HDD CDD WTR SNW DPTH SPD SPD DIR MIN PSBL S-S WX SPD DR
================================================================================
1 45 32 39 -3 26 0 0.00 0.0 0 8.1 23 300 M M 5 33 290
2 43 29 36 -6 29 0 0.00 0.0 0 7.9 18 310 M M 2 26 310
3 42 27 35 -7 30 0 0.00 0.0 0 4.6 12 290 M M 5 17 290
4 48 26 37 -4 28 0 0.00 0.0 0 7.3 16 200 M M 5 22 210
5 53 32 43 2 22 0 0.00 0.0 0 13.0 24 200 M M 1 36 210
6 62 40 51 11 14 0 0.00 0.0 0 12.2 21 190 M M 2 32 190
7 65 37 51 11 14 0 0.00 0.0 0 9.3 18 190 M M 0 1 26 210
8 65 46 56 16 9 0 0.00 0.0 0 8.4 14 340 M M 0 8 21 190
9 55 30 43 4 22 0 0.00 0.0 0 3.5 9 50 M M 0 13 10
10 55 24 40 1 25 0 T 0.0 0 8.7 24 130 M M 3 34 140
11 54 34 44 6 21 0 0.25 0.0 0 13.4 23 140 M M 8 18 37 240
12 40 34 37 -1 28 0 0.31 T 0 9.1 18 200 M M 9 1 25 190
13 38 31 35 -2 30 0 0.00 0.0 0 9.7 21 290 M M 8 1 29 290
14 36 29 33 -4 32 0 0.16 2.0 2 10.7 22 10 M M 9 16 28 10
15 35 22 29 -7 36 0 0.00 0.0 1 4.4 10 290 M M 1 15 300
16 46 19 33 -3 32 0 0.00 0.0 0 8.1 24 130 M M 2 33 120
17 49 34 42 6 23 0 0.00 0.0 0 9.4 20 290 M M 4 18 31 280
18 35 27 31 -4 34 0 T T 0 11.3 24 290 M M 9 34 290
19 37 22 30 -5 35 0 0.00 0.0 0 9.5 22 180 M M 1 32 170
20 46 25 36 2 29 0 0.00 0.0 0 8.4 18 200 M M 5 8 26 190
21 49 24 37 3 28 0 T 0.0 0 11.1 32 300 M M 5 8 50 310
22 32 18 25 -9 40 0 0.00 0.0 0 10.2 24 290 M M 2 35 300
23 43 15 29 -4 36 0 0.00 0.0 0 13.3 26 190 M M 1 38 180
24 50 35 43 10 22 0 0.00 0.0 0 12.9 25 180 M M 1 35 220
25 43 16 30 -2 35 0 T T 0 12.6 22 320 M M 9 1 31 320
26 26 13 20 -12 45 0 0.00 0.0 0 5.6 10 160 M M 5 14 290
27 35 26 31 0 34 0 0.00 0.0 0 7.1 14 310 M M 9 19 320
28 37 20 29 -2 36 0 0.00 0.0 0 10.1 24 290 M M 2 34 290
29 35 20 28 -3 37 0 T T 0 6.8 18 130 M M 6 1 24 130
30 44 26 35 5 30 0 0.00 0.0 0 7.2 22 320 M M 1 1 34 310
================================================================================
SM 1343 813 862 0 0.72 2.0 273.9 M 120
================================================================================
AV 44.8 27.1 9.1 FASTST M M 4 MAX(MPH)
MISC ----> 32 300 50 310
================================================================================
NOTES:
# LAST OF SEVERAL OCCURRENCES
COLUMN 17 PEAK WIND IN M.P.H.
PRELIMINARY LOCAL CLIMATOLOGICAL DATA (WS FORM: F-6) , PAGE 2
STATION: OSHKOSH WI
MONTH: NOVEMBER
YEAR: 2021
LATITUDE: 44 0 N
LONGITUDE: 88 34 W
[TEMPERATURE DATA] [PRECIPITATION DATA] SYMBOLS USED IN COLUMN 16
AVERAGE MONTHLY: 35.9 TOTAL FOR MONTH: 0.72 1 = FOG OR MIST
DPTR FM NORMAL: -0.4 DPTR FM NORMAL: -1.10 2 = FOG REDUCING VISIBILITY
HIGHEST: 65 ON 8, 7 GRTST 24HR 0.31 ON 12-12 TO 1/4 MILE OR LESS
LOWEST: 13 ON 26 3 = THUNDER
SNOW, ICE PELLETS, HAIL 4 = ICE PELLETS
TOTAL MONTH: 2.0 INCHES 5 = HAIL
GRTST 24HR 2.0 ON 14-14 6 = FREEZING RAIN OR DRIZZLE
GRTST DEPTH: 2 ON 14 7 = DUSTSTORM OR SANDSTORM:
VSBY 1/2 MILE OR LESS
8 = SMOKE OR HAZE
[NO. OF DAYS WITH] [WEATHER - DAYS WITH] 9 = BLOWING SNOW
X = TORNADO
MAX 32 OR BELOW: 2 0.01 INCH OR MORE: 3
MAX 90 OR ABOVE: 0 0.10 INCH OR MORE: 3
MIN 32 OR BELOW: 23 0.50 INCH OR MORE: 0
MIN 0 OR BELOW: 0 1.00 INCH OR MORE: 0
[HDD (BASE 65) ]
TOTAL THIS MO. 862 CLEAR (SCALE 0-3) 14
DPTR FM NORMAL 1 PTCLDY (SCALE 4-7) 10
TOTAL FM JUL 1 1224 CLOUDY (SCALE 8-10) 6
DPTR FM NORMAL -310
[CDD (BASE 65) ]
TOTAL THIS MO. 0
DPTR FM NORMAL 0 [PRESSURE DATA]
TOTAL FM JAN 1 734 HIGHEST SLP 30.50 ON 19
DPTR FM NORMAL 167 LOWEST SLP 29.31 ON 11
[REMARKS]
#FINAL-11-21#