000
CXUS53 KGRB 161305
CF6OSH
PRELIMINARY LOCAL CLIMATOLOGICAL DATA (WS FORM: F-6)
STATION: OSHKOSH WI
MONTH: MAY
YEAR: 2021
LATITUDE: 44 0 N
LONGITUDE: 88 34 W
TEMPERATURE IN F: :PCPN: SNOW: WIND :SUNSHINE: SKY :PK WND
================================================================================
1 2 3 4 5 6A 6B 7 8 9 10 11 12 13 14 15 16 17 18
12Z AVG MX 2MIN
DY MAX MIN AVG DEP HDD CDD WTR SNW DPTH SPD SPD DIR MIN PSBL S-S WX SPD DR
================================================================================
1 87 38 63 12 2 0 T 0.0 0 14.4 32 190 M M 2 45 190
2 82 52 67 15 0 2 0.68 0.0 0 11.1 28 30 M M 4 13 36 10
3 55 51 53 1 12 0 0.41 0.0 0 7.7 15 360 M M 10 1 19 360
4 57 39 48 -4 17 0 0.00 0.0 0 11.3 23 360 M M 7 1 30 310
5 60 38 49 -4 16 0 T 0.0 0 6.8 15 350 M M 4 21 310
6 60 44 52 -1 13 0 0.06 0.0 0 5.6 16 300 M M 7 24 300
7 52 38 45 -9 20 0 0.00 0.0 0 9.0 18 340 M M 9 29 330
8 54 33 44 -10 21 0 0.00 0.0 0 6.1 16 140 M M 0 21 140
9 57 35 46 -8 19 0 0.00 0.0 0 7.4 15 80 M M 4 22 100
10 52 37 45 -10 20 0 T 0.0 0 7.0 18 30 M M 9 26 20
11 57 35 46 -9 19 0 0.00 0.0 0 7.4 17 350 M M 3 23 350
12 63 38 51 -5 14 0 0.00 0.0 0 7.6 14 100 M M 0 21 100
13 69 38 54 -2 11 0 0.00 0.0 0 4.4 12 190 M M 2 17 210
14 70 48 59 3 6 0 0.00 0.0 0 6.2 16 190 M M 2 23 240
15 62 52 57 0 8 0 0.01 0.0 0 5.8 16 180 M M 10 1 23 190
16 69 50 60 3 5 0 0.03 0.0 0 5.6 16 140 M M 4 12 21 120
17 76 45 61 3 4 0 0.00 0.0 0 6.6 17 120 M M 0 18 25 120
18 77 49 63 5 2 0 0.10 0.0 0 9.9 25 140 M M 4 1 34 150
19 74 62 68 10 0 3 0.15 0.0 0 11.9 20 190 M M 9 1 29 180
20 83 63 73 14 0 8 0.01 0.0 0 11.4 25 190 M M 5 1 35 190
21 78 62 70 11 0 5 0.12 0.0 0 9.9 18 190 M M 8 1 28 240
22 85 64 75 15 0 10 0.00 0.0 0 6.2 14 210 M M 5 1 24 210
23 73 57 65 5 0 0 0.13 0.0 0 6.3 15 80 M M 8 1 22 60
24 83 55 69 9 0 4 0.31 0.0 0 8.1 20 210 M M 6 1 29 210
25 83 61 72 11 0 7 0.62 0.0 0 11.4 28 200 M M 5 13 44 190
26 72 49 61 0 4 0 0.00 0.0 0 10.3 21 300 M M 2 34 290
27 49 40 45 -16 20 0 0.58 0.0 0 15.5 26 50 M M 8 1 49 80
28 54 42 48 -14 17 0 0.01 0.0 0 17.0 26 40 M M 6 39 60
29 64 42 53 -9 12 0 0.00 0.0 0 6.6 16 40 M M 0 25 60
30 67 37 52 -10 13 0 0.00 0.0 0 4.7 12 210 M M 3 17 200
31 73 53 63 0 2 0 0.02 0.0 0 7.7 28 20 M M 5 1 36 50
================================================================================
SM 2097 1447 277 39 3.24 0.0 266.9 M 151
================================================================================
AV 67.6 46.7 8.6 FASTST M M 5 MAX(MPH)
MISC ----> 32 190 49 80
================================================================================
NOTES:
# LAST OF SEVERAL OCCURRENCES
COLUMN 17 PEAK WIND IN M.P.H.
PRELIMINARY LOCAL CLIMATOLOGICAL DATA (WS FORM: F-6) , PAGE 2
STATION: OSHKOSH WI
MONTH: MAY
YEAR: 2021
LATITUDE: 44 0 N
LONGITUDE: 88 34 W
[TEMPERATURE DATA] [PRECIPITATION DATA] SYMBOLS USED IN COLUMN 16
AVERAGE MONTHLY: 57.2 TOTAL FOR MONTH: 3.24 1 = FOG OR MIST
DPTR FM NORMAL: 0.1 DPTR FM NORMAL: -0.36 2 = FOG REDUCING VISIBILITY
HIGHEST: 87 ON 1 GRTST 24HR 1.05 ON 2- 3 TO 1/4 MILE OR LESS
LOWEST: 33 ON 8 3 = THUNDER
SNOW, ICE PELLETS, HAIL 4 = ICE PELLETS
TOTAL MONTH: 0.0 INCH 5 = HAIL
GRTST 24HR 0.0 6 = FREEZING RAIN OR DRIZZLE
GRTST DEPTH: 0 7 = DUSTSTORM OR SANDSTORM:
VSBY 1/2 MILE OR LESS
8 = SMOKE OR HAZE
[NO. OF DAYS WITH] [WEATHER - DAYS WITH] 9 = BLOWING SNOW
X = TORNADO
MAX 32 OR BELOW: 0 0.01 INCH OR MORE: 15
MAX 90 OR ABOVE: 0 0.10 INCH OR MORE: 9
MIN 32 OR BELOW: 0 0.50 INCH OR MORE: 3
MIN 0 OR BELOW: 0 1.00 INCH OR MORE: 0
[HDD (BASE 65) ]
TOTAL THIS MO. 277 CLEAR (SCALE 0-3) 10
DPTR FM NORMAL 6 PTCLDY (SCALE 4-7) 15
TOTAL FM JUL 1 6984 CLOUDY (SCALE 8-10) 6
DPTR FM NORMAL -316
[CDD (BASE 65) ]
TOTAL THIS MO. 39
DPTR FM NORMAL 11 [PRESSURE DATA]
TOTAL FM JAN 1 43 HIGHEST SLP 30.48 ON 12
DPTR FM NORMAL 13 LOWEST SLP 29.44 ON 2
[REMARKS]
#FINAL-05-21#