000
CXUS53 KDMX 021017
CF6OTM
PRELIMINARY LOCAL CLIMATOLOGICAL DATA (WS FORM: F-6)
STATION: OTTUMWA IA
MONTH: DECEMBER
YEAR: 2020
LATITUDE: 41 6 N
LONGITUDE: 92 27 W
TEMPERATURE IN F: :PCPN: SNOW: WIND :SUNSHINE: SKY :PK WND
================================================================================
1 2 3 4 5 6A 6B 7 8 9 10 11 12 13 14 15 16 17 18
12Z AVG MX 2MIN
DY MAX MIN AVG DEP HDD CDD WTR SNW DPTH SPD SPD DIR MIN PSBL S-S WX SPD DR
================================================================================
1 40 13 27 -4 38 0 0.00 0.0 0 3.5 8 90 M M 0 10 80
2 46 16 31 0 34 0 0.00 0.0 0 2.8 8 80 M M 0 10 100
3 45 18 32 2 33 0 0.00 0.0 0 7.2 16 340 M M 0 1 21 330
4 49 26 38 8 27 0 0.00 0.0 0 7.4 14 310 M M 0 19 300
5 49 21 35 6 30 0 0.00 0.0 0 2.8 9 330 M M 0 18 12 340
6 41 26 34 5 31 0 0.00 0.0 0 6.9 13 300 M M 7 18 19 300
7 34 31 33 5 32 0 0.00 0.0 0 3.5 16 320 M M 10 1 21 310
8 43 31 37 9 28 0 0.00 0.0 0 7.9 15 190 M M 6 12 20 220
9 57 31 44 16 21 0 0.00 0.0 0 5.9 13 340 M M 0 15 340
10 63 27 45 18 20 0 0.00 0.0 0 5.9 14 10 M M 0 8 18 10
11 40 35 38 11 27 0 0.53 0.0 0 13.5 24 60 M M 8 1 34 60
12 35 22 29 2 36 0 0.14 2.4 2 12.0 23 50 M M 10 1 31 60
13 28 18 23 -3 42 0 0.00 0.0 2 8.1 17 320 M M 5 23 290
14 22 14 18 -8 47 0 0.00 0.0 1 8.5 18 320 M M 0 25 310
15 25 17 21 -5 44 0 0.00 0.0 1 7.5 13 50 M M 2 17 50
16 28 13 21 -5 44 0 0.00 0.0 1 5.0 10 350 M M 2 12 13 10
17 31 16 24 -1 41 0 0.00 0.0 T 6.4 13 140 M M 6 128 17 160
18 44 26 35 10 30 0 0.00 0.0 T 12.5 24 160 M M 2 1 33 150
19 40 23 32 7 33 0 0.00 0.0 0 9.5 17 310 M M 9 1 22 310
20 40 20 30 5 35 0 0.00 0.0 0 7.5 14 180 M M 1 1 19 180
21 50 32 41 17 24 0 0.00 0.0 0 15.5 33 300 M M 1 52 290
22 50 23 37 13 28 0 0.00 0.0 0 12.8 25 170 M M 2 37 170
23 57 14 36 12 29 0 T 0.1 0 23.3 40 240 M M 8 1 53 230
24 15 4 10 -14 55 0 T 0.1 T 17.6 29 310 M M 4 18 37 300
25 29 1 15 -9 50 0 0.00 0.0 0 10.2 14 230 M M 0 20 300
26 38 18 28 4 37 0 0.00 0.0 0 6.7 10 80 M M 0 14 80
27 35 22 29 6 36 0 T T 0 10.1 21 310 M M 4 29 310
28 29 15 22 -1 43 0 0.00 0.0 0 8.4 21 330 M M 8 31 310
29 31 18 25 2 40 0 0.97 4.2 0 13.6 30 130 M M 8 126 39 130
30 32 24 28 5 37 0 T T 4 13.1 25 290 M M 7 16 35 310
31 26 8 17 -6 48 0 0.00 0.0 3 5.7 14 130 M M 7 12 18 110
================================================================================
SM 1192 623 1100 0 1.64 6.8 281.3 M 117
================================================================================
AV 38.5 20.1 9.1 FASTST M M 4 MAX(MPH)
MISC ----> 40 240 53 230
================================================================================
NOTES:
# LAST OF SEVERAL OCCURRENCES
COLUMN 17 PEAK WIND IN M.P.H.
PRELIMINARY LOCAL CLIMATOLOGICAL DATA (WS FORM: F-6) , PAGE 2
STATION: OTTUMWA IA
MONTH: DECEMBER
YEAR: 2020
LATITUDE: 41 6 N
LONGITUDE: 92 27 W
[TEMPERATURE DATA] [PRECIPITATION DATA] SYMBOLS USED IN COLUMN 16
AVERAGE MONTHLY: 29.3 TOTAL FOR MONTH: 1.64 1 = FOG OR MIST
DPTR FM NORMAL: 3.3 DPTR FM NORMAL: 0.27 2 = FOG REDUCING VISIBILITY
HIGHEST: 63 ON 10 GRTST 24HR 0.97 ON 29-29 TO 1/4 MILE OR LESS
LOWEST: 1 ON 25 3 = THUNDER
SNOW, ICE PELLETS, HAIL 4 = ICE PELLETS
TOTAL MONTH: 6.8 INCHES 5 = HAIL
GRTST 24HR 4.2 ON 29-29 6 = FREEZING RAIN OR DRIZZLE
GRTST DEPTH: 4 ON 30 7 = DUSTSTORM OR SANDSTORM:
VSBY 1/2 MILE OR LESS
8 = SMOKE OR HAZE
[NO. OF DAYS WITH] [WEATHER - DAYS WITH] 9 = BLOWING SNOW
X = TORNADO
MAX 32 OR BELOW: 11 0.01 INCH OR MORE: 3
MAX 90 OR ABOVE: 0 0.10 INCH OR MORE: 3
MIN 32 OR BELOW: 30 0.50 INCH OR MORE: 2
MIN 0 OR BELOW: 0 1.00 INCH OR MORE: 0
[HDD (BASE 65) ]
TOTAL THIS MO. 1100 CLEAR (SCALE 0-3) 16
DPTR FM NORMAL -107 PTCLDY (SCALE 4-7) 11
TOTAL FM JUL 1 2344 CLOUDY (SCALE 8-10) 4
DPTR FM NORMAL -162
[CDD (BASE 65) ]
TOTAL THIS MO. 0
DPTR FM NORMAL 0 [PRESSURE DATA]
TOTAL FM JAN 1 961 HIGHEST SLP 30.54 ON 29
DPTR FM NORMAL 23 LOWEST SLP 29.32 ON 23
[REMARKS]
#FINAL-12-20#