000
CXAK56 PAFG 011143
CF6OTZ
PRELIMINARY LOCAL CLIMATOLOGICAL DATA (WS FORM: F-6)
STATION: KOTZEBUE AK
MONTH: SEPTEMBER
YEAR: 2020
LATITUDE: 66 52 N
LONGITUDE: 162 38 W
TEMPERATURE IN F: :PCPN: SNOW: WIND :SUNSHINE: SKY :PK WND
================================================================================
1 2 3 4 5 6A 6B 7 8 9 10 11 12 13 14 15 16 17 18
12Z AVG MX 2MIN
DY MAX MIN AVG DEP HDD CDD WTR SNW DPTH SPD SPD DIR MIN PSBL S-S WX SPD DR
================================================================================
1 51 47 49 1 16 0 0.27 M M 4.8 10 220 M M 10 1 12 140
2 51 45 48 0 17 0 0.23 M M 5.1 12 70 M M 9 1 14 60
3 50 45 48 0 17 0 0.01 M M 3.9 14 290 M M 8 M M
4 50 43 47 0 18 0 0.01 M M 8.1 16 270 M M 6 19 270
5 48 41 45 -2 20 0 0.03 M M 11.9 18 270 M M 8 1 22 260
6 51 36 44 -3 21 0 0.00 M M 11.5 18 50 M M 4 24 50
7 50 45 48 2 17 0 0.07 M M 11.0 21 50 M M 10 18 26 60
8 48 42 45 -1 20 0 0.00 M M 4.1 18 300 M M 8 20 300
9 46 41 44 -2 21 0 T M M 19.3 29 300 M M 2 35 300
10 48 44 46 1 19 0 0.07 M M 16.5 25 260 M M 9 30 250
11 47 45 46 1 19 0 0.00 M M 14.5 20 270 M M 10 23 270
12 47 40 44 0 21 0 T M M 8.7 16 290 M M 7 1 19 310
13 48 37 43 -1 22 0 0.00 M M 11.3 17 120 M M 9 21 120
14 46 43 45 1 20 0 0.08 M M 19.0 29 100 M M 10 34 100
15 52 45 49 6 16 0 0.19 M M 20.6 26 110 M M 8 1 34 110
16 52 46 49 6 16 0 T M M 18.7 26 170 M M 7 8 32 160
17 50 42 46 4 19 0 0.16 M M 12.7 18 30 M M 6 1 23 60
18 49 44 47 5 18 0 0.00 M M 7.0 10 130 M M 10 1 M M
19 48 42 45 4 20 0 0.02 M M 3.0 8 280 M M 10 1 10 300
20 48 41 45 4 20 0 0.01 M M 4.6 9 50 M M 9 12 12 80
21 48 41 45 5 20 0 T M M 9.0 20 330 M M 7 1 24 330
22 47 36 42 3 23 0 0.00 M M 15.4 25 350 M M 7 29 350
23 42 31 37 -2 28 0 0.00 M M 12.6 25 350 M M 0 27 350
24 37 26 32 -6 33 0 0.00 M M 7.5 15 350 M M 1 18 350
25 37 27 32 -6 33 0 0.00 M M 7.5 13 10 M M 2 14 10
26 39 27 33 -4 32 0 0.00 M M 6.3 9 350 M M 3 12 30
27 44 34 39 2 26 0 0.00 M M 9.2 18 30 M M 8 21 30
28 38 29 34 -2 31 0 T M M 5.6 14 200 M M 6 16 200
29 38 34 36 1 29 0 0.07 M M 6.4 13 140 M M 9 1 15 120
30 50 36 43 8 22 0 T M M 9.2 18 20 M M 4 22 10
================================================================================
SM 1400 1175 654 0 1.22 M 305.0 M 207
================================================================================
AV 46.7 39.2 10.2 FASTST M M 7 MAX(MPH)
MISC ----> # 29 300 # 35 300
================================================================================
NOTES:
# LAST OF SEVERAL OCCURRENCES
COLUMN 17 PEAK WIND IN M.P.H.
PRELIMINARY LOCAL CLIMATOLOGICAL DATA (WS FORM: F-6) , PAGE 2
STATION: KOTZEBUE AK
MONTH: SEPTEMBER
YEAR: 2020
LATITUDE: 66 52 N
LONGITUDE: 162 38 W
[TEMPERATURE DATA] [PRECIPITATION DATA] SYMBOLS USED IN COLUMN 16
AVERAGE MONTHLY: 42.9 TOTAL FOR MONTH: 1.22 1 = FOG OR MIST
DPTR FM NORMAL: 0.6 DPTR FM NORMAL: -0.36 2 = FOG REDUCING VISIBILITY
HIGHEST: 52 ON 16,15 GRTST 24HR 0.27 ON 1- 1 TO 1/4 MILE OR LESS
LOWEST: 26 ON 24 3 = THUNDER
SNOW, ICE PELLETS, HAIL 4 = ICE PELLETS
TOTAL MONTH: M 5 = HAIL
GRTST 24HR M ON M 6 = FREEZING RAIN OR DRIZZLE
GRTST DEPTH: M ON M 7 = DUSTSTORM OR SANDSTORM:
VSBY 1/2 MILE OR LESS
8 = SMOKE OR HAZE
[NO. OF DAYS WITH] [WEATHER - DAYS WITH] 9 = BLOWING SNOW
X = TORNADO
MAX 32 OR BELOW: 0 0.01 INCH OR MORE: 13
MAX 90 OR ABOVE: 0 0.10 INCH OR MORE: 4
MIN 32 OR BELOW: 5 0.50 INCH OR MORE: 0
MIN 0 OR BELOW: 0 1.00 INCH OR MORE: 0
[HDD (BASE 65) ]
TOTAL THIS MO. 654 CLEAR (SCALE 0-3) 5
DPTR FM NORMAL -27 PTCLDY (SCALE 4-7) 13
TOTAL FM JUL 1 1346 CLOUDY (SCALE 8-10) 12
DPTR FM NORMAL -73
[CDD (BASE 65) ]
TOTAL THIS MO. 0
DPTR FM NORMAL 0 [PRESSURE DATA]
TOTAL FM JAN 1 0 HIGHEST SLP 30.38 ON 11
DPTR FM NORMAL -5 LOWEST SLP 29.19 ON 18
[REMARKS]
#FINAL-09-20#