000
CXUS53 KARX 011000
CF6OVS
PRELIMINARY LOCAL CLIMATOLOGICAL DATA (WS FORM: F-6)
STATION: BOSCOBEL_(ASOS) WI
MONTH: JANUARY
YEAR: 2022
LATITUDE: 43 9 N
LONGITUDE: 90 41 W
TEMPERATURE IN F: :PCPN: SNOW: WIND :SUNSHINE: SKY :PK WND
================================================================================
1 2 3 4 5 6A 6B 7 8 9 10 11 12 13 14 15 16 17 18
12Z AVG MX 2MIN
DY MAX MIN AVG DEP HDD CDD WTR SNW DPTH SPD SPD DIR MIN PSBL S-S WX SPD DR
================================================================================
1 25 9 17 -4 48 0 0.00 0.0 M 7.7 15 10 M M 9 22 10
2 16 -4 6 -15 59 0 0.00 0.0 M 2.7 10 350 M M 2 8 16 350
3 25 -6 10 -11 55 0 0.00 0.0 M 3.1 12 220 M M 0 8 16 200
4 34 6 20 -1 45 0 0.00 0.0 M 3.1 12 180 M M 1 18 20 170
5 33 11 22 2 43 0 M M M 12.2 24 260 M M 10 89 38 240
6 11 -5 3 -17 62 0 T M M 5.7 14 290 M M 2 8 22 290
7 11 -14 -1 -21 66 0 0.00 M M 1.8 8 180 M M 1 8 16 190
8 29 9 19 -1 46 0 0.00 M M 6.0 13 180 M M 8 18 20 150
9 30 6 18 -2 47 0 0.00 M M 9.3 20 290 M M 3 18 30 300
10 13 -3 5 -15 60 0 0.00 M M 4.5 15 330 M M 3 8 20 310
11 38 0 19 0 46 0 0.00 M M 6.2 18 220 M M 1 8 32 230
12 46 24 35 16 30 0 0.00 M M 1.6 8 200 M M 3 18 11 200
13 44 23 34 15 31 0 0.00 M M 3.4 13 360 M M 7 18 17 360
14 35 17 26 7 39 0 M M M 8.5 14 60 M M 10 18 26 60
15 23 -2 11 -8 54 0 0.00 0.0 M 4.3 13 60 M M 3 22 20
16 25 -4 11 -8 54 0 M M M 3.7 15 210 M M 8 18 19 210
17 31 19 25 6 40 0 T T M 6.5 16 310 M M 7 23 20
18 40 23 32 13 33 0 0.00 0.0 M 6.4 20 260 M M 6 32 270
19 26 0 13 -6 52 0 0.00 0.0 M 8.5 20 300 M M 1 8 30 300
20 11 -9 1 -18 64 0 0.00 0.0 M 2.2 8 320 M M 0 8 13 330
21 16 -14 1 -18 64 0 T M M 4.8 15 220 M M 1 8 25 200
22 25 15 20 1 45 0 0.14 M M 9.1 21 280 M M 7 18 31 300
23 15 -2 7 -12 58 0 M M M 4.3 12 300 M M 4 18 19 350
24 19 -8 6 -13 59 0 0.08 M M 4.0 16 340 M M 6 18 24 350
25 6 -20 -7 -26 72 0 0.00 0.0 M 4.1 14 290 M M 0 8 21 270
26 18 -23 -2 -21 67 0 0.00 0.0 M 5.0 14 200 M M 0 18 22 210
27 38 12 25 6 40 0 T T M 7.5 17 330 M M 7 26 350
28 18 -8 5 -14 60 0 0.00 0.0 M 4.3 12 310 M M 3 15 300
29 26 0 13 -6 52 0 0.00 0.0 M 2.3 13 170 M M 3 18 22 170
30 28 -1 14 -5 51 0 0.00 0.0 M 1.8 9 340 M M 6 18 15 340
31 35 -3 16 -4 49 0 0.00 M M 2.6 12 120 M M 1 18 19 170
================================================================================
SM 790 48 1591 0 0.22 T 157.2 M 123
================================================================================
AV 25.5 1.5 5.1 FASTST M M 4 MAX(MPH)
MISC ----> 24 260 38 240
================================================================================
NOTES:
# LAST OF SEVERAL OCCURRENCES
COLUMN 17 PEAK WIND IN M.P.H.
PRELIMINARY LOCAL CLIMATOLOGICAL DATA (WS FORM: F-6) , PAGE 2
STATION: BOSCOBEL_(ASOS) WI
MONTH: JANUARY
YEAR: 2022
LATITUDE: 43 9 N
LONGITUDE: 90 41 W
[TEMPERATURE DATA] [PRECIPITATION DATA] SYMBOLS USED IN COLUMN 16
AVERAGE MONTHLY: 13.5 TOTAL FOR MONTH: 0.22 1 = FOG OR MIST
DPTR FM NORMAL: -6.0 DPTR FM NORMAL: -0.76 2 = FOG REDUCING VISIBILITY
HIGHEST: 46 ON 12 GRTST 24HR 0.44 ON 14-14 TO 1/4 MILE OR LESS
LOWEST: -23 ON 26 3 = THUNDER
SNOW, ICE PELLETS, HAIL 4 = ICE PELLETS
TOTAL MONTH: T 5 = HAIL
GRTST 24HR T ON 17-17 6 = FREEZING RAIN OR DRIZZLE
GRTST DEPTH: M ON M 7 = DUSTSTORM OR SANDSTORM:
VSBY 1/2 MILE OR LESS
8 = SMOKE OR HAZE
[NO. OF DAYS WITH] [WEATHER - DAYS WITH] 9 = BLOWING SNOW
X = TORNADO
MAX 32 OR BELOW: 22 0.01 INCH OR MORE: 2
MAX 90 OR ABOVE: 0 0.10 INCH OR MORE: 1
MIN 32 OR BELOW: 31 0.50 INCH OR MORE: 0
MIN 0 OR BELOW: 19 1.00 INCH OR MORE: 0
[HDD (BASE 65) ]
TOTAL THIS MO. 1591 CLEAR (SCALE 0-3) 17
DPTR FM NORMAL 179 PTCLDY (SCALE 4-7) 10
TOTAL FM JUL 1 3758 CLOUDY (SCALE 8-10) 4
DPTR FM NORMAL -310
[CDD (BASE 65) ]
TOTAL THIS MO. 0
DPTR FM NORMAL 0 [PRESSURE DATA]
TOTAL FM JAN 1 0 HIGHEST SLP 30.75 ON 20
DPTR FM NORMAL 0 LOWEST SLP 29.47 ON 5
[REMARKS]
#FINAL-01-22#