000
CXUS55 KPAH 021155
CF6OWB
PRELIMINARY LOCAL CLIMATOLOGICAL DATA (WS FORM: F-6)
STATION: OWENSBORO KY
MONTH: JANUARY
YEAR: 2021
LATITUDE: 37 45 N
LONGITUDE: 87 10 W
TEMPERATURE IN F: :PCPN: SNOW: WIND :SUNSHINE: SKY :PK WND
================================================================================
1 2 3 4 5 6A 6B 7 8 9 10 11 12 13 14 15 16 17 18
12Z AVG MX 2MIN
DY MAX MIN AVG DEP HDD CDD WTR SNW DPTH SPD SPD DIR MIN PSBL S-S WX SPD DR
================================================================================
1 64 35 50 14 15 0 0.80 M M 13.0 28 250 M M 9 13 33 250
2 42 36 39 3 26 0 T M M 2.4 15 300 M M 9 1 18 300
3 42 28 35 -1 30 0 0.01 M M 5.7 15 290 M M 7 1 18 280
4 51 27 39 3 26 0 0.00 M M 3.2 13 290 M M 1 1 16 290
5 45 29 37 1 28 0 0.00 M M 8.3 20 310 M M 5 23 320
6 43 25 34 -2 31 0 0.00 M M 6.9 15 70 M M 0 18 16 100
7 40 29 35 -1 30 0 T M M 9.7 18 70 M M 5 25 70
8 36 32 34 -2 31 0 0.01 M M 7.0 14 330 M M 10 16 17 330
9 35 31 33 -3 32 0 0.00 M M 5.8 14 20 M M 10 17 20
10 32 29 31 -5 34 0 0.00 M M 3.8 9 330 M M 10 12 340
11 29 26 28 -8 37 0 0.00 M M 5.8 10 230 M M 10 13 230
12 42 21 32 -4 33 0 0.00 M M 7.8 14 210 M M 3 8 17 210
13 50 26 38 2 27 0 0.00 M M 8.4 18 240 M M 0 1 21 220
14 55 33 44 8 21 0 0.01 M M 11.3 30 280 M M 3 36 280
15 47 30 39 3 26 0 0.01 M M 12.3 30 260 M M 6 1 33 250
16 40 32 36 0 29 0 T M M 10.4 18 270 M M 10 16 23 260
17 38 32 35 -1 30 0 0.01 M M 7.6 21 310 M M 10 16 25 320
18 46 31 39 3 26 0 0.00 M M 6.2 17 280 M M 8 23 280
19 48 34 41 5 24 0 0.00 M M 6.9 23 300 M M 3 28 290
20 41 25 33 -3 32 0 0.01 M M 8.6 17 210 M M 2 21 210
21 50 33 42 6 23 0 0.00 M M 7.2 12 260 M M 4 1 14 270
22 41 27 34 -2 31 0 0.00 M M 7.8 16 310 M M 0 20 340
23 43 21 32 -4 33 0 0.00 M M 8.7 16 110 M M 2 20 100
24 42 33 38 2 27 0 0.13 M M 5.1 14 110 M M 10 1 15 130
25 45 37 41 5 24 0 1.81 M M 9.1 26 100 M M 10 13 32 100
26 50 34 42 6 23 0 0.00 M M 11.0 21 300 M M 9 1 25 290
27 38 28 33 -3 32 0 0.03 M M 8.6 16 360 M M 10 18 21 350
28 35 21 28 -8 37 0 0.00 M M 5.9 15 310 M M 5 18 360
29 42 19 31 -6 34 0 0.00 M M 6.0 13 160 M M 0 16 160
30 43 31 37 0 28 0 0.26 M M 11.6 23 150 M M 9 1 30 140
31 49 33 41 4 24 0 0.06 M M 16.1 25 310 M M 10 1 30 290
================================================================================
SM 1344 908 884 0 3.15 M 248.2 M 190
================================================================================
AV 43.4 29.3 8.0 FASTST M M 6 MAX(MPH)
MISC ----> # 30 280 36 280
================================================================================
NOTES:
# LAST OF SEVERAL OCCURRENCES
COLUMN 17 PEAK WIND IN M.P.H.
PRELIMINARY LOCAL CLIMATOLOGICAL DATA (WS FORM: F-6) , PAGE 2
STATION: OWENSBORO KY
MONTH: JANUARY
YEAR: 2021
LATITUDE: 37 45 N
LONGITUDE: 87 10 W
[TEMPERATURE DATA] [PRECIPITATION DATA] SYMBOLS USED IN COLUMN 16
AVERAGE MONTHLY: 36.3 TOTAL FOR MONTH: 3.15 1 = FOG OR MIST
DPTR FM NORMAL: 0.3 DPTR FM NORMAL: -0.26 2 = FOG REDUCING VISIBILITY
HIGHEST: 64 ON 1 GRTST 24HR 1.81 ON 25-25 TO 1/4 MILE OR LESS
LOWEST: 19 ON 29 3 = THUNDER
SNOW, ICE PELLETS, HAIL 4 = ICE PELLETS
TOTAL MONTH: M 5 = HAIL
GRTST 24HR M ON M 6 = FREEZING RAIN OR DRIZZLE
GRTST DEPTH: M ON M 7 = DUSTSTORM OR SANDSTORM:
VSBY 1/2 MILE OR LESS
8 = SMOKE OR HAZE
[NO. OF DAYS WITH] [WEATHER - DAYS WITH] 9 = BLOWING SNOW
X = TORNADO
MAX 32 OR BELOW: 2 0.01 INCH OR MORE: 12
MAX 90 OR ABOVE: 0 0.10 INCH OR MORE: 4
MIN 32 OR BELOW: 22 0.50 INCH OR MORE: 2
MIN 0 OR BELOW: 0 1.00 INCH OR MORE: 1
[HDD (BASE 65) ]
TOTAL THIS MO. 884 CLEAR (SCALE 0-3) 10
DPTR FM NORMAL -17 PTCLDY (SCALE 4-7) 7
TOTAL FM JUL 1 2396 CLOUDY (SCALE 8-10) 14
DPTR FM NORMAL 10
[CDD (BASE 65) ]
TOTAL THIS MO. 0
DPTR FM NORMAL 0 [PRESSURE DATA]
TOTAL FM JAN 1 0 HIGHEST SLP 30.71 ON 28
DPTR FM NORMAL 0 LOWEST SLP 29.60 ON 25
[REMARKS]
#FINAL-01-21#