000
CXUS56 KLOX 011255
CF6OXR
PRELIMINARY LOCAL CLIMATOLOGICAL DATA (WS FORM: F-6)
STATION: OXNARD AIRPORT CA
MONTH: FEBRUARY
YEAR: 2023
LATITUDE: 34 12 N
LONGITUDE: 119 12 W
TEMPERATURE IN F: :PCPN: SNOW: WIND :SUNSHINE: SKY :PK WND
================================================================================
1 2 3 4 5 6A 6B 7 8 9 10 11 12 13 14 15 16 17 18
12Z AVG MX 2MIN
DY MAX MIN AVG DEP HDD CDD WTR SNW DPTH SPD SPD DIR MIN PSBL S-S WX SPD DR
================================================================================
1 68 37 53 -3 12 0 0.00 M M 8.1 20 290 M M 0 26 290
2 63 42 53 -3 12 0 0.00 M M 4.2 13 180 M M 0 20 190
3 68 45 57 1 8 0 0.00 M M 7.4 20 280 M M 0 24 280
4 64 44 54 -2 11 0 0.00 M M 5.8 14 250 M M 0 19 250
5 61 48 55 -1 10 0 0.04 M M 16.1 29 280 M M 3 1 37 280
6 60 42 51 -5 14 0 0.00 M M 6.8 18 310 M M 0 26 300
7 69 41 55 -1 10 0 0.00 M M 7.1 20 50 M M 0 26 60
8 69 43 56 0 9 0 0.00 M M 6.8 16 280 M M 0 19 290
9 80 52 66 10 0 1 0.00 M M 10.1 21 80 M M 0 29 60
10 75 50 63 7 2 0 0.00 M M 7.2 18 280 M M 0 8 22 280
11 58 45 52 -4 13 0 0.00 M M 8.7 29 270 M M 1 36 280
12 57 42 50 -6 15 0 0.00 M M 5.7 16 280 M M 2 20 280
13 61 42 52 -4 13 0 0.00 M M 6.1 13 230 M M 2 16 210
14 60 44 52 -4 13 0 0.00 M M 11.9 32 280 M M 3 8 43 270
15 57 36 47 -9 18 0 0.00 M M 7.8 17 280 M M 0 22 280
16 64 39 52 -5 13 0 0.00 M M 9.7 28 80 M M 0 36 80
17 67 47 57 0 8 0 0.00 M M 10.0 23 60 M M 0 31 90
18 65 42 54 -3 11 0 0.00 M M 5.2 14 120 M M 1 20 130
19 62 45 54 -3 11 0 0.00 M M 7.1 14 40 M M 0 19 40
20 63 45 54 -3 11 0 0.00 M M 5.8 15 270 M M 0 18 260
21 59 43 51 -6 14 0 0.00 M M 14.3 47 280 M M 2 8 69 300
22 55 45 50 -7 15 0 T M M 24.4 38 270 M M 1 58 300
23 51 40 46 -11 19 0 0.41 M M 6.1 15 210 M M 8 1 21 210
24 55 43 49 -8 16 0 1.74 M M 13.6 26 290 M M 10 1 46 160
25 52 40 46 -11 19 0 0.69 M M 6.8 15 50 M M 8 18 20 40
26 54 37 46 -11 19 0 T M M 5.5 13 250 M M 4 18 260
27 55 46 51 -6 14 0 0.32 M M 6.1 15 280 M M 9 1 19 280
28 56 43 50 -7 15 0 0.11 M M 7.2 20 250 M M 5 12 30 250
================================================================================
SM 1728 1208 345 1 3.31 M 241.6 M 59
================================================================================
AV 61.7 43.1 8.6 FASTST M M 2 MAX(MPH)
MISC ----> 47 280 69 300
================================================================================
NOTES:
# LAST OF SEVERAL OCCURRENCES
COLUMN 17 PEAK WIND IN M.P.H.
PRELIMINARY LOCAL CLIMATOLOGICAL DATA (WS FORM: F-6) , PAGE 2
STATION: OXNARD AIRPORT CA
MONTH: FEBRUARY
YEAR: 2023
LATITUDE: 34 12 N
LONGITUDE: 119 12 W
[TEMPERATURE DATA] [PRECIPITATION DATA] SYMBOLS USED IN COLUMN 16
AVERAGE MONTHLY: 52.4 TOTAL FOR MONTH: 3.31 1 = FOG OR MIST
DPTR FM NORMAL: -4.2 DPTR FM NORMAL: 0.05 2 = FOG REDUCING VISIBILITY
HIGHEST: 80 ON 9 GRTST 24HR 1.78 ON 24-25 TO 1/4 MILE OR LESS
LOWEST: 36 ON 15 3 = THUNDER
SNOW, ICE PELLETS, HAIL 4 = ICE PELLETS
TOTAL MONTH: M 5 = HAIL
GRTST 24HR M ON M 6 = FREEZING RAIN OR DRIZZLE
GRTST DEPTH: M ON M 7 = DUSTSTORM OR SANDSTORM:
VSBY 1/2 MILE OR LESS
8 = SMOKE OR HAZE
[NO. OF DAYS WITH] [WEATHER - DAYS WITH] 9 = BLOWING SNOW
X = TORNADO
MAX 32 OR BELOW: 0 0.01 INCH OR MORE: 6
MAX 90 OR ABOVE: 0 0.10 INCH OR MORE: 5
MIN 32 OR BELOW: 0 0.50 INCH OR MORE: 2
MIN 0 OR BELOW: 0 1.00 INCH OR MORE: 1
[HDD (BASE 65) ]
TOTAL THIS MO. 345 CLEAR (SCALE 0-3) 22
DPTR FM NORMAL 102 PTCLDY (SCALE 4-7) 3
TOTAL FM JUL 1 1295 CLOUDY (SCALE 8-10) 3
DPTR FM NORMAL 216
[CDD (BASE 65) ]
TOTAL THIS MO. 1
DPTR FM NORMAL -5 [PRESSURE DATA]
TOTAL FM JAN 1 1 HIGHEST SLP 30.34 ON 2
DPTR FM NORMAL -5 LOWEST SLP 29.62 ON 21
[REMARKS]
#FINAL-02-23#