000
CXUS55 KRIW 011010
CF6P60
PRELIMINARY LOCAL CLIMATOLOGICAL DATA (WS FORM: F-6)
STATION: LAKE YELLOWSTONE WY
MONTH: OCTOBER
YEAR: 2022
LATITUDE: 44 32 N
LONGITUDE: 110 25 W
TEMPERATURE IN F: :PCPN: SNOW: WIND :SUNSHINE: SKY :PK WND
================================================================================
1 2 3 4 5 6A 6B 7 8 9 10 11 12 13 14 15 16 17 18
12Z AVG MX 2MIN
DY MAX MIN AVG DEP HDD CDD WTR SNW DPTH SPD SPD DIR MIN PSBL S-S WX SPD DR
================================================================================
1 47 30 39 -1 26 0 0.22 M M 0.5 6 280 M M 0 13 360
2 47 34 41 2 24 0 0.09 M M 0.6 7 280 M M 0 13 220
3 52 29 41 2 24 0 0.06 M M 1.2 9 290 M M 0 19 10
4 58 28 43 5 22 0 0.00 M M 1.5 7 300 M M 0 12 290
5 59 28 44 6 21 0 0.00 M M 1.4 6 110 M M 0 11 120
6 62 28 45 7 20 0 0.00 M M 1.4 7 120 M M 0 13 110
7 60 27 44 7 21 0 0.00 M M 1.5 7 140 M M 0 11 30
8 57 25 41 4 24 0 0.00 M M 1.9 6 120 M M 0 10 120
9 62 26 44 8 21 0 0.00 M M 1.9 10 270 M M 0 15 280
10 59 27 43 7 22 0 0.00 M M 2.4 9 220 M M 0 23 200
11 53 31 42 6 23 0 0.00 M M 5.9 15 290 M M 0 30 290
12 56 25 41 6 24 0 0.00 M M 3.6 16 280 M M 0 27 270
13 58 25 42 7 23 0 0.00 M M 2.9 12 300 M M 0 19 270
14 60 23 42 8 23 0 0.00 M M 2.0 10 280 M M 0 20 270
15 53 26 40 6 25 0 0.00 M M 2.6 9 310 M M 0 16 30
16 60 21 41 7 24 0 0.00 M M 1.5 8 160 M M 0 11 160
17 61 25 43 10 22 0 0.00 M M 1.7 6 280 M M 0 9 110
18 60 24 42 9 23 0 0.00 M M 1.6 5 310 M M 0 M M
19 59 24 42 10 23 0 0.00 M M 1.2 6 310 M M 0 9 260
20 59 24 42 10 23 0 0.00 M M 2.4 9 260 M M 0 20 270
21 53 33 43 11 22 0 0.08 M M 7.3 21 270 M M 0 45 270
22 M M M M M M 0.99 M M 1.5 9 270 M M 0 17 260
23 28 20 24 -7 41 0 0.04 M M 4.3 15 300 M M 0 27 270
24 26 16 21 -9 44 0 0.02 M M 4.6 16 270 M M 0 29 250
25 31 22 27 -3 38 0 0.06 M M 4.6 15 270 M M 0 27 250
26 30 15 23 -7 42 0 0.27 M M 1.0 8 260 M M 0 15 280
27 26 11 19 -10 46 0 0.00 M M 2.1 9 260 M M 0 15 220
28 37 11 24 -5 41 0 0.00 M M 1.4 8 260 M M 0 14 170
29 39 12 26 -2 39 0 0.00 M M 1.3 6 120 M M 0 9 100
30 40 10 25 -3 40 0 0.00 M M 2.0 8 260 M M 0 14 230
31 41 25 33 5 32 0 0.00 M M 2.3 14 270 M M 0 25 270
================================================================================
SM 1493 705 843 0 1.83 M 72.1 M 0
================================================================================
AV 49.8 23.5 2.3 FASTST M M 0 MAX(MPH)
MISC ----> 21 270 45 270
================================================================================
NOTES:
# LAST OF SEVERAL OCCURRENCES
COLUMN 17 PEAK WIND IN M.P.H.
PRELIMINARY LOCAL CLIMATOLOGICAL DATA (WS FORM: F-6) , PAGE 2
STATION: LAKE YELLOWSTONE WY
MONTH: OCTOBER
YEAR: 2022
LATITUDE: 44 32 N
LONGITUDE: 110 25 W
[TEMPERATURE DATA] [PRECIPITATION DATA] SYMBOLS USED IN COLUMN 16
AVERAGE MONTHLY: 36.6 TOTAL FOR MONTH: 1.83 1 = FOG OR MIST
DPTR FM NORMAL: 3.0 DPTR FM NORMAL: -0.02 2 = FOG REDUCING VISIBILITY
HIGHEST: 62 ON 9, 6 GRTST 24HR 1.07 ON 21-22 TO 1/4 MILE OR LESS
LOWEST: 10 ON 30 3 = THUNDER
SNOW, ICE PELLETS, HAIL 4 = ICE PELLETS
TOTAL MONTH: M 5 = HAIL
GRTST 24HR M ON M 6 = FREEZING RAIN OR DRIZZLE
GRTST DEPTH: M ON M 7 = DUSTSTORM OR SANDSTORM:
VSBY 1/2 MILE OR LESS
8 = SMOKE OR HAZE
[NO. OF DAYS WITH] [WEATHER - DAYS WITH] 9 = BLOWING SNOW
X = TORNADO
MAX 32 OR BELOW: 5 0.01 INCH OR MORE: 9
MAX 90 OR ABOVE: 0 0.10 INCH OR MORE: 3
MIN 32 OR BELOW: 28 0.50 INCH OR MORE: 1
MIN 0 OR BELOW: 0 1.00 INCH OR MORE: 0
[HDD (BASE 65) ]
TOTAL THIS MO. 843 CLEAR (SCALE 0-3) 31
DPTR FM NORMAL -129 PTCLDY (SCALE 4-7) 0
TOTAL FM JUL 1 1742 CLOUDY (SCALE 8-10) 0
DPTR FM NORMAL -459
[CDD (BASE 65) ]
TOTAL THIS MO. 0
DPTR FM NORMAL 0 [PRESSURE DATA]
TOTAL FM JAN 1 0 HIGHEST SLP 30.58 ON 19
DPTR FM NORMAL 0 LOWEST SLP 29.37 ON 22
[REMARKS]
#FINAL-10-22#