000
CXUS54 KLZK 011010
CLSPBF
CLIMATE REPORT
NATIONAL WEATHER SERVICE LITTLE ROCK AR
510 AM CDT TUE JUN 01 2021
...................................
...THE PINE BLUFF CLIMATE SUMMARY FOR THE SEASON, FROM
3/1/2021 TO 5/31/2021...
CLIMATE NORMAL PERIOD 1991 TO 2020
CLIMATE RECORD PERIOD 1883 TO 2021
WEATHER OBSERVED NORMAL DEPART LAST YEAR`S
VALUE DATE(S) VALUE FROM VALUE DATE(S)
NORMAL
................................................................
TEMPERATURE (F)
RECORD
HIGH 100 05/29/1926
LOW 11 03/09/1932
HIGHEST 91 05/27 73 18 89 05/25
05/24
LOWEST 32 03/03 52 -20 32 03/07
03/06
AVG. MAXIMUM 74.6 73.4 1.2 72.5
AVG. MINIMUM 53.0 52.8 0.2 53.3
MEAN 63.8 63.1 0.7 62.9
DAYS MAX >= 90 1 3.3 -2.3 0
DAYS MAX <= 32 0 0.1 -0.1 0
DAYS MIN <= 32 2 3.0 -1.0 1
DAYS MIN <= 0 0 0.0 0.0 0
PRECIPITATION (INCHES)
RECORD
MAXIMUM 34.46 1905
MINIMUM 4.79 1925
TOTALS 14.43 15.44 -1.01 16.39
DAILY AVG. 0.16 0.17 -0.01 0.18
DAYS >= .01 32 31.5 0.5 46
DAYS >= .10 23 29
DAYS >= .50 13 9
DAYS >= 1.00 5 5.0 0.0 4
GREATEST
24 HR. TOTAL 1.61 05/10 TO 05/11
STORM TOTAL 1.53
(MM/DD(HH))
SNOWFALL (INCHES)
RECORDS
TOTAL 14.0 1892
24 HR TOTAL 14.0 03/17/1892 TO 03/17/1892
SNOW DEPTH 14 03/17/1892
TOTALS 0.0 0.3 -0.3 0.0
LIQUID EQUIV 0.00 0.00 0.00 0.00
SINCE 7/1 18.5 2.5 16.0 MM
LIQUID 7/1 1.85 0.20 1.65 MM
SNOWDEPTH AVG. 0 0
DAYS >= TRACE 0 MM MM 0
DAYS >= 1.0 0 MM MM 0
GREATEST
SNOW DEPTH 0 0 MM
24 HR TOTAL 0.0 MM 0.0
STORM TOTAL 0.0 MM
(MM/DD(HH)) MM
DEGREE DAYS
HEATING TOTAL 365 485 -120 410
SINCE 7/1 2954 2831 123 2713
COOLING TOTAL 285 310 -25 243
SINCE 1/1 285 316 -31 244
FREEZE DATES
RECORD
EARLIEST 10/10/2000
LATEST 04/25/1910
EARLIEST 11/30
LATEST 03/07
................................................................
WIND (MPH)
AVERAGE WIND SPEED 7.7
HIGHEST WIND SPEED/DIRECTION 35/330 DATE 05/28
HIGHEST GUST SPEED/DIRECTION 45/330 DATE 05/28
SKY COVER
POSSIBLE SUNSHINE (PERCENT) MM
AVERAGE SKY COVER 0.36
NUMBER OF DAYS FAIR 47
NUMBER OF DAYS PC 32
NUMBER OF DAYS CLOUDY 13
WEATHER CONDITIONS. NUMBER OF DAYS WITH
THUNDERSTORM 18 MIXED PRECIP 0
HEAVY RAIN 18 RAIN 18
LIGHT RAIN 39 FREEZING RAIN 0
LT FREEZING RAIN 0 HAIL 0
HEAVY SNOW 0 SLEET 0
FOG 31 FOG W/VIS <= 1/4 MILE 5
HAZE 9
- INDICATES NEGATIVE NUMBERS.
R INDICATES RECORD WAS SET OR TIED.
MM INDICATES DATA IS MISSING.
T INDICATES TRACE AMOUNT.
&&
...DATA FOR PINE BLUFF FOR SPRING 2021...
.SUMMARY...
SPRING IN PINE BLUFF WAS SLIGHTLY WARMER THAN AVERAGE. THERE WAS ONE
90-DEGREE READING, WHICH WAS THE FIRST SUCH TEMPERATURE RECORDED IN
SPRING IN TWO YEARS. THE FIRST 90-DEGREE DAY WAS MAY 27TH, WHICH WAS
(NOT SURPRISINGLY) THE EARLIEST IN TWO YEARS. THERE WERE TWO DAYS
WITH FREEZING TEMPERATURES NOTED, WHICH WAS THE MOST IN TWO YEARS.
THE LATEST FREEZE WAS ON MARCH 6TH, WHICH WAS THE EARLIEST LAST
FREEZE SINCE 2012.
RAINFALL WAS BELOW AVERAGE BY NEARLY ONE INCH. IT WAS THE DRIEST
SPRING IN NINE YEARS.
FOR THE THIRD YEAR IN A ROW, NO SNOW FELL.
.SEASONAL AVERAGES...
THE AVERAGE HIGH TEMPERATURE WAS THE WARMEST SINCE 2018. THE AVERAGE
LOW TEMPERATURE WAS THE COLDEST SINCE 2019. THE AVERAGE SEASONAL
TEMPERATURE WAS THE WARMEST SINCE 2018.
.SEASONAL RAINFALL...
IT WAS THE DRIEST SPRING SINCE 2012.
.SEASONAL SNOWFALL...
FOR THE 3RD YEAR IN A ROW, NO SNOW FELL.
$$
57