000
CXUS51 KBTV 010700
CF6PBG
PRELIMINARY LOCAL CLIMATOLOGICAL DATA (WS FORM: F-6)
STATION: PLATTSBURGH NY
MONTH: APRIL
YEAR: 2020
LATITUDE: 44 39 N
LONGITUDE: 73 28 W
TEMPERATURE IN F: :PCPN: SNOW: WIND :SUNSHINE: SKY :PK WND
================================================================================
1 2 3 4 5 6A 6B 7 8 9 10 11 12 13 14 15 16 17 18
12Z AVG MX 2MIN
DY MAX MIN AVG DEP HDD CDD WTR SNW DPTH SPD SPD DIR MIN PSBL S-S WX SPD DR
================================================================================
1 47 26 37 1 28 0 0.00 M M 10.4 22 10 M M 4 26 10
2 45 36 41 5 24 0 0.15 M M 13.1 21 340 M M 10 25 330
3 50 41 46 9 19 0 0.41 M M 15.8 23 360 M M 10 1 29 350
4 54 33 44 7 21 0 T M M 4.7 13 80 M M 7 16 60
5 55 39 47 9 18 0 0.01 M M 3.0 10 320 M M 9 17 280
6 58 28 43 5 22 0 0.00 M M 5.7 21 330 M M 2 27 320
7 59 31 45 6 20 0 0.00 M M 5.4 15 320 M M 1 20 310
8 51 33 42 3 23 0 0.00 M M 6.5 15 10 M M 5 19 20
9 46 38 42 2 23 0 0.26 M M 6.2 23 310 M M 8 1 33 300
10 42 36 39 -1 26 0 0.06 M M 11.4 25 350 M M 8 1 34 320
11 48 33 41 1 24 0 0.00 M M 7.6 20 310 M M 6 29 310
12 57 26 42 1 23 0 0.00 M M 7.4 22 140 M M 5 28 140
13 62 43 53 11 12 0 0.21 M M 14.1 26 150 M M 9 1 37 270
14 49 34 42 0 23 0 T M M 6.1 16 250 M M 4 27 220
15 44 28 36 -7 29 0 T M M 6.3 16 220 M M 3 18 25 230
16 43 28 36 -7 29 0 T M M 5.9 17 290 M M 3 27 270
17 45 27 36 -8 29 0 T M M 5.2 16 220 M M 6 26 280
18 49 27 38 -6 27 0 0.00 M M 3.6 12 90 M M 4 16 140
19 57 32 45 0 20 0 T M M 10.3 28 150 M M 4 32 150
20 42 26 34 -11 31 0 T M M 7.9 17 320 M M 3 24 340
21 51 23 37 -9 28 0 0.01 M M 7.6 23 170 M M 5 18 36 220
22 40 24 32 -14 33 0 T M M 9.6 21 310 M M 6 1 35 300
23 51 23 37 -10 28 0 0.00 M M 6.4 17 320 M M 0 23 290
24 54 25 40 -7 25 0 0.00 M M 6.9 17 360 M M 4 23 40
25 58 33 46 -2 19 0 0.00 M M 3.8 13 30 M M 2 16 60
26 58 33 46 -2 19 0 0.16 M M 7.2 16 10 M M 6 1 21 60
27 48 38 43 -6 22 0 0.20 M M 11.8 21 10 M M 10 1 28 360
28 55 33 44 -5 21 0 0.00 M M 8.0 17 40 M M 2 22 50
29 64 28 46 -4 19 0 0.00 M M 9.2 23 150 M M 3 33 140
30 54 45 50 0 15 0 0.01 M M 16.1 25 170 M M 10 37 170
================================================================================
SM 1536 950 700 0 1.48 M 243.2 M 159
================================================================================
AV 51.2 31.7 8.1 FASTST M M 5 MAX(MPH)
MISC ----> 28 150 # 37 270
================================================================================
NOTES:
# LAST OF SEVERAL OCCURRENCES
COLUMN 17 PEAK WIND IN M.P.H.
PRELIMINARY LOCAL CLIMATOLOGICAL DATA (WS FORM: F-6) , PAGE 2
STATION: PLATTSBURGH NY
MONTH: APRIL
YEAR: 2020
LATITUDE: 44 39 N
LONGITUDE: 73 28 W
[TEMPERATURE DATA] [PRECIPITATION DATA] SYMBOLS USED IN COLUMN 16
AVERAGE MONTHLY: 41.4 TOTAL FOR MONTH: 1.48 1 = FOG OR MIST
DPTR FM NORMAL: -1.6 DPTR FM NORMAL: M 2 = FOG REDUCING VISIBILITY
HIGHEST: 64 ON 29 GRTST 24HR 0.54 ON 2- 3 TO 1/4 MILE OR LESS
LOWEST: 23 ON 23,21 3 = THUNDER
SNOW, ICE PELLETS, HAIL 4 = ICE PELLETS
TOTAL MONTH: M 5 = HAIL
GRTST 24HR M ON M 6 = FREEZING RAIN OR DRIZZLE
GRTST DEPTH: M ON M 7 = DUSTSTORM OR SANDSTORM:
VSBY 1/2 MILE OR LESS
8 = SMOKE OR HAZE
[NO. OF DAYS WITH] [WEATHER - DAYS WITH] 9 = BLOWING SNOW
X = TORNADO
MAX 32 OR BELOW: 0 0.01 INCH OR MORE: 10
MAX 90 OR ABOVE: 0 0.10 INCH OR MORE: 6
MIN 32 OR BELOW: 15 0.50 INCH OR MORE: 0
MIN 0 OR BELOW: 0 1.00 INCH OR MORE: 0
[HDD (BASE 65) ]
TOTAL THIS MO. 700 CLEAR (SCALE 0-3) 8
DPTR FM NORMAL 39 PTCLDY (SCALE 4-7) 15
TOTAL FM JUL 1 6957 CLOUDY (SCALE 8-10) 7
DPTR FM NORMAL -386
[CDD (BASE 65) ]
TOTAL THIS MO. 0
DPTR FM NORMAL 0 [PRESSURE DATA]
TOTAL FM JAN 1 0 HIGHEST SLP M ON M
DPTR FM NORMAL 0 LOWEST SLP 29.07 ON 9
[REMARKS]
#FINAL-04-20#