000
CXUS52 KMFL 011030
CF6PBI
PRELIMINARY LOCAL CLIMATOLOGICAL DATA (WS FORM: F-6)
STATION: WEST PALM BEACH
MONTH: MARCH
YEAR: 2021
LATITUDE: 26 40 N
LONGITUDE: 80 7 W
TEMPERATURE IN F: :PCPN: SNOW: WIND :SUNSHINE: SKY :PK WND
================================================================================
1 2 3 4 5 6A 6B 7 8 9 10 11 12 13 14 15 16 17 18
12Z AVG MX 2MIN
DY MAX MIN AVG DEP HDD CDD WTR SNW DPTH SPD SPD DIR MIN PSBL S-S WX SPD DR
================================================================================
1 86 74 80 11 0 15 0.00 0.0 0 11.5 21 140 M M 4 24 150
2 84 72 78 9 0 13 0.00 0.0 0 6.1 16 150 M M 6 20 150
3 85 64 75 6 0 10 0.00 0.0 0 12.0 23 260 M M 4 31 230
4 75 57 66 -3 0 1 0.00 0.0 M 8.0 16 320 M M 4 22 330
5 79 57 68 -2 0 3 0.00 0.0 M 9.6 15 60 M M 5 20 40
6 79 63 71 1 0 6 0.55 0.0 M 7.5 22 340 M M 8 1 28 350
7 75 60 68 -2 0 3 0.00 M M 17.0 25 10 M M 4 34 10
8 74 57 66 -4 0 1 T 0.0 M 14.2 24 60 M M 7 30 60
9 76 69 73 3 0 8 0.00 0.0 M 15.0 23 80 M M 7 28 60
10 78 69 74 4 0 9 0.00 0.0 M 16.3 23 90 M M 7 28 90
11 81 71 76 6 0 11 0.00 0.0 0 16.0 23 90 M M 6 29 90
12 79 71 75 5 0 10 0.00 0.0 0 12.2 20 90 M M 4 24 90
13 80 61 71 1 0 6 0.00 0.0 0 7.4 16 100 M M 4 22 90
14 81 64 73 3 0 8 0.00 0.0 0 6.3 15 120 M M 4 21 110
15 83 64 74 4 0 9 0.00 0.0 0 6.3 16 120 M M 3 20 110
16 84 70 77 7 0 12 0.00 0.0 0 10.8 21 150 M M 4 27 150
17 85 68 77 7 0 12 0.00 0.0 M 11.0 21 150 M M 4 28 150
18 87 74 81 10 0 16 0.00 0.0 0 12.3 24 150 M M 5 31 150
19 84 66 75 4 0 10 0.01 0.0 0 11.8 18 250 M M 5 24 300
20 79 60 70 -1 0 5 0.00 0.0 0 12.8 21 360 M M 6 27 360
21 76 58 67 -4 0 2 0.00 0.0 0 9.5 18 290 M M 6 23 300
22 77 56 67 -4 0 2 0.00 0.0 0 6.7 14 310 M M 6 19 310
23 82 60 71 0 0 6 0.00 0.0 0 5.8 14 80 M M 5 17 90
24 84 61 73 2 0 8 0.00 0.0 0 7.2 18 140 M M 3 22 140
25 87 75 81 10 0 16 0.00 0.0 0 13.0 22 160 M M 4 27 150
26 87 76 82 11 0 17 0.00 0.0 0 13.0 21 130 M M 4 8 28 140
27 86 74 80 9 0 15 T 0.0 0 11.6 20 130 M M 4 24 130
28 88 76 82 10 0 17 0.00 0.0 0 12.7 22 140 M M 5 27 140
29 86 73 80 8 0 15 0.00 0.0 0 7.6 14 80 M M 7 M M
30 88 75 82 10 0 17 T 0.0 0 12.9 21 120 M M 4 25 130
31 87 73 80 8 0 15 0.40 0.0 0 11.5 21 140 M M 6 1 28 150
================================================================================
SM 2542 2068 0 298 0.96 0.0 335.6 M 155
================================================================================
AV 82.0 66.7 10.8 FASTST M M 5 MAX(MPH)
MISC ----> 25 10 34 10
================================================================================
NOTES:
# LAST OF SEVERAL OCCURRENCES
COLUMN 17 PEAK WIND IN M.P.H.
PRELIMINARY LOCAL CLIMATOLOGICAL DATA (WS FORM: F-6) , PAGE 2
STATION: WEST PALM BEACH
MONTH: MARCH
YEAR: 2021
LATITUDE: 26 40 N
LONGITUDE: 80 7 W
[TEMPERATURE DATA] [PRECIPITATION DATA] SYMBOLS USED IN COLUMN 16
AVERAGE MONTHLY: 74.4 TOTAL FOR MONTH: 0.96 1 = FOG OR MIST
DPTR FM NORMAL: 3.9 DPTR FM NORMAL: -3.63 2 = FOG REDUCING VISIBILITY
HIGHEST: 88 ON 30,28 GRTST 24HR 0.55 ON 6- 6 TO 1/4 MILE OR LESS
LOWEST: 56 ON 22 3 = THUNDER
SNOW, ICE PELLETS, HAIL 4 = ICE PELLETS
TOTAL MONTH: 0.0 INCH 5 = HAIL
GRTST 24HR 0.0 6 = FREEZING RAIN OR DRIZZLE
GRTST DEPTH: 0 7 = DUSTSTORM OR SANDSTORM:
VSBY 1/2 MILE OR LESS
8 = SMOKE OR HAZE
[NO. OF DAYS WITH] [WEATHER - DAYS WITH] 9 = BLOWING SNOW
X = TORNADO
MAX 32 OR BELOW: 0 0.01 INCH OR MORE: 3
MAX 90 OR ABOVE: 0 0.10 INCH OR MORE: 2
MIN 32 OR BELOW: 0 0.50 INCH OR MORE: 1
MIN 0 OR BELOW: 0 1.00 INCH OR MORE: 0
[HDD (BASE 65) ]
TOTAL THIS MO. 0 CLEAR (SCALE 0-3) 1
DPTR FM NORMAL -24 PTCLDY (SCALE 4-7) 29
TOTAL FM JUL 1 143 CLOUDY (SCALE 8-10) 1
DPTR FM NORMAL -84
[CDD (BASE 65) ]
TOTAL THIS MO. 298
DPTR FM NORMAL 105 [PRESSURE DATA]
TOTAL FM JAN 1 680 HIGHEST SLP 30.46 ON 9
DPTR FM NORMAL 252 LOWEST SLP 29.87 ON 3
[REMARKS]
#FINAL-03-21#